{"id":2607,"date":"2016-06-14T14:13:49","date_gmt":"2016-06-14T11:13:49","guid":{"rendered":"https:\/\/blog.edu.turku.fi\/turunklassillinenlukio\/?page_id=2607"},"modified":"2016-06-14T14:14:44","modified_gmt":"2016-06-14T11:14:44","slug":"tj100-paiva-6-9-2015","status":"publish","type":"page","link":"https:\/\/blog.edu.turku.fi\/turunklassillinenlukio\/tapahtumat\/tapahtumia-lukuvuodelta-2015-2016\/tj100-paiva-6-9-2015\/","title":{"rendered":"TJ100-p\u00e4iv\u00e4 6.9.2015"},"content":{"rendered":"<p>Turun abiopistollinen keskussairaala her\u00e4si henkiin abien TJ100-p\u00e4iv\u00e4n\u00e4. Alla kuvia p\u00e4iv\u00e4n kulusta.<\/p>\n<p><a href=\"https:\/\/blog.edu.turku.fi\/turunklassillinenlukio\/files\/2016\/06\/tj100-12.jpg\" rel=\"attachment wp-att-2608\"><img loading=\"lazy\" decoding=\"async\" class=\"alignnone size-medium wp-image-2608\" src=\"https:\/\/blog.edu.turku.fi\/turunklassillinenlukio\/files\/2016\/06\/tj100-12-200x300.jpg\" alt=\"tj100-12\" width=\"200\" height=\"300\" srcset=\"https:\/\/blog.edu.turku.fi\/turunklassillinenlukio\/files\/2016\/06\/tj100-12-200x300.jpg 200w, https:\/\/blog.edu.turku.fi\/turunklassillinenlukio\/files\/2016\/06\/tj100-12.jpg 600w\" sizes=\"auto, (max-width: 200px) 100vw, 200px\" \/><\/a> <a href=\"https:\/\/blog.edu.turku.fi\/turunklassillinenlukio\/files\/2016\/06\/tj100-13.jpg\" rel=\"attachment wp-att-2609\"><img loading=\"lazy\" decoding=\"async\" class=\"alignnone size-medium wp-image-2609\" src=\"https:\/\/blog.edu.turku.fi\/turunklassillinenlukio\/files\/2016\/06\/tj100-13-200x300.jpg\" alt=\"tj100-13\" width=\"200\" height=\"300\" srcset=\"https:\/\/blog.edu.turku.fi\/turunklassillinenlukio\/files\/2016\/06\/tj100-13-200x300.jpg 200w, https:\/\/blog.edu.turku.fi\/turunklassillinenlukio\/files\/2016\/06\/tj100-13.jpg 600w\" sizes=\"auto, (max-width: 200px) 100vw, 200px\" \/><\/a> <a href=\"https:\/\/blog.edu.turku.fi\/turunklassillinenlukio\/files\/2016\/06\/tj100-23.jpg\" rel=\"attachment wp-att-2610\"><img loading=\"lazy\" decoding=\"async\" class=\"alignnone size-medium wp-image-2610\" src=\"https:\/\/blog.edu.turku.fi\/turunklassillinenlukio\/files\/2016\/06\/tj100-23-300x200.jpg\" alt=\"tj100-23\" width=\"300\" height=\"200\" srcset=\"https:\/\/blog.edu.turku.fi\/turunklassillinenlukio\/files\/2016\/06\/tj100-23-300x200.jpg 300w, https:\/\/blog.edu.turku.fi\/turunklassillinenlukio\/files\/2016\/06\/tj100-23.jpg 900w\" sizes=\"auto, (max-width: 300px) 100vw, 300px\" \/><\/a> <a href=\"https:\/\/blog.edu.turku.fi\/turunklassillinenlukio\/files\/2016\/06\/tj100-24.jpg\" rel=\"attachment wp-att-2611\"><img loading=\"lazy\" decoding=\"async\" class=\"alignnone size-medium wp-image-2611\" src=\"https:\/\/blog.edu.turku.fi\/turunklassillinenlukio\/files\/2016\/06\/tj100-24-300x200.jpg\" alt=\"tj100-24\" width=\"300\" height=\"200\" srcset=\"https:\/\/blog.edu.turku.fi\/turunklassillinenlukio\/files\/2016\/06\/tj100-24-300x200.jpg 300w, https:\/\/blog.edu.turku.fi\/turunklassillinenlukio\/files\/2016\/06\/tj100-24.jpg 900w\" sizes=\"auto, (max-width: 300px) 100vw, 300px\" \/><\/a> <a href=\"https:\/\/blog.edu.turku.fi\/turunklassillinenlukio\/files\/2016\/06\/tj100-33.jpg\" rel=\"attachment wp-att-2612\"><img loading=\"lazy\" decoding=\"async\" class=\"alignnone size-medium wp-image-2612\" src=\"https:\/\/blog.edu.turku.fi\/turunklassillinenlukio\/files\/2016\/06\/tj100-33-300x200.jpg\" alt=\"tj100-33\" width=\"300\" height=\"200\" srcset=\"https:\/\/blog.edu.turku.fi\/turunklassillinenlukio\/files\/2016\/06\/tj100-33-300x200.jpg 300w, https:\/\/blog.edu.turku.fi\/turunklassillinenlukio\/files\/2016\/06\/tj100-33.jpg 900w\" sizes=\"auto, (max-width: 300px) 100vw, 300px\" \/><\/a> <a href=\"https:\/\/blog.edu.turku.fi\/turunklassillinenlukio\/files\/2016\/06\/tj100-38.jpg\" rel=\"attachment wp-att-2613\"><img loading=\"lazy\" decoding=\"async\" class=\"alignnone size-medium wp-image-2613\" src=\"https:\/\/blog.edu.turku.fi\/turunklassillinenlukio\/files\/2016\/06\/tj100-38-300x200.jpg\" alt=\"tj100-38\" width=\"300\" height=\"200\" srcset=\"https:\/\/blog.edu.turku.fi\/turunklassillinenlukio\/files\/2016\/06\/tj100-38-300x200.jpg 300w, https:\/\/blog.edu.turku.fi\/turunklassillinenlukio\/files\/2016\/06\/tj100-38.jpg 900w\" sizes=\"auto, (max-width: 300px) 100vw, 300px\" \/><\/a> <a href=\"https:\/\/blog.edu.turku.fi\/turunklassillinenlukio\/files\/2016\/06\/tj100-45.jpg\" rel=\"attachment wp-att-2614\"><img loading=\"lazy\" decoding=\"async\" class=\"alignnone size-medium wp-image-2614\" src=\"https:\/\/blog.edu.turku.fi\/turunklassillinenlukio\/files\/2016\/06\/tj100-45-300x200.jpg\" alt=\"tj100-45\" width=\"300\" height=\"200\" srcset=\"https:\/\/blog.edu.turku.fi\/turunklassillinenlukio\/files\/2016\/06\/tj100-45-300x200.jpg 300w, https:\/\/blog.edu.turku.fi\/turunklassillinenlukio\/files\/2016\/06\/tj100-45.jpg 900w\" sizes=\"auto, (max-width: 300px) 100vw, 300px\" \/><\/a> <a href=\"https:\/\/blog.edu.turku.fi\/turunklassillinenlukio\/files\/2016\/06\/tj100-55.jpg\" rel=\"attachment wp-att-2615\"><img loading=\"lazy\" decoding=\"async\" class=\"alignnone size-medium wp-image-2615\" src=\"https:\/\/blog.edu.turku.fi\/turunklassillinenlukio\/files\/2016\/06\/tj100-55-300x200.jpg\" alt=\"tj100-55\" width=\"300\" height=\"200\" srcset=\"https:\/\/blog.edu.turku.fi\/turunklassillinenlukio\/files\/2016\/06\/tj100-55-300x200.jpg 300w, https:\/\/blog.edu.turku.fi\/turunklassillinenlukio\/files\/2016\/06\/tj100-55.jpg 900w\" sizes=\"auto, (max-width: 300px) 100vw, 300px\" \/><\/a> <a href=\"https:\/\/blog.edu.turku.fi\/turunklassillinenlukio\/files\/2016\/06\/tj100-64.jpg\" rel=\"attachment wp-att-2616\"><img loading=\"lazy\" decoding=\"async\" class=\"alignnone size-medium wp-image-2616\" src=\"https:\/\/blog.edu.turku.fi\/turunklassillinenlukio\/files\/2016\/06\/tj100-64-300x200.jpg\" alt=\"tj100-64\" width=\"300\" height=\"200\" srcset=\"https:\/\/blog.edu.turku.fi\/turunklassillinenlukio\/files\/2016\/06\/tj100-64-300x200.jpg 300w, https:\/\/blog.edu.turku.fi\/turunklassillinenlukio\/files\/2016\/06\/tj100-64.jpg 900w\" sizes=\"auto, (max-width: 300px) 100vw, 300px\" \/><\/a> <a href=\"https:\/\/blog.edu.turku.fi\/turunklassillinenlukio\/files\/2016\/06\/tj100-78.jpg\" rel=\"attachment wp-att-2617\"><img loading=\"lazy\" decoding=\"async\" class=\"alignnone size-medium wp-image-2617\" src=\"https:\/\/blog.edu.turku.fi\/turunklassillinenlukio\/files\/2016\/06\/tj100-78-300x200.jpg\" alt=\"tj100-78\" width=\"300\" height=\"200\" srcset=\"https:\/\/blog.edu.turku.fi\/turunklassillinenlukio\/files\/2016\/06\/tj100-78-300x200.jpg 300w, https:\/\/blog.edu.turku.fi\/turunklassillinenlukio\/files\/2016\/06\/tj100-78.jpg 900w\" sizes=\"auto, (max-width: 300px) 100vw, 300px\" \/><\/a><\/p>\n<p><span style=\"text-indent: 20px;width: auto;padding: 0px 4px 0px 0px;text-align: center;font: bold 11px\/20px 'Helvetica Neue',Helvetica,sans-serif;color: #ffffff;background: #bd081c no-repeat scroll 3px 50% \/ 14px 14px;cursor: pointer\">Tallenna<\/span><\/p>\n<p><span style=\"text-indent: 20px;width: auto;padding: 0px 4px 0px 0px;text-align: center;font: bold 11px\/20px 'Helvetica Neue',Helvetica,sans-serif;color: #ffffff;background: #bd081c  no-repeat scroll 3px 50% \/ 14px 14px;cursor: pointer\">Tallenna<\/span><\/p>\n","protected":false},"excerpt":{"rendered":"<p>Turun abiopistollinen keskussairaala her\u00e4si henkiin abien TJ100-p\u00e4iv\u00e4n\u00e4. Alla kuvia p\u00e4iv\u00e4n kulusta. Tallenna Tallenna<\/p>\n","protected":false},"author":1368,"featured_media":0,"parent":2553,"menu_order":0,"comment_status":"closed","ping_status":"closed","template":"","meta":{"footnotes":""},"class_list":["post-2607","page","type-page","status-publish","hentry"],"_links":{"self":[{"href":"https:\/\/blog.edu.turku.fi\/turunklassillinenlukio\/wp-json\/wp\/v2\/pages\/2607","targetHints":{"allow":["GET"]}}],"collection":[{"href":"https:\/\/blog.edu.turku.fi\/turunklassillinenlukio\/wp-json\/wp\/v2\/pages"}],"about":[{"href":"https:\/\/blog.edu.turku.fi\/turunklassillinenlukio\/wp-json\/wp\/v2\/types\/page"}],"author":[{"embeddable":true,"href":"https:\/\/blog.edu.turku.fi\/turunklassillinenlukio\/wp-json\/wp\/v2\/users\/1368"}],"replies":[{"embeddable":true,"href":"https:\/\/blog.edu.turku.fi\/turunklassillinenlukio\/wp-json\/wp\/v2\/comments?post=2607"}],"version-history":[{"count":3,"href":"https:\/\/blog.edu.turku.fi\/turunklassillinenlukio\/wp-json\/wp\/v2\/pages\/2607\/revisions"}],"predecessor-version":[{"id":2620,"href":"https:\/\/blog.edu.turku.fi\/turunklassillinenlukio\/wp-json\/wp\/v2\/pages\/2607\/revisions\/2620"}],"up":[{"embeddable":true,"href":"https:\/\/blog.edu.turku.fi\/turunklassillinenlukio\/wp-json\/wp\/v2\/pages\/2553"}],"wp:attachment":[{"href":"https:\/\/blog.edu.turku.fi\/turunklassillinenlukio\/wp-json\/wp\/v2\/media?parent=2607"}],"curies":[{"name":"wp","href":"https:\/\/api.w.org\/{rel}","templated":true}]}}