{"id":1757,"date":"2014-11-10T11:41:40","date_gmt":"2014-11-10T09:41:40","guid":{"rendered":"https:\/\/blog.edu.turku.fi\/turunklassillinenlukio\/?page_id=1757"},"modified":"2019-06-10T10:25:11","modified_gmt":"2019-06-10T07:25:11","slug":"tentit","status":"publish","type":"page","link":"https:\/\/blog.edu.turku.fi\/turunklassillinenlukio\/ylioppilaskirjoitukset\/tentit\/","title":{"rendered":"Tentit ja S-merkinn\u00e4t"},"content":{"rendered":"<p><strong>TENTIT ja S-merkinn\u00e4t<\/strong><\/p>\n<p><strong>Tentit &#8211; infotilaisuuden sis\u00e4lt\u00f6<\/strong><br \/>\n1) Suulliset tentit<br \/>\n&#8211; YO-kirjoituksiin valmentavia<br \/>\n&#8211; eritt\u00e4in t\u00e4rkeit\u00e4 ja hy\u00f6dyllisi\u00e4<br \/>\n&#8211; ilmoittauduttava etuk\u00e4teen<br \/>\n&#8211; haettava opettajilta harjoitus\/luku-materiaali ja valmistauduttava hyvin<br \/>\n&#8211; ilmoittaudutaan sitovasti WILMAN-kautta tammikuun puolenv\u00e4lin aikoihin.<br \/>\n&#8211; esteen tullessa ilmoitus opettajille<br \/>\n&#8211; tentin kurssinumero on 99<br \/>\n2) Kirjalliset tentit<br \/>\n&#8211; korotetaan aineen koko lukion oppim\u00e4\u00e4r\u00e4n arvosanaa<br \/>\n&#8211; ilmoittaudutaan opettajalle viimeist\u00e4\u00e4n ennen kev\u00e4\u00e4n kirjallisia kokeita.<br \/>\n&#8211; suoritetaan 4. jakson korotuskokeessa<\/p>\n<p><strong>S-merkint\u00e4 oppiaineen p\u00e4\u00e4tt\u00f6arvosanaksi<\/strong><br \/>\n&#8211; lomake \u201dmuutospyynn\u00f6t\u201d lokerossa ja <a href=\"https:\/\/blog.edu.turku.fi\/turunklassillinenlukio\/lomakkeet\/\">www-sivulla<\/a><br \/>\n&#8211; <strong>15.11.2019<\/strong> menness\u00e4, jos haluaa syksyn lakkiaisjuhlassa p\u00e4\u00e4tt\u00f6todistukseen. (AMK-haku), <strong>1.2.2020<\/strong>, jos haluaa merkinn\u00e4t 3. jakson jaksotodistukseen, muussa tapauksessa <strong>vappuun<\/strong> menness\u00e4.<br \/>\n&#8211; S-merkinn\u00e4n saa vain<br \/>\n* oppiaineessa jota on opiskellut vain yhden kurssin<br \/>\n* liikunnasta<br \/>\n* valinnaisesta lyhyest\u00e4 kielest\u00e4, jota opiskellut enint\u00e4\u00e4n 2 kurssia.<\/p>\n<p><strong>Syksyn ylioppilaan p\u00e4iv\u00e4m\u00e4\u00e4ri\u00e4<\/strong><br \/>\n&#8211; Kirjoitettavien YO-aineiden pakolliset kurssit suoritettava 6.9.2019 menness\u00e4.<br \/>\n&#8211; Loput pakolliset ja 75 kurssia oltava tehtyn\u00e4 ja opettajilla arvosteltuna 31.10.2019.<\/p>\n<p><strong>Kev\u00e4\u00e4n ylioppilaan p\u00e4iv\u00e4m\u00e4\u00e4ri\u00e4<\/strong><br \/>\n&#8211; Kirjoitettavien YO-aineiden pakolliset kurssit suoritettava 2.3.2020 menness\u00e4.<br \/>\n&#8211; loput pakolliset ja 75 kurssia oltava tehtyn\u00e4 ja opettajilla arvosteltuna 28.4.2020.<\/p>\n","protected":false},"excerpt":{"rendered":"<p>TENTIT ja S-merkinn\u00e4t Tentit &#8211; infotilaisuuden sis\u00e4lt\u00f6 1) Suulliset tentit &#8211; YO-kirjoituksiin valmentavia &#8211; eritt\u00e4in t\u00e4rkeit\u00e4 ja hy\u00f6dyllisi\u00e4 &#8211; ilmoittauduttava etuk\u00e4teen &#8211; haettava opettajilta harjoitus\/luku-materiaali ja valmistauduttava hyvin &#8211; ilmoittaudutaan sitovasti WILMAN-kautta tammikuun puolenv\u00e4lin aikoihin. &#8211; esteen tullessa ilmoitus opettajille &hellip; <a href=\"https:\/\/blog.edu.turku.fi\/turunklassillinenlukio\/ylioppilaskirjoitukset\/tentit\/\">Lue loppuun <span class=\"meta-nav\">&rarr;<\/span><\/a><\/p>\n","protected":false},"author":723,"featured_media":0,"parent":53,"menu_order":6,"comment_status":"closed","ping_status":"closed","template":"","meta":{"footnotes":""},"class_list":["post-1757","page","type-page","status-publish","hentry"],"_links":{"self":[{"href":"https:\/\/blog.edu.turku.fi\/turunklassillinenlukio\/wp-json\/wp\/v2\/pages\/1757","targetHints":{"allow":["GET"]}}],"collection":[{"href":"https:\/\/blog.edu.turku.fi\/turunklassillinenlukio\/wp-json\/wp\/v2\/pages"}],"about":[{"href":"https:\/\/blog.edu.turku.fi\/turunklassillinenlukio\/wp-json\/wp\/v2\/types\/page"}],"author":[{"embeddable":true,"href":"https:\/\/blog.edu.turku.fi\/turunklassillinenlukio\/wp-json\/wp\/v2\/users\/723"}],"replies":[{"embeddable":true,"href":"https:\/\/blog.edu.turku.fi\/turunklassillinenlukio\/wp-json\/wp\/v2\/comments?post=1757"}],"version-history":[{"count":18,"href":"https:\/\/blog.edu.turku.fi\/turunklassillinenlukio\/wp-json\/wp\/v2\/pages\/1757\/revisions"}],"predecessor-version":[{"id":4695,"href":"https:\/\/blog.edu.turku.fi\/turunklassillinenlukio\/wp-json\/wp\/v2\/pages\/1757\/revisions\/4695"}],"up":[{"embeddable":true,"href":"https:\/\/blog.edu.turku.fi\/turunklassillinenlukio\/wp-json\/wp\/v2\/pages\/53"}],"wp:attachment":[{"href":"https:\/\/blog.edu.turku.fi\/turunklassillinenlukio\/wp-json\/wp\/v2\/media?parent=1757"}],"curies":[{"name":"wp","href":"https:\/\/api.w.org\/{rel}","templated":true}]}}