{"id":1695,"date":"2014-10-27T14:27:54","date_gmt":"2014-10-27T12:27:54","guid":{"rendered":"https:\/\/blog.edu.turku.fi\/turunklassillinenlukio\/?page_id=1695"},"modified":"2019-06-10T10:19:26","modified_gmt":"2019-06-10T07:19:26","slug":"valipala","status":"publish","type":"page","link":"https:\/\/blog.edu.turku.fi\/turunklassillinenlukio\/opiskelu\/valipala\/","title":{"rendered":"V\u00e4lipala"},"content":{"rendered":"<p>Aamu- ja v\u00e4lipalaa on mahdollista ostaa ruokalan myyntipisteest\u00e4. Maksuv\u00e4lineen\u00e4 k\u00e4y ainoastaan maksukortti.<br \/>\nMyyntipiste on avoinna<br \/>\nma-pe klo 9.30-9.45<br \/>\nklo 13.00-13.15<br \/>\nma-to klo 15.30-18.30.<\/p>\n","protected":false},"excerpt":{"rendered":"<p>Aamu- ja v\u00e4lipalaa on mahdollista ostaa ruokalan myyntipisteest\u00e4. Maksuv\u00e4lineen\u00e4 k\u00e4y ainoastaan maksukortti. Myyntipiste on avoinna ma-pe klo 9.30-9.45 klo 13.00-13.15 ma-to klo 15.30-18.30.<\/p>\n","protected":false},"author":723,"featured_media":0,"parent":19,"menu_order":5,"comment_status":"closed","ping_status":"closed","template":"","meta":{"footnotes":""},"class_list":["post-1695","page","type-page","status-publish","hentry"],"_links":{"self":[{"href":"https:\/\/blog.edu.turku.fi\/turunklassillinenlukio\/wp-json\/wp\/v2\/pages\/1695","targetHints":{"allow":["GET"]}}],"collection":[{"href":"https:\/\/blog.edu.turku.fi\/turunklassillinenlukio\/wp-json\/wp\/v2\/pages"}],"about":[{"href":"https:\/\/blog.edu.turku.fi\/turunklassillinenlukio\/wp-json\/wp\/v2\/types\/page"}],"author":[{"embeddable":true,"href":"https:\/\/blog.edu.turku.fi\/turunklassillinenlukio\/wp-json\/wp\/v2\/users\/723"}],"replies":[{"embeddable":true,"href":"https:\/\/blog.edu.turku.fi\/turunklassillinenlukio\/wp-json\/wp\/v2\/comments?post=1695"}],"version-history":[{"count":5,"href":"https:\/\/blog.edu.turku.fi\/turunklassillinenlukio\/wp-json\/wp\/v2\/pages\/1695\/revisions"}],"predecessor-version":[{"id":4692,"href":"https:\/\/blog.edu.turku.fi\/turunklassillinenlukio\/wp-json\/wp\/v2\/pages\/1695\/revisions\/4692"}],"up":[{"embeddable":true,"href":"https:\/\/blog.edu.turku.fi\/turunklassillinenlukio\/wp-json\/wp\/v2\/pages\/19"}],"wp:attachment":[{"href":"https:\/\/blog.edu.turku.fi\/turunklassillinenlukio\/wp-json\/wp\/v2\/media?parent=1695"}],"curies":[{"name":"wp","href":"https:\/\/api.w.org\/{rel}","templated":true}]}}