{"id":1100,"date":"2014-01-30T16:43:06","date_gmt":"2014-01-30T14:43:06","guid":{"rendered":"https:\/\/blog.edu.turku.fi\/turunklassillinenlukio\/?page_id=1100"},"modified":"2018-11-20T12:48:17","modified_gmt":"2018-11-20T10:48:17","slug":"historiaa","status":"publish","type":"page","link":"https:\/\/blog.edu.turku.fi\/turunklassillinenlukio\/historiaa\/","title":{"rendered":"Historiaa"},"content":{"rendered":"<ul>\n<li><a href=\"https:\/\/blog.edu.turku.fi\/turunklassillinenlukio\/historiaa\/toimintakertomuksia\/\">Toimintakertomuksia<\/a><\/li>\n<li><a href=\"https:\/\/blog.edu.turku.fi\/turunklassillinenlukio\/historiaa\/historiikki-2\/\">Historiamme lyhyt oppim\u00e4\u00e4r\u00e4<\/a><\/li>\n<li><a href=\"https:\/\/blog.edu.turku.fi\/turunklassillinenlukio\/historiaa\/spinhuussin-perilliset\/\">Spinhuussin perilliset<\/a><\/li>\n<li><a href=\"http:\/\/www.turunklassikotry.com\/\">Latina &#8211; Klassikot ry<\/a><\/li>\n<\/ul>\n","protected":false},"excerpt":{"rendered":"<p>Toimintakertomuksia Historiamme lyhyt oppim\u00e4\u00e4r\u00e4 Spinhuussin perilliset Latina &#8211; Klassikot ry<\/p>\n","protected":false},"author":723,"featured_media":0,"parent":0,"menu_order":17,"comment_status":"closed","ping_status":"closed","template":"","meta":{"footnotes":""},"class_list":["post-1100","page","type-page","status-publish","hentry"],"_links":{"self":[{"href":"https:\/\/blog.edu.turku.fi\/turunklassillinenlukio\/wp-json\/wp\/v2\/pages\/1100","targetHints":{"allow":["GET"]}}],"collection":[{"href":"https:\/\/blog.edu.turku.fi\/turunklassillinenlukio\/wp-json\/wp\/v2\/pages"}],"about":[{"href":"https:\/\/blog.edu.turku.fi\/turunklassillinenlukio\/wp-json\/wp\/v2\/types\/page"}],"author":[{"embeddable":true,"href":"https:\/\/blog.edu.turku.fi\/turunklassillinenlukio\/wp-json\/wp\/v2\/users\/723"}],"replies":[{"embeddable":true,"href":"https:\/\/blog.edu.turku.fi\/turunklassillinenlukio\/wp-json\/wp\/v2\/comments?post=1100"}],"version-history":[{"count":8,"href":"https:\/\/blog.edu.turku.fi\/turunklassillinenlukio\/wp-json\/wp\/v2\/pages\/1100\/revisions"}],"predecessor-version":[{"id":4303,"href":"https:\/\/blog.edu.turku.fi\/turunklassillinenlukio\/wp-json\/wp\/v2\/pages\/1100\/revisions\/4303"}],"wp:attachment":[{"href":"https:\/\/blog.edu.turku.fi\/turunklassillinenlukio\/wp-json\/wp\/v2\/media?parent=1100"}],"curies":[{"name":"wp","href":"https:\/\/api.w.org\/{rel}","templated":true}]}}