{"id":466,"date":"2015-01-17T22:45:44","date_gmt":"2015-01-17T20:45:44","guid":{"rendered":"https:\/\/blog.edu.turku.fi\/turkubett\/?page_id=466"},"modified":"2023-01-26T15:26:31","modified_gmt":"2023-01-26T13:26:31","slug":"tapahtumat","status":"publish","type":"page","link":"https:\/\/blog.edu.turku.fi\/turkubett\/tapahtumat\/","title":{"rendered":"Tapahtumat"},"content":{"rendered":"<p>T\u00e4h\u00e4n menness\u00e4 on raportoitu mm. seuraavista tapahtumista:<\/p>\n<h2 style=\"text-align: left;\">BETT<\/h2>\n<p>Vuosittain j\u00e4rjestett\u00e4v\u00e4 Euroopan suurin, kansainv\u00e4linen opetusteknologian tapahtuma Lontoossa.\u00a0Tapahtumaan osallistuu joka vuosi my\u00f6s satoja suomalaisia opetusalan toimijoita, kaiken kaikkiaan yli\u00a035 000 opetusalan ammattilaista.<\/p>\n<p><a href=\"https:\/\/blog.edu.turku.fi\/turkubett\/category\/bett\/\">BETTiin liittyv\u00e4t kirjoitukset<\/a>\u00a0| <a href=\"http:\/\/www.bettshow.com\/\" target=\"_blank\" rel=\"noopener\">Virallinen BETT-sivusto<\/a><\/p>\n<h2>ISTE<\/h2>\n<p>International Society for Technology in Educationin j\u00e4rjest\u00e4m\u00e4 vuosittainen\u00a0konferenssi Yhdysvalloissa. Tapahtumakaupunki\u00a0vaihtuu vuosittain.\u00a0t\u00e4ll\u00e4 kertaa Atlantassa USA:ssa.\u00a0Vuoden 2014\u00a0tapahtumaan osallistui noin 20 000 k\u00e4vij\u00e4\u00e4\u00a0kymmenist\u00e4 eri maista ja yli 500 n\u00e4ytteilleasettajaa.<\/p>\n<p><a href=\"https:\/\/blog.edu.turku.fi\/turkubett\/category\/iste\/\">ISTEen liittyv\u00e4t kirjoitukset<\/a>\u00a0| <a href=\"http:\/\/www.isteconference.org\/\" target=\"_blank\" rel=\"noopener\">Virallinen ISTE-sivusto<\/a><\/p>\n<h2>ISE<\/h2>\n<p>Integrated Systems Europe on maailman suurimmaksi tituleerattu ammattilaisten AV-messutapahtuma. Opetukseen liittyy l\u00e4himmin esill\u00e4 oleva esitys- ja kokousteknologia. J\u00e4rjestet\u00e4\u00e4n vuosittain helmikuussa. Viime aikoina Barcelonassa, aikaisemmin Amsterdamissa.<\/p>\n<p><a href=\"https:\/\/blog.edu.turku.fi\/turkubett\/category\/ise\/\">ISEen liittyv\u00e4t kirjoitukset<\/a>\u00a0| <a href=\"https:\/\/www.iseurope.org\/\" target=\"_blank\" rel=\"noopener\">Virallinen ISE-sivusto<\/a><\/p>\n","protected":false},"excerpt":{"rendered":"<p>T\u00e4h\u00e4n menness\u00e4 on raportoitu mm. seuraavista tapahtumista: BETT Vuosittain j\u00e4rjestett\u00e4v\u00e4 Euroopan suurin, kansainv\u00e4linen opetusteknologian tapahtuma Lontoossa.\u00a0Tapahtumaan osallistuu joka vuosi my\u00f6s satoja suomalaisia opetusalan toimijoita, kaiken kaikkiaan yli\u00a035 000 opetusalan ammattilaista. BETTiin liittyv\u00e4t kirjoitukset\u00a0| Virallinen BETT-sivusto ISTE International Society for Technology &hellip; <a href=\"https:\/\/blog.edu.turku.fi\/turkubett\/tapahtumat\/\">Lue loppuun <span class=\"meta-nav\">&rarr;<\/span><\/a><\/p>\n","protected":false},"author":16,"featured_media":0,"parent":0,"menu_order":1,"comment_status":"closed","ping_status":"closed","template":"","meta":{"footnotes":""},"class_list":["post-466","page","type-page","status-publish","hentry"],"_links":{"self":[{"href":"https:\/\/blog.edu.turku.fi\/turkubett\/wp-json\/wp\/v2\/pages\/466","targetHints":{"allow":["GET"]}}],"collection":[{"href":"https:\/\/blog.edu.turku.fi\/turkubett\/wp-json\/wp\/v2\/pages"}],"about":[{"href":"https:\/\/blog.edu.turku.fi\/turkubett\/wp-json\/wp\/v2\/types\/page"}],"author":[{"embeddable":true,"href":"https:\/\/blog.edu.turku.fi\/turkubett\/wp-json\/wp\/v2\/users\/16"}],"replies":[{"embeddable":true,"href":"https:\/\/blog.edu.turku.fi\/turkubett\/wp-json\/wp\/v2\/comments?post=466"}],"version-history":[{"count":4,"href":"https:\/\/blog.edu.turku.fi\/turkubett\/wp-json\/wp\/v2\/pages\/466\/revisions"}],"predecessor-version":[{"id":1644,"href":"https:\/\/blog.edu.turku.fi\/turkubett\/wp-json\/wp\/v2\/pages\/466\/revisions\/1644"}],"wp:attachment":[{"href":"https:\/\/blog.edu.turku.fi\/turkubett\/wp-json\/wp\/v2\/media?parent=466"}],"curies":[{"name":"wp","href":"https:\/\/api.w.org\/{rel}","templated":true}]}}