{"id":7,"date":"2025-03-21T15:54:09","date_gmt":"2025-03-21T13:54:09","guid":{"rendered":"https:\/\/blog.edu.turku.fi\/tuomaansillanpk\/?page_id=7"},"modified":"2025-10-15T13:49:22","modified_gmt":"2025-10-15T10:49:22","slug":"nahkurinpiha","status":"publish","type":"page","link":"https:\/\/blog.edu.turku.fi\/tuomaansillanpk\/nahkurinpiha\/","title":{"rendered":"Nahkurinpiha"},"content":{"rendered":"\n<p>Nahkurinpihan p\u00e4iv\u00e4kodissa toimii kolme ryhm\u00e4\u00e4; Naskalit, Kis\u00e4llit ja Mestarit.<\/p>\n\n\n\n<p>Naskaleiden ryhm\u00e4st\u00e4 l\u00f6yd\u00e4t p\u00e4iv\u00e4kodin pienimm\u00e4t 0-3 vuotiaat. Kis\u00e4lleiden ryhm\u00e4ss\u00e4 vauhdissa ovat 3-5 vuotiaat ja p\u00e4iv\u00e4kotimme vanhimmat taiturit l\u00f6ytyv\u00e4t Mestareista, joka toimii koko Tuomaansillan p\u00e4iv\u00e4kodin esiopetusryhm\u00e4n\u00e4. <\/p>\n\n\n\n<p>P\u00e4iv\u00e4kodin tiloissa pystymme monenlaiseen puuhaan, esimerkiksi askartelemme, jumppaamme, musisoimme ja leikimme kaikenlaisia leikkej\u00e4. Muokkaamme tilojamme my\u00f6s toiminnan\/tarpeen mukaan. P\u00e4iv\u00e4n aikana ulkoilemme my\u00f6s kaikenlaisissa s\u00e4iss\u00e4; tutkimme luontoa, leikimme leikkej\u00e4 ja ihastelemme jokimaisemaa.<\/p>\n\n\n\n<p>P\u00e4iv\u00e4kodin sis\u00e4- ja ulkotilojen lis\u00e4ksi hy\u00f6dynn\u00e4mme l\u00e4hiymp\u00e4rist\u00f6\u00e4, mm. Tuomaanpuistoa, parkin kentt\u00e4\u00e4, jumppasalia Turun ammatti-instituutin tiloissa sek\u00e4 kirjastoa.<\/p>\n\n\n\n<p>P\u00e4iv\u00e4kodissamme toimii my\u00f6s aktiivinen vanhempaintoimikunta, jonka avulla saamme j\u00e4rjestetty\u00e4 lapsille monenlaista mukavaa toimintaa ja teemme lapsia ilahduttavia hankintoja. <\/p>\n\n\n\n<p><strong>YHTEYSTIEDOT:<\/strong><\/p>\n\n\n\n<p>Nahkurinpiha 1, 20100 Turku<\/p>\n\n\n\n<p>Naskalit:&nbsp;<a href=\"tel:040 579 0696\">040 579 0696<\/a><\/p>\n\n\n\n<p>Kis\u00e4llit:&nbsp;<a href=\"tel:040 674 3044\">040 674 3044<\/a><\/p>\n\n\n\n<p>Mestarit:&nbsp;<a href=\"tel:040 674 4082\">040 674 4082<\/a><\/p>\n","protected":false},"excerpt":{"rendered":"<p>Nahkurinpihan p\u00e4iv\u00e4kodissa toimii kolme ryhm\u00e4\u00e4; Naskalit, Kis\u00e4llit ja Mestarit. Naskaleiden ryhm\u00e4st\u00e4 l\u00f6yd\u00e4t p\u00e4iv\u00e4kodin pienimm\u00e4t 0-3 vuotiaat. Kis\u00e4lleiden ryhm\u00e4ss\u00e4 vauhdissa ovat 3-5 vuotiaat ja p\u00e4iv\u00e4kotimme vanhimmat taiturit l\u00f6ytyv\u00e4t Mestareista, joka toimii koko Tuomaansillan p\u00e4iv\u00e4kodin esiopetusryhm\u00e4n\u00e4. P\u00e4iv\u00e4kodin tiloissa pystymme monenlaiseen puuhaan, esimerkiksi askartelemme, jumppaamme, musisoimme ja leikimme kaikenlaisia leikkej\u00e4. Muokkaamme tilojamme my\u00f6s toiminnan\/tarpeen mukaan. P\u00e4iv\u00e4n aikana ulkoilemme &hellip; <a href=\"https:\/\/blog.edu.turku.fi\/tuomaansillanpk\/nahkurinpiha\/\" class=\"more-link\">Jatka lukemista<span class=\"screen-reader-text\"> &#8221;Nahkurinpiha&#8221;<\/span><\/a><\/p>\n","protected":false},"author":9,"featured_media":0,"parent":0,"menu_order":0,"comment_status":"closed","ping_status":"closed","template":"","meta":{"footnotes":""},"class_list":["post-7","page","type-page","status-publish","hentry"],"_links":{"self":[{"href":"https:\/\/blog.edu.turku.fi\/tuomaansillanpk\/wp-json\/wp\/v2\/pages\/7","targetHints":{"allow":["GET"]}}],"collection":[{"href":"https:\/\/blog.edu.turku.fi\/tuomaansillanpk\/wp-json\/wp\/v2\/pages"}],"about":[{"href":"https:\/\/blog.edu.turku.fi\/tuomaansillanpk\/wp-json\/wp\/v2\/types\/page"}],"author":[{"embeddable":true,"href":"https:\/\/blog.edu.turku.fi\/tuomaansillanpk\/wp-json\/wp\/v2\/users\/9"}],"replies":[{"embeddable":true,"href":"https:\/\/blog.edu.turku.fi\/tuomaansillanpk\/wp-json\/wp\/v2\/comments?post=7"}],"version-history":[{"count":8,"href":"https:\/\/blog.edu.turku.fi\/tuomaansillanpk\/wp-json\/wp\/v2\/pages\/7\/revisions"}],"predecessor-version":[{"id":71,"href":"https:\/\/blog.edu.turku.fi\/tuomaansillanpk\/wp-json\/wp\/v2\/pages\/7\/revisions\/71"}],"wp:attachment":[{"href":"https:\/\/blog.edu.turku.fi\/tuomaansillanpk\/wp-json\/wp\/v2\/media?parent=7"}],"curies":[{"name":"wp","href":"https:\/\/api.w.org\/{rel}","templated":true}]}}