{"id":50,"date":"2013-11-20T11:12:09","date_gmt":"2013-11-20T09:12:09","guid":{"rendered":"https:\/\/blog.edu.turku.fi\/tsykkuvis\/?page_id=50"},"modified":"2019-02-16T14:11:01","modified_gmt":"2019-02-16T12:11:01","slug":"ku14-elokuva-ja-video","status":"publish","type":"page","link":"https:\/\/blog.edu.turku.fi\/tsykkuvis\/kuvataiteen-kurssit\/ku14-elokuva-ja-video\/","title":{"rendered":"Ku13 Elokuva ja video"},"content":{"rendered":"<p class=\"paragraph\" style=\"margin: 0cm 0cm 0.0001pt;vertical-align: baseline;text-align: center\"><span class=\"normaltextrun\"><span style=\"font-family: 'Tahoma',sans-serif\">Kurssilla toteutetaan omia lyhytelokuvia\/videoteoksia (my\u00f6s esim. musiikkivideoita) yksin tai ryhm\u00e4ss\u00e4 ty\u00f6skennellen. Tutustutaan lyhytelokuvaan ja videotaiteeseen taidemuotoina.\u00a0<\/span><\/span><span xml:lang=\"FI-FI\"><span style=\"background-color: inherit\">P\u00e4\u00e4paino varhaisessa ja kokeellisessa elokuvassa, lyhytelokuvassa sek\u00e4 videotaiteessa.<\/span><\/span><span xml:lang=\"FI-FI\"><span style=\"background-color: inherit\">\u00a0K\u00e4yt\u00f6ss\u00e4 studio, HD-kamerat,\u00a0<\/span><\/span><span xml:lang=\"FI-FI\"><span style=\"border-bottom: transparent;background-color: inherit\"><span class=\"spellingerror\"><span style=\"font-family: 'Tahoma',sans-serif\">green<\/span><\/span><\/span><\/span><span xml:lang=\"FI-FI\"><span style=\"background-color: inherit\"><span class=\"normaltextrun\"><span style=\"font-family: 'Tahoma',sans-serif\">\u00a0<\/span><\/span><\/span><\/span><span xml:lang=\"FI-FI\"><span style=\"border-bottom: transparent;background-color: inherit\"><span class=\"spellingerror\"><span style=\"font-family: 'Tahoma',sans-serif\">screen<\/span><\/span><\/span><\/span><span xml:lang=\"FI-FI\"><span style=\"background-color: inherit\"><span class=\"normaltextrun\"><span style=\"font-family: 'Tahoma',sans-serif\">. <em>Numeroarviointi. Suoritusvuosi vapaa.\u00a0<\/em><\/span><\/span><\/span><\/span><em><span data-ccp-props=\"{&quot;134233117&quot;:true,&quot;134233118&quot;:true,&quot;201341983&quot;:0,&quot;335559740&quot;:240}\"><span class=\"eop\"><span style=\"font-family: 'Tahoma',sans-serif\">\u00a0<\/span><\/span><\/span><\/em><\/p>\n<p style=\"text-align: center\"><a href=\"http:\/\/www.youtube.com\/watch?v=OubmWO3-YN8\">http:\/\/www.youtube.com\/watch?v=OubmWO3-YN8<\/a><\/p>\n<p style=\"text-align: center\">Yll\u00e4 Klaffi-kilpailuun osallistunut <strong>Sofia Malisen<\/strong> ku14 -kurssilla tehty lopputy\u00f6. Teemana lopput\u00f6iss\u00e4 oli inhimillinen todellisuus ja l\u00e4hes jokainen kurssilainen teki lopputy\u00f6ns\u00e4 itsekseen, omann\u00e4k\u00f6isekseen. Ulkopuoliset n\u00e4yttelij\u00e4t ja musiikintekij\u00e4t antoivat oman apunsa videoille. Tuloksena syntyi kahdeksan pient\u00e4 mutta eritt\u00e4in tunnepitoista elokuvaa. Alla my\u00f6s yksi n\u00e4ist\u00e4;\u00a0 <strong>Emilin<\/strong> elokuva <em>&#8221;Life?&#8221;<\/em><\/p>\n<p style=\"text-align: center\"><a href=\"http:\/\/www.youtube.com\/watch?v=7-NZTTdChYo\">http:\/\/www.youtube.com\/watch?v=7-NZTTdChYo<\/a><\/p>\n<p>&nbsp;<\/p>\n","protected":false},"excerpt":{"rendered":"<p>Kurssilla toteutetaan omia lyhytelokuvia\/videoteoksia (my\u00f6s esim. musiikkivideoita) yksin tai ryhm\u00e4ss\u00e4 ty\u00f6skennellen. Tutustutaan lyhytelokuvaan ja videotaiteeseen taidemuotoina.\u00a0P\u00e4\u00e4paino varhaisessa ja kokeellisessa elokuvassa, lyhytelokuvassa sek\u00e4 videotaiteessa.\u00a0K\u00e4yt\u00f6ss\u00e4 studio, HD-kamerat,\u00a0green\u00a0screen. Numeroarviointi. Suoritusvuosi vapaa.\u00a0\u00a0 http:\/\/www.youtube.com\/watch?v=OubmWO3-YN8 Yll\u00e4 Klaffi-kilpailuun osallistunut Sofia Malisen ku14 -kurssilla tehty lopputy\u00f6. Teemana lopput\u00f6iss\u00e4 &hellip; <a href=\"https:\/\/blog.edu.turku.fi\/tsykkuvis\/kuvataiteen-kurssit\/ku14-elokuva-ja-video\/\">Lue loppuun <span class=\"meta-nav\">&rarr;<\/span><\/a><\/p>\n","protected":false},"author":45,"featured_media":0,"parent":16,"menu_order":13,"comment_status":"closed","ping_status":"closed","template":"","meta":{"footnotes":""},"class_list":["post-50","page","type-page","status-publish","hentry"],"_links":{"self":[{"href":"https:\/\/blog.edu.turku.fi\/tsykkuvis\/wp-json\/wp\/v2\/pages\/50","targetHints":{"allow":["GET"]}}],"collection":[{"href":"https:\/\/blog.edu.turku.fi\/tsykkuvis\/wp-json\/wp\/v2\/pages"}],"about":[{"href":"https:\/\/blog.edu.turku.fi\/tsykkuvis\/wp-json\/wp\/v2\/types\/page"}],"author":[{"embeddable":true,"href":"https:\/\/blog.edu.turku.fi\/tsykkuvis\/wp-json\/wp\/v2\/users\/45"}],"replies":[{"embeddable":true,"href":"https:\/\/blog.edu.turku.fi\/tsykkuvis\/wp-json\/wp\/v2\/comments?post=50"}],"version-history":[{"count":14,"href":"https:\/\/blog.edu.turku.fi\/tsykkuvis\/wp-json\/wp\/v2\/pages\/50\/revisions"}],"predecessor-version":[{"id":816,"href":"https:\/\/blog.edu.turku.fi\/tsykkuvis\/wp-json\/wp\/v2\/pages\/50\/revisions\/816"}],"up":[{"embeddable":true,"href":"https:\/\/blog.edu.turku.fi\/tsykkuvis\/wp-json\/wp\/v2\/pages\/16"}],"wp:attachment":[{"href":"https:\/\/blog.edu.turku.fi\/tsykkuvis\/wp-json\/wp\/v2\/media?parent=50"}],"curies":[{"name":"wp","href":"https:\/\/api.w.org\/{rel}","templated":true}]}}