{"id":46,"date":"2013-11-20T11:11:30","date_gmt":"2013-11-20T09:11:30","guid":{"rendered":"https:\/\/blog.edu.turku.fi\/tsykkuvis\/?page_id=46"},"modified":"2019-02-16T14:10:10","modified_gmt":"2019-02-16T12:10:10","slug":"ku12-ymparistotaidetta-saaristossa","status":"publish","type":"page","link":"https:\/\/blog.edu.turku.fi\/tsykkuvis\/kuvataiteen-kurssit\/ku12-ymparistotaidetta-saaristossa\/","title":{"rendered":"KU12 Taidetta saaristossa"},"content":{"rendered":"<p class=\"paragraph\" style=\"margin: 0cm;margin-bottom: .0001pt;vertical-align: baseline\"><span class=\"normaltextrun\"><span style=\"font-family: 'Tahoma',sans-serif\">Toteutetaan osittain retken\u00e4 Turun (tai mahd. esim. Italian) saaristoon. Saariston ja meriymp\u00e4rist\u00f6n havainnointiin yhdistyy mm. ymp\u00e4rist\u00f6taidetta, performanssia, valokuvaa, elokuvaa ja perinteist\u00e4 taidetta (esim<\/span><\/span><span xml:lang=\"FI-FI\"><span style=\"background-color: inherit\">.<\/span><\/span><span xml:lang=\"FI-FI\"><span style=\"background-color: inherit\">\u00a0piirustus ja maalaus). Saadaan v\u00e4lineit\u00e4 oman taiteellisen ilmaisun ja oman tyylin kehitt\u00e4miseen. Omavalintainen lopputy\u00f6. Lopuksi kootaan n\u00e4yttely.<\/span><\/span><\/p>\n<p>&nbsp;<\/p>\n<p class=\"paragraph\" style=\"margin: 0cm;margin-bottom: .0001pt;vertical-align: baseline\"><span xml:lang=\"FI-FI\"><span style=\"background-color: inherit\"><em>Numeroarviointi. Suoritusvuosi vapaa.\u00a0<\/em><\/span><\/span><em><span data-ccp-props=\"{&quot;134233117&quot;:true,&quot;134233118&quot;:true,&quot;201341983&quot;:0,&quot;335559740&quot;:240}\"><span class=\"eop\"><span style=\"font-family: 'Tahoma',sans-serif\">\u00a0<\/span><\/span><\/span><\/em><em><span xml:lang=\"FI-FI\"><span style=\"background-color: inherit\"><span class=\"normaltextrun\"><span style=\"font-family: 'Tahoma',sans-serif\">Luonnontiedelukion syvent\u00e4v\u00e4 kurssivaihtoehto<\/span><\/span><\/span><\/span><span data-ccp-props=\"{&quot;134233117&quot;:true,&quot;134233118&quot;:true,&quot;201341983&quot;:0,&quot;335559740&quot;:240}\"><span class=\"eop\"><span style=\"font-family: 'Tahoma',sans-serif\">,\u00a0<\/span><\/span><\/span><\/em><em><span xml:lang=\"FI-FI\"><span style=\"background-color: inherit\"><span class=\"normaltextrun\"><span style=\"font-family: 'Tahoma',sans-serif\">Merilinjan kurssivaihtoehto<\/span><\/span><\/span><\/span><\/em><\/p>\n<p style=\"text-align: center\">Vedenalaista veistotaidetta:<\/p>\n<p style=\"text-align: center\"><iframe loading=\"lazy\" title=\"Jason de Caires Taylor Underwater Sculptures\" width=\"584\" height=\"438\" src=\"https:\/\/www.youtube.com\/embed\/X33698McQ7g?feature=oembed\" frameborder=\"0\" allow=\"accelerometer; autoplay; clipboard-write; encrypted-media; gyroscope; picture-in-picture; web-share\" referrerpolicy=\"strict-origin-when-cross-origin\" allowfullscreen><\/iframe><\/p>\n<p>&nbsp;<\/p>\n<p>&nbsp;<\/p>\n<p>&nbsp;<\/p>\n","protected":false},"excerpt":{"rendered":"<p>Toteutetaan osittain retken\u00e4 Turun (tai mahd. esim. Italian) saaristoon. Saariston ja meriymp\u00e4rist\u00f6n havainnointiin yhdistyy mm. ymp\u00e4rist\u00f6taidetta, performanssia, valokuvaa, elokuvaa ja perinteist\u00e4 taidetta (esim.\u00a0piirustus ja maalaus). Saadaan v\u00e4lineit\u00e4 oman taiteellisen ilmaisun ja oman tyylin kehitt\u00e4miseen. Omavalintainen lopputy\u00f6. Lopuksi kootaan n\u00e4yttely. &nbsp; &hellip; <a href=\"https:\/\/blog.edu.turku.fi\/tsykkuvis\/kuvataiteen-kurssit\/ku12-ymparistotaidetta-saaristossa\/\">Lue loppuun <span class=\"meta-nav\">&rarr;<\/span><\/a><\/p>\n","protected":false},"author":45,"featured_media":0,"parent":16,"menu_order":12,"comment_status":"closed","ping_status":"closed","template":"","meta":{"footnotes":""},"class_list":["post-46","page","type-page","status-publish","hentry"],"_links":{"self":[{"href":"https:\/\/blog.edu.turku.fi\/tsykkuvis\/wp-json\/wp\/v2\/pages\/46","targetHints":{"allow":["GET"]}}],"collection":[{"href":"https:\/\/blog.edu.turku.fi\/tsykkuvis\/wp-json\/wp\/v2\/pages"}],"about":[{"href":"https:\/\/blog.edu.turku.fi\/tsykkuvis\/wp-json\/wp\/v2\/types\/page"}],"author":[{"embeddable":true,"href":"https:\/\/blog.edu.turku.fi\/tsykkuvis\/wp-json\/wp\/v2\/users\/45"}],"replies":[{"embeddable":true,"href":"https:\/\/blog.edu.turku.fi\/tsykkuvis\/wp-json\/wp\/v2\/comments?post=46"}],"version-history":[{"count":10,"href":"https:\/\/blog.edu.turku.fi\/tsykkuvis\/wp-json\/wp\/v2\/pages\/46\/revisions"}],"predecessor-version":[{"id":815,"href":"https:\/\/blog.edu.turku.fi\/tsykkuvis\/wp-json\/wp\/v2\/pages\/46\/revisions\/815"}],"up":[{"embeddable":true,"href":"https:\/\/blog.edu.turku.fi\/tsykkuvis\/wp-json\/wp\/v2\/pages\/16"}],"wp:attachment":[{"href":"https:\/\/blog.edu.turku.fi\/tsykkuvis\/wp-json\/wp\/v2\/media?parent=46"}],"curies":[{"name":"wp","href":"https:\/\/api.w.org\/{rel}","templated":true}]}}