{"id":33,"date":"2013-11-20T11:07:51","date_gmt":"2013-11-20T09:07:51","guid":{"rendered":"https:\/\/blog.edu.turku.fi\/tsykkuvis\/?page_id=33"},"modified":"2014-04-09T13:54:09","modified_gmt":"2014-04-09T10:54:09","slug":"ku6-piirustus","status":"publish","type":"page","link":"https:\/\/blog.edu.turku.fi\/tsykkuvis\/kuvataiteen-kurssit\/ku6-piirustus\/","title":{"rendered":"KU6 Piirustus"},"content":{"rendered":"<div dir=\"ltr\" style=\"text-align: center\">Kehitet\u00e4\u00e4n piirt\u00e4mistaitoa sek\u00e4 <strong>tekniikkana<\/strong> ett\u00e4 <strong>n\u00e4k\u00f6havaintona<\/strong>. Harjoitellaan <strong>ihmisen, tilan ja muodon kuvaamista<\/strong>, sek\u00e4 k\u00e4ytet\u00e4\u00e4n<strong> erilaisia piirtimi\u00e4<\/strong> tussista hiileen. Sis\u00e4ll\u00f6t: sek\u00e4 nopeaa, luonnosmaista havainnoinnin kehitt\u00e4mist\u00e4 ett\u00e4 piirtimiin liittyv\u00e4\u00e4 ilmaisua vaativampina t\u00f6in\u00e4.<\/div>\n<div dir=\"ltr\" style=\"text-align: center\"><em>Numeroarviointi. Suoritusvuosi vapaa.<\/em><\/div>\n<div dir=\"ltr\" style=\"text-align: center\">\u00a0<\/div>\n<div dir=\"ltr\" style=\"text-align: center\"><a href=\"https:\/\/blog.edu.turku.fi\/tsykkuvis\/files\/2013\/11\/pelottavapoika.jpg\"><img loading=\"lazy\" decoding=\"async\" class=\"alignnone size-medium wp-image-264\" alt=\"pelottavapoika\" src=\"https:\/\/blog.edu.turku.fi\/tsykkuvis\/files\/2013\/11\/pelottavapoika-223x300.jpg\" width=\"223\" height=\"300\" srcset=\"https:\/\/blog.edu.turku.fi\/tsykkuvis\/files\/2013\/11\/pelottavapoika-223x300.jpg 223w, https:\/\/blog.edu.turku.fi\/tsykkuvis\/files\/2013\/11\/pelottavapoika-111x150.jpg 111w, https:\/\/blog.edu.turku.fi\/tsykkuvis\/files\/2013\/11\/pelottavapoika-762x1024.jpg 762w\" sizes=\"auto, (max-width: 223px) 100vw, 223px\" \/><\/a> <a href=\"https:\/\/blog.edu.turku.fi\/tsykkuvis\/files\/2013\/11\/rekamusta.jpg\"><img loading=\"lazy\" decoding=\"async\" class=\"alignnone size-medium wp-image-265\" alt=\"rekamusta\" src=\"https:\/\/blog.edu.turku.fi\/tsykkuvis\/files\/2013\/11\/rekamusta-224x300.jpg\" width=\"224\" height=\"300\" srcset=\"https:\/\/blog.edu.turku.fi\/tsykkuvis\/files\/2013\/11\/rekamusta-224x300.jpg 224w, https:\/\/blog.edu.turku.fi\/tsykkuvis\/files\/2013\/11\/rekamusta-112x150.jpg 112w, https:\/\/blog.edu.turku.fi\/tsykkuvis\/files\/2013\/11\/rekamusta-767x1024.jpg 767w\" sizes=\"auto, (max-width: 224px) 100vw, 224px\" \/><\/a> <a href=\"https:\/\/blog.edu.turku.fi\/tsykkuvis\/files\/2013\/11\/\u00e4itikatse.jpg\"><img loading=\"lazy\" decoding=\"async\" class=\"alignnone size-medium wp-image-266\" alt=\"\u00e4itikatse\" src=\"https:\/\/blog.edu.turku.fi\/tsykkuvis\/files\/2013\/11\/\u00e4itikatse-225x300.jpg\" width=\"225\" height=\"300\" srcset=\"https:\/\/blog.edu.turku.fi\/tsykkuvis\/files\/2013\/11\/\u00e4itikatse-225x300.jpg 225w, https:\/\/blog.edu.turku.fi\/tsykkuvis\/files\/2013\/11\/\u00e4itikatse-112x150.jpg 112w, https:\/\/blog.edu.turku.fi\/tsykkuvis\/files\/2013\/11\/\u00e4itikatse-768x1024.jpg 768w\" sizes=\"auto, (max-width: 225px) 100vw, 225px\" \/><\/a><a href=\"https:\/\/blog.edu.turku.fi\/tsykkuvis\/files\/2013\/11\/torso1.jpg\"><img loading=\"lazy\" decoding=\"async\" class=\"alignnone size-medium wp-image-267\" alt=\"torso1\" src=\"https:\/\/blog.edu.turku.fi\/tsykkuvis\/files\/2013\/11\/torso1-212x300.jpg\" width=\"212\" height=\"300\" \/><\/a> <a href=\"https:\/\/blog.edu.turku.fi\/tsykkuvis\/files\/2013\/11\/torso2.jpg\"><img loading=\"lazy\" decoding=\"async\" class=\"alignnone size-medium wp-image-268\" alt=\"torso2\" src=\"https:\/\/blog.edu.turku.fi\/tsykkuvis\/files\/2013\/11\/torso2-208x300.jpg\" width=\"208\" height=\"300\" \/><\/a> <a href=\"https:\/\/blog.edu.turku.fi\/tsykkuvis\/files\/2013\/11\/torso3.jpg\"><img loading=\"lazy\" decoding=\"async\" class=\"alignnone size-medium wp-image-269\" alt=\"torso3\" src=\"https:\/\/blog.edu.turku.fi\/tsykkuvis\/files\/2013\/11\/torso3-210x300.jpg\" width=\"210\" height=\"300\" srcset=\"https:\/\/blog.edu.turku.fi\/tsykkuvis\/files\/2013\/11\/torso3-210x300.jpg 210w, https:\/\/blog.edu.turku.fi\/tsykkuvis\/files\/2013\/11\/torso3-105x150.jpg 105w, https:\/\/blog.edu.turku.fi\/tsykkuvis\/files\/2013\/11\/torso3-717x1024.jpg 717w\" sizes=\"auto, (max-width: 210px) 100vw, 210px\" \/><\/a><\/div>\n<div dir=\"ltr\" style=\"text-align: center\">\u00a0<\/div>\n<div dir=\"ltr\" style=\"text-align: center\">\u00a0<\/div>\n<div dir=\"ltr\" style=\"text-align: center\">\u00a0<\/div>\n","protected":false},"excerpt":{"rendered":"<p>Kehitet\u00e4\u00e4n piirt\u00e4mistaitoa sek\u00e4 tekniikkana ett\u00e4 n\u00e4k\u00f6havaintona. Harjoitellaan ihmisen, tilan ja muodon kuvaamista, sek\u00e4 k\u00e4ytet\u00e4\u00e4n erilaisia piirtimi\u00e4 tussista hiileen. Sis\u00e4ll\u00f6t: sek\u00e4 nopeaa, luonnosmaista havainnoinnin kehitt\u00e4mist\u00e4 ett\u00e4 piirtimiin liittyv\u00e4\u00e4 ilmaisua vaativampina t\u00f6in\u00e4. Numeroarviointi. Suoritusvuosi vapaa. \u00a0 \u00a0 \u00a0 \u00a0<\/p>\n","protected":false},"author":45,"featured_media":0,"parent":16,"menu_order":6,"comment_status":"closed","ping_status":"closed","template":"","meta":{"footnotes":""},"class_list":["post-33","page","type-page","status-publish","hentry"],"_links":{"self":[{"href":"https:\/\/blog.edu.turku.fi\/tsykkuvis\/wp-json\/wp\/v2\/pages\/33","targetHints":{"allow":["GET"]}}],"collection":[{"href":"https:\/\/blog.edu.turku.fi\/tsykkuvis\/wp-json\/wp\/v2\/pages"}],"about":[{"href":"https:\/\/blog.edu.turku.fi\/tsykkuvis\/wp-json\/wp\/v2\/types\/page"}],"author":[{"embeddable":true,"href":"https:\/\/blog.edu.turku.fi\/tsykkuvis\/wp-json\/wp\/v2\/users\/45"}],"replies":[{"embeddable":true,"href":"https:\/\/blog.edu.turku.fi\/tsykkuvis\/wp-json\/wp\/v2\/comments?post=33"}],"version-history":[{"count":5,"href":"https:\/\/blog.edu.turku.fi\/tsykkuvis\/wp-json\/wp\/v2\/pages\/33\/revisions"}],"predecessor-version":[{"id":270,"href":"https:\/\/blog.edu.turku.fi\/tsykkuvis\/wp-json\/wp\/v2\/pages\/33\/revisions\/270"}],"up":[{"embeddable":true,"href":"https:\/\/blog.edu.turku.fi\/tsykkuvis\/wp-json\/wp\/v2\/pages\/16"}],"wp:attachment":[{"href":"https:\/\/blog.edu.turku.fi\/tsykkuvis\/wp-json\/wp\/v2\/media?parent=33"}],"curies":[{"name":"wp","href":"https:\/\/api.w.org\/{rel}","templated":true}]}}