{"id":293,"date":"2014-06-02T10:01:02","date_gmt":"2014-06-02T07:01:02","guid":{"rendered":"https:\/\/blog.edu.turku.fi\/tsykkuvis\/?page_id=293"},"modified":"2015-01-11T22:50:01","modified_gmt":"2015-01-11T20:50:01","slug":"vedenalainen-veistosprojekti","status":"publish","type":"page","link":"https:\/\/blog.edu.turku.fi\/tsykkuvis\/kuviksen-projektit\/vedenalainen-veistosprojekti\/","title":{"rendered":"Vedenalainen Veistosprojekti"},"content":{"rendered":"<p style=\"text-align: center\"><a href=\"https:\/\/blog.edu.turku.fi\/tsykkuvis\/files\/2014\/05\/vuosidaslk\u00e4r.jpg\"><img loading=\"lazy\" decoding=\"async\" class=\"alignnone size-medium wp-image-284\" src=\"https:\/\/blog.edu.turku.fi\/tsykkuvis\/files\/2014\/05\/vuosidaslk\u00e4r-300x300.jpg\" alt=\"vuosidaslk\u00e4r\" width=\"300\" height=\"300\" srcset=\"https:\/\/blog.edu.turku.fi\/tsykkuvis\/files\/2014\/05\/vuosidaslk\u00e4r-300x300.jpg 300w, https:\/\/blog.edu.turku.fi\/tsykkuvis\/files\/2014\/05\/vuosidaslk\u00e4r-150x150.jpg 150w, https:\/\/blog.edu.turku.fi\/tsykkuvis\/files\/2014\/05\/vuosidaslk\u00e4r-1024x1024.jpg 1024w\" sizes=\"auto, (max-width: 300px) 100vw, 300px\" \/><\/a><\/p>\n<p style=\"text-align: center\"><span style=\"font-size: 12.0pt;font-family: 'Calibri','sans-serif'\">Mittavin kuvataiteen projekteista vuonna 2013-2014 oli <b>Vedenalainen veistosprojekti<\/b>, jossa Ku12 Ymp\u00e4rist\u00f6taidetta saaristossa \u2013kurssi tekee yhteisty\u00f6t\u00e4 mets\u00e4hallituksen, historian, maantiedon ja biologian oppiaineiden kanssa. Projektin taival oli pitk\u00e4 mutta eritt\u00e4in antoisa. Tuloksena syntyi kuusi upeaa It\u00e4meriaiheista veistosta ja lis\u00e4ksi ymp\u00e4rist\u00f6taideteoksia Dalskarin rannalle. Massiiviset veistokset upotetaan Dalsk\u00e4rin saaren rannan tuntumaan kes\u00e4kuun alussa. Projektilla on oma Blogi:<\/span><\/p>\n<p style=\"text-align: center\"><a href=\"https:\/\/blog.edu.turku.fi\/vedenalainenveistospolku\/\">https:\/\/blog.edu.turku.fi\/vedenalainenveistospolku\/<\/a><\/p>\n<p style=\"text-align: center\"><span style=\"font-size: 12.0pt;font-family: 'Calibri','sans-serif'\"> Alla kuvia valmiista veistoksista Forum Marinumin edess\u00e4.<br \/>\n<\/span><\/p>\n<p style=\"text-align: center\"><a href=\"https:\/\/blog.edu.turku.fi\/tsykkuvis\/files\/2014\/06\/IMG_3816.jpg\"><img loading=\"lazy\" decoding=\"async\" class=\"alignnone size-medium wp-image-300\" src=\"https:\/\/blog.edu.turku.fi\/tsykkuvis\/files\/2014\/06\/IMG_3816-300x200.jpg\" alt=\"IMG_3816\" width=\"300\" height=\"200\" srcset=\"https:\/\/blog.edu.turku.fi\/tsykkuvis\/files\/2014\/06\/IMG_3816-300x200.jpg 300w, https:\/\/blog.edu.turku.fi\/tsykkuvis\/files\/2014\/06\/IMG_3816-150x100.jpg 150w, https:\/\/blog.edu.turku.fi\/tsykkuvis\/files\/2014\/06\/IMG_3816-1024x682.jpg 1024w, https:\/\/blog.edu.turku.fi\/tsykkuvis\/files\/2014\/06\/IMG_3816-450x300.jpg 450w\" sizes=\"auto, (max-width: 300px) 100vw, 300px\" \/><\/a><\/p>\n<p style=\"text-align: center\">Merenneito, aallon tyt\u00e4r<\/p>\n<p style=\"text-align: center\"><a href=\"https:\/\/blog.edu.turku.fi\/tsykkuvis\/files\/2014\/06\/IMG_3692.jpg\"><img loading=\"lazy\" decoding=\"async\" class=\"alignnone size-medium wp-image-303\" src=\"https:\/\/blog.edu.turku.fi\/tsykkuvis\/files\/2014\/06\/IMG_3692-300x200.jpg\" alt=\"IMG_3692\" width=\"300\" height=\"200\" srcset=\"https:\/\/blog.edu.turku.fi\/tsykkuvis\/files\/2014\/06\/IMG_3692-300x200.jpg 300w, https:\/\/blog.edu.turku.fi\/tsykkuvis\/files\/2014\/06\/IMG_3692-150x100.jpg 150w, https:\/\/blog.edu.turku.fi\/tsykkuvis\/files\/2014\/06\/IMG_3692-1024x682.jpg 1024w, https:\/\/blog.edu.turku.fi\/tsykkuvis\/files\/2014\/06\/IMG_3692-450x300.jpg 450w\" sizes=\"auto, (max-width: 300px) 100vw, 300px\" \/><\/a><\/p>\n<p style=\"text-align: center\">Merikotka, Merten kuvingas<\/p>\n<p style=\"text-align: center\"><a href=\"https:\/\/blog.edu.turku.fi\/tsykkuvis\/files\/2014\/06\/IMG_3715.jpg\"><img loading=\"lazy\" decoding=\"async\" class=\"alignnone size-medium wp-image-304\" src=\"https:\/\/blog.edu.turku.fi\/tsykkuvis\/files\/2014\/06\/IMG_3715-200x300.jpg\" alt=\"IMG_3715\" width=\"200\" height=\"300\" srcset=\"https:\/\/blog.edu.turku.fi\/tsykkuvis\/files\/2014\/06\/IMG_3715-200x300.jpg 200w, https:\/\/blog.edu.turku.fi\/tsykkuvis\/files\/2014\/06\/IMG_3715-100x150.jpg 100w, https:\/\/blog.edu.turku.fi\/tsykkuvis\/files\/2014\/06\/IMG_3715-682x1024.jpg 682w\" sizes=\"auto, (max-width: 200px) 100vw, 200px\" \/><\/a><\/p>\n<p style=\"text-align: center\">Ymp\u00e4rist\u00f6taideteoksia, jossa valoksia opiskelijoiden kasvoista<\/p>\n<p style=\"text-align: center\"><a href=\"https:\/\/blog.edu.turku.fi\/tsykkuvis\/files\/2014\/06\/IMG_3838.jpg\"><img loading=\"lazy\" decoding=\"async\" class=\"alignnone size-medium wp-image-301\" src=\"https:\/\/blog.edu.turku.fi\/tsykkuvis\/files\/2014\/06\/IMG_3838-200x300.jpg\" alt=\"IMG_3838\" width=\"200\" height=\"300\" srcset=\"https:\/\/blog.edu.turku.fi\/tsykkuvis\/files\/2014\/06\/IMG_3838-200x300.jpg 200w, https:\/\/blog.edu.turku.fi\/tsykkuvis\/files\/2014\/06\/IMG_3838-100x150.jpg 100w, https:\/\/blog.edu.turku.fi\/tsykkuvis\/files\/2014\/06\/IMG_3838-682x1024.jpg 682w\" sizes=\"auto, (max-width: 200px) 100vw, 200px\" \/><\/a><\/p>\n<p style=\"text-align: center\">Tie merell\u00e4<\/p>\n","protected":false},"excerpt":{"rendered":"<p>Mittavin kuvataiteen projekteista vuonna 2013-2014 oli Vedenalainen veistosprojekti, jossa Ku12 Ymp\u00e4rist\u00f6taidetta saaristossa \u2013kurssi tekee yhteisty\u00f6t\u00e4 mets\u00e4hallituksen, historian, maantiedon ja biologian oppiaineiden kanssa. Projektin taival oli pitk\u00e4 mutta eritt\u00e4in antoisa. Tuloksena syntyi kuusi upeaa It\u00e4meriaiheista veistosta ja lis\u00e4ksi ymp\u00e4rist\u00f6taideteoksia Dalskarin rannalle. &hellip; <a href=\"https:\/\/blog.edu.turku.fi\/tsykkuvis\/kuviksen-projektit\/vedenalainen-veistosprojekti\/\">Lue loppuun <span class=\"meta-nav\">&rarr;<\/span><\/a><\/p>\n","protected":false},"author":45,"featured_media":0,"parent":160,"menu_order":0,"comment_status":"open","ping_status":"closed","template":"","meta":{"footnotes":""},"class_list":["post-293","page","type-page","status-publish","hentry"],"_links":{"self":[{"href":"https:\/\/blog.edu.turku.fi\/tsykkuvis\/wp-json\/wp\/v2\/pages\/293","targetHints":{"allow":["GET"]}}],"collection":[{"href":"https:\/\/blog.edu.turku.fi\/tsykkuvis\/wp-json\/wp\/v2\/pages"}],"about":[{"href":"https:\/\/blog.edu.turku.fi\/tsykkuvis\/wp-json\/wp\/v2\/types\/page"}],"author":[{"embeddable":true,"href":"https:\/\/blog.edu.turku.fi\/tsykkuvis\/wp-json\/wp\/v2\/users\/45"}],"replies":[{"embeddable":true,"href":"https:\/\/blog.edu.turku.fi\/tsykkuvis\/wp-json\/wp\/v2\/comments?post=293"}],"version-history":[{"count":8,"href":"https:\/\/blog.edu.turku.fi\/tsykkuvis\/wp-json\/wp\/v2\/pages\/293\/revisions"}],"predecessor-version":[{"id":442,"href":"https:\/\/blog.edu.turku.fi\/tsykkuvis\/wp-json\/wp\/v2\/pages\/293\/revisions\/442"}],"up":[{"embeddable":true,"href":"https:\/\/blog.edu.turku.fi\/tsykkuvis\/wp-json\/wp\/v2\/pages\/160"}],"wp:attachment":[{"href":"https:\/\/blog.edu.turku.fi\/tsykkuvis\/wp-json\/wp\/v2\/media?parent=293"}],"curies":[{"name":"wp","href":"https:\/\/api.w.org\/{rel}","templated":true}]}}