{"id":19,"date":"2013-11-20T11:03:59","date_gmt":"2013-11-20T09:03:59","guid":{"rendered":"https:\/\/blog.edu.turku.fi\/tsykkuvis\/?page_id=19"},"modified":"2019-02-16T14:14:59","modified_gmt":"2019-02-16T12:14:59","slug":"ku1-mina-kuva-ja-kulttuuri","status":"publish","type":"page","link":"https:\/\/blog.edu.turku.fi\/tsykkuvis\/kuvataiteen-kurssit\/ku1-mina-kuva-ja-kulttuuri\/","title":{"rendered":"Ku1 Kuvat ja kulttuurit"},"content":{"rendered":"<div dir=\"ltr\" style=\"text-align: center\">\n<p>Pohditaan kuvataiteen ja muun visuaalisen kulttuurin merkityst\u00e4 omassa el\u00e4m\u00e4ss\u00e4, yhteiskunnassa ja globaalissa maailmassa. Analysoidaan taiteen ja visuaalisen kulttuurin kuvia. Harjoitellaan perinteisi\u00e4 kuvataiteen menetelmi\u00e4 sek\u00e4 hy\u00f6dynnet\u00e4\u00e4n uutta teknologiaa ja mediaymp\u00e4rist\u00f6j\u00e4. Taiden\u00e4yttelyvierailu. Suositeltava suoritusvuosi <em>1. vuosi. Kurssikoe. Numeroarviointi\u00a0\u00a0<\/em><\/p>\n<p>Valtakunnallinen pakollinen kurssi luonnontiedelinjan opiskelijoille<span data-ccp-props=\"{&quot;134233117&quot;:true,&quot;134233118&quot;:true,&quot;201341983&quot;:0,&quot;335559740&quot;:240}\">\u00a0<\/span><\/p>\n<p>&nbsp;<\/p>\n<\/div>\n","protected":false},"excerpt":{"rendered":"<p>Pohditaan kuvataiteen ja muun visuaalisen kulttuurin merkityst\u00e4 omassa el\u00e4m\u00e4ss\u00e4, yhteiskunnassa ja globaalissa maailmassa. Analysoidaan taiteen ja visuaalisen kulttuurin kuvia. Harjoitellaan perinteisi\u00e4 kuvataiteen menetelmi\u00e4 sek\u00e4 hy\u00f6dynnet\u00e4\u00e4n uutta teknologiaa ja mediaymp\u00e4rist\u00f6j\u00e4. Taiden\u00e4yttelyvierailu. Suositeltava suoritusvuosi 1. vuosi. Kurssikoe. Numeroarviointi\u00a0\u00a0 Valtakunnallinen pakollinen kurssi luonnontiedelinjan &hellip; <a href=\"https:\/\/blog.edu.turku.fi\/tsykkuvis\/kuvataiteen-kurssit\/ku1-mina-kuva-ja-kulttuuri\/\">Lue loppuun <span class=\"meta-nav\">&rarr;<\/span><\/a><\/p>\n","protected":false},"author":45,"featured_media":0,"parent":16,"menu_order":1,"comment_status":"closed","ping_status":"closed","template":"","meta":{"footnotes":""},"class_list":["post-19","page","type-page","status-publish","hentry"],"_links":{"self":[{"href":"https:\/\/blog.edu.turku.fi\/tsykkuvis\/wp-json\/wp\/v2\/pages\/19","targetHints":{"allow":["GET"]}}],"collection":[{"href":"https:\/\/blog.edu.turku.fi\/tsykkuvis\/wp-json\/wp\/v2\/pages"}],"about":[{"href":"https:\/\/blog.edu.turku.fi\/tsykkuvis\/wp-json\/wp\/v2\/types\/page"}],"author":[{"embeddable":true,"href":"https:\/\/blog.edu.turku.fi\/tsykkuvis\/wp-json\/wp\/v2\/users\/45"}],"replies":[{"embeddable":true,"href":"https:\/\/blog.edu.turku.fi\/tsykkuvis\/wp-json\/wp\/v2\/comments?post=19"}],"version-history":[{"count":5,"href":"https:\/\/blog.edu.turku.fi\/tsykkuvis\/wp-json\/wp\/v2\/pages\/19\/revisions"}],"predecessor-version":[{"id":820,"href":"https:\/\/blog.edu.turku.fi\/tsykkuvis\/wp-json\/wp\/v2\/pages\/19\/revisions\/820"}],"up":[{"embeddable":true,"href":"https:\/\/blog.edu.turku.fi\/tsykkuvis\/wp-json\/wp\/v2\/pages\/16"}],"wp:attachment":[{"href":"https:\/\/blog.edu.turku.fi\/tsykkuvis\/wp-json\/wp\/v2\/media?parent=19"}],"curies":[{"name":"wp","href":"https:\/\/api.w.org\/{rel}","templated":true}]}}