{"id":3280,"date":"2024-06-17T14:41:53","date_gmt":"2024-06-17T11:41:53","guid":{"rendered":"https:\/\/blog.edu.turku.fi\/tsyk\/?page_id=3280"},"modified":"2024-06-17T14:41:53","modified_gmt":"2024-06-17T11:41:53","slug":"turun-suomalaisen-yhteiskoulun-lukion-opiskelijakunta","status":"publish","type":"page","link":"https:\/\/blog.edu.turku.fi\/tsyk\/turun-suomalaisen-yhteiskoulun-lukion-opiskelijakunta\/","title":{"rendered":"Turun Suomalaisen Yhteiskoulun lukion opiskelijakunta"},"content":{"rendered":"<p>Kaikki koulumme opiskelijat kuuluvat opiskelijakuntaan, joka vuosittain valitsee keskuudestaan puheenjohtajan ja hallituksen j\u00e4senet. Opiskelijakunnan hallituksen edustaja voi osallistua opettajainkokouksiin. Opiskelijakunta voi j\u00e4rjest\u00e4\u00e4 mm. koeviikon viimeisen p\u00e4iv\u00e4n iltap\u00e4ivien \u201dkevennysohjelmaa\u201d.<\/p>\n<p>Turun Suomalaisen Yhteiskoulun Lukion opiskelijakunnan hallitus koostuu hallituksen j\u00e4senist\u00e4, tiedotus- ja toimintavastaavista, sihteerist\u00e4, rahastonhoitajasta sek\u00e4 puheenjohtajistosta. Yhdess\u00e4 n\u00e4m\u00e4 tahot muodostavat toimielimen, jonka tavoite on ajaa opiskelijoiden etuja, lis\u00e4t\u00e4 viihtyisyytt\u00e4 sek\u00e4 tuoda mielipiteit\u00e4 opettajakunnan tietoon.<\/p>\n<p><em>\u00a0<\/em>K\u00e4yt\u00e4nn\u00f6ss\u00e4 OPKH pyrkii toteuttamaan tavoitteitaan k\u00e4ym\u00e4ll\u00e4 vuorokeskustelua opettajankokouksissa, j\u00e4rjest\u00e4m\u00e4ll\u00e4 tapahtumia, toteuttamalla yhteisty\u00f6t\u00e4 sis\u00e4isten ja ulkoisten tahojen kanssa sek\u00e4 valvomalla opiskelijoiden etuja koulussa ja sen ulkopuolella.<\/p>\n<p>Opiskelijakunnan hallituksessa toimiminen sopii jokaiselle opiskelijalle, joka kiinnostunut vaikuttamisesta, yhteiskunnasta, viestinn\u00e4st\u00e4, markkinoinnista tai johtamisesta<em>.<\/em><\/p>\n","protected":false},"excerpt":{"rendered":"<p>Kaikki koulumme opiskelijat kuuluvat opiskelijakuntaan, joka vuosittain valitsee keskuudestaan puheenjohtajan ja hallituksen j\u00e4senet. Opiskelijakunnan hallituksen edustaja voi osallistua opettajainkokouksiin. Opiskelijakunta voi j\u00e4rjest\u00e4\u00e4 mm. koeviikon viimeisen p\u00e4iv\u00e4n iltap\u00e4ivien \u201dkevennysohjelmaa\u201d. Turun Suomalaisen Yhteiskoulun Lukion opiskelijakunnan hallitus koostuu hallituksen j\u00e4senist\u00e4, tiedotus- ja toimintavastaavista, sihteerist\u00e4, rahastonhoitajasta sek\u00e4 puheenjohtajistosta. Yhdess\u00e4 n\u00e4m\u00e4 tahot muodostavat toimielimen, jonka tavoite on ajaa opiskelijoiden etuja, &hellip; <a href=\"https:\/\/blog.edu.turku.fi\/tsyk\/turun-suomalaisen-yhteiskoulun-lukion-opiskelijakunta\/\" class=\"more-link\">Jatka artikkeliin <span class=\"screen-reader-text\">Turun Suomalaisen Yhteiskoulun lukion opiskelijakunta<\/span><\/a><\/p>\n","protected":false},"author":2565,"featured_media":0,"parent":0,"menu_order":0,"comment_status":"closed","ping_status":"closed","template":"","meta":{"footnotes":""},"class_list":["post-3280","page","type-page","status-publish","hentry"],"_links":{"self":[{"href":"https:\/\/blog.edu.turku.fi\/tsyk\/wp-json\/wp\/v2\/pages\/3280","targetHints":{"allow":["GET"]}}],"collection":[{"href":"https:\/\/blog.edu.turku.fi\/tsyk\/wp-json\/wp\/v2\/pages"}],"about":[{"href":"https:\/\/blog.edu.turku.fi\/tsyk\/wp-json\/wp\/v2\/types\/page"}],"author":[{"embeddable":true,"href":"https:\/\/blog.edu.turku.fi\/tsyk\/wp-json\/wp\/v2\/users\/2565"}],"replies":[{"embeddable":true,"href":"https:\/\/blog.edu.turku.fi\/tsyk\/wp-json\/wp\/v2\/comments?post=3280"}],"version-history":[{"count":1,"href":"https:\/\/blog.edu.turku.fi\/tsyk\/wp-json\/wp\/v2\/pages\/3280\/revisions"}],"predecessor-version":[{"id":3281,"href":"https:\/\/blog.edu.turku.fi\/tsyk\/wp-json\/wp\/v2\/pages\/3280\/revisions\/3281"}],"wp:attachment":[{"href":"https:\/\/blog.edu.turku.fi\/tsyk\/wp-json\/wp\/v2\/media?parent=3280"}],"curies":[{"name":"wp","href":"https:\/\/api.w.org\/{rel}","templated":true}]}}