{"id":3253,"date":"2024-06-12T15:03:21","date_gmt":"2024-06-12T12:03:21","guid":{"rendered":"https:\/\/blog.edu.turku.fi\/tsyk\/?page_id=3253"},"modified":"2025-11-20T11:52:37","modified_gmt":"2025-11-20T09:52:37","slug":"uusinta-ja-korotuskuulustelut","status":"publish","type":"page","link":"https:\/\/blog.edu.turku.fi\/tsyk\/uusinta-ja-korotuskuulustelut\/","title":{"rendered":"Uusintakuulustelu ja yleinen koetilaisuus"},"content":{"rendered":"<p>Opiskelijalla on oikeus korottaa hyl\u00e4tty\u00e4 tai hyv\u00e4ksytty\u00e4 koetta yhden kerran lukuvuoden aikana. Ko. kokeisiin ilmoittaudutaan<strong> Wilmassa m\u00e4\u00e4r\u00e4aikaan menness\u00e4, jonka j\u00e4lkeisi\u00e4 ilmoittautumisia ei oteta vastaan<\/strong>.<\/p>\n<p><strong>Ilmoittautuminen on sitova<\/strong>.\u00a0Mik\u00e4li opiskelija ei saavu kokeeseen, h\u00e4n menett\u00e4\u00e4 oikeutensa uusintaan tai korotukseen. Koep\u00e4iv\u00e4n\u00e4 oppitunneilta ilman p\u00e4tev\u00e4\u00e4 syyt\u00e4 poissa ollut opiskelija ei voi osallistua ko. kokeisiin.<\/p>\n<p><strong>Uusintakoetilaisuudessa<\/strong> voi suorittaa hyl\u00e4tty\u00e4 opintosuoritusta tai jos opiskelija on ollut hyv\u00e4ksytyst\u00e4 syyst\u00e4 poissa kokeesta.<\/p>\n<p><strong>Yleisess\u00e4 koetilaisuudessa<\/strong> opiskelija voi korottaa hyv\u00e4ksytty\u00e4 tai hyl\u00e4tty\u00e4 opintosuoritusta, suorittaa itsen\u00e4isen opintojakson kokeen, yo-kokeesta johtuvia r\u00e4stikokeita, pidemm\u00e4st\u00e4 sairausloman tai koulun pidemmist\u00e4 opintomatkoista johtuvia r\u00e4stikokeita.<\/p>\n<p>Uusintakokeesta ja yleisest\u00e4 koetilaisuudesta voi poistua aikaisintaan tunnin kuluttua sen alkamisesta.<\/p>\n","protected":false},"excerpt":{"rendered":"<p>Opiskelijalla on oikeus korottaa hyl\u00e4tty\u00e4 tai hyv\u00e4ksytty\u00e4 koetta yhden kerran lukuvuoden aikana. Ko. kokeisiin ilmoittaudutaan Wilmassa m\u00e4\u00e4r\u00e4aikaan menness\u00e4, jonka j\u00e4lkeisi\u00e4 ilmoittautumisia ei oteta vastaan. Ilmoittautuminen on sitova.\u00a0Mik\u00e4li opiskelija ei saavu kokeeseen, h\u00e4n menett\u00e4\u00e4 oikeutensa uusintaan tai korotukseen. Koep\u00e4iv\u00e4n\u00e4 oppitunneilta ilman p\u00e4tev\u00e4\u00e4 syyt\u00e4 poissa ollut opiskelija ei voi osallistua ko. kokeisiin. Uusintakoetilaisuudessa voi suorittaa hyl\u00e4tty\u00e4 opintosuoritusta &hellip; <a href=\"https:\/\/blog.edu.turku.fi\/tsyk\/uusinta-ja-korotuskuulustelut\/\" class=\"more-link\">Jatka artikkeliin <span class=\"screen-reader-text\">Uusintakuulustelu ja yleinen koetilaisuus<\/span><\/a><\/p>\n","protected":false},"author":2565,"featured_media":0,"parent":0,"menu_order":0,"comment_status":"closed","ping_status":"closed","template":"","meta":{"footnotes":""},"class_list":["post-3253","page","type-page","status-publish","hentry"],"_links":{"self":[{"href":"https:\/\/blog.edu.turku.fi\/tsyk\/wp-json\/wp\/v2\/pages\/3253","targetHints":{"allow":["GET"]}}],"collection":[{"href":"https:\/\/blog.edu.turku.fi\/tsyk\/wp-json\/wp\/v2\/pages"}],"about":[{"href":"https:\/\/blog.edu.turku.fi\/tsyk\/wp-json\/wp\/v2\/types\/page"}],"author":[{"embeddable":true,"href":"https:\/\/blog.edu.turku.fi\/tsyk\/wp-json\/wp\/v2\/users\/2565"}],"replies":[{"embeddable":true,"href":"https:\/\/blog.edu.turku.fi\/tsyk\/wp-json\/wp\/v2\/comments?post=3253"}],"version-history":[{"count":7,"href":"https:\/\/blog.edu.turku.fi\/tsyk\/wp-json\/wp\/v2\/pages\/3253\/revisions"}],"predecessor-version":[{"id":3726,"href":"https:\/\/blog.edu.turku.fi\/tsyk\/wp-json\/wp\/v2\/pages\/3253\/revisions\/3726"}],"wp:attachment":[{"href":"https:\/\/blog.edu.turku.fi\/tsyk\/wp-json\/wp\/v2\/media?parent=3253"}],"curies":[{"name":"wp","href":"https:\/\/api.w.org\/{rel}","templated":true}]}}