{"id":3239,"date":"2024-06-12T14:41:09","date_gmt":"2024-06-12T11:41:09","guid":{"rendered":"https:\/\/blog.edu.turku.fi\/tsyk\/?page_id=3239"},"modified":"2024-06-12T14:41:09","modified_gmt":"2024-06-12T11:41:09","slug":"arviointi","status":"publish","type":"page","link":"https:\/\/blog.edu.turku.fi\/tsyk\/arviointi\/","title":{"rendered":"Arviointi"},"content":{"rendered":"<p>Opiskelijan oppimisen arvioinnin teht\u00e4v\u00e4n\u00e4 on antaa opiskelijalle palautetta opintojen edistymisest\u00e4 ja oppimistuloksista sek\u00e4 lukio-opintojen aikana ett\u00e4 lukion p\u00e4\u00e4ttyess\u00e4. Opiskelijan arvioinnilla pyrit\u00e4\u00e4n ohjaamaan ja kannustamaan opiskelua sek\u00e4 kehitt\u00e4m\u00e4\u00e4n opiskelijan edellytyksi\u00e4 itsearviointiin.<\/p>\n<p>Jokaisen opintojakson alussa opettaja selvitt\u00e4\u00e4 arviointiperusteet<\/p>\n<p>Arvosana m\u00e4\u00e4r\u00e4ytyy kokonaisarviointina kokeiden ja \/ tai muun n\u00e4yt\u00f6n perusteella. Muuhun n\u00e4ytt\u00f6\u00f6n sis\u00e4ltyv\u00e4t mm. tuntiosaaminen ja -aktiivisuus, kotiteht\u00e4vien tekeminen sek\u00e4 erilaiset esitelm\u00e4t, kirjoitelmat tai muut teht\u00e4v\u00e4t. Vasta kun opiskelija on osallistunut kokeeseen, palauttanut puuttuvat osasuoritukset ja selvitt\u00e4nyt poissaolot, opintojakso voidaan arvostella.<\/p>\n<p>Kokeessa on oltava v\u00e4hint\u00e4\u00e4n puolet ajasta ennen kuin voi poistua.<\/p>\n<p>Opintojaksot arvioidaan itsen\u00e4isesti, toisistaan riippumatta. Pakolliset ja valtakunnalliset valinnaiset opintojaksot ja valinnaiset kielet arvioidaan aina numeroin. Poikkeuksena t\u00e4st\u00e4 on opinto-ohjaus, josta annetaan suoritusmerkint\u00e4.<br \/>\n<strong><br \/>\nArvosana-asteikko<br \/>\n<\/strong>Numerot:<br \/>\n4 <strong>\u2212<\/strong> 10\u00a0\u00a0\u00a0\u00a0\u00a0\u00a0\u00a0\u00a0 (hyl\u00e4tty \u2013 erinomainen)<br \/>\nKirjaimet:<br \/>\nS\u00a0\u00a0\u00a0\u00a0\u00a0\u00a0\u00a0\u00a0\u00a0\u00a0\u00a0\u00a0\u00a0\u00a0\u00a0\u00a0\u00a0\u00a0 (suoritettu)<br \/>\nT\u00a0\u00a0\u00a0\u00a0\u00a0\u00a0\u00a0\u00a0\u00a0\u00a0\u00a0\u00a0\u00a0\u00a0\u00a0\u00a0\u00a0\u00a0\u00a0 (t\u00e4ydennett\u00e4v\u00e4, opintojaksosta puuttuu osasuoritus tai poissaolot ovat selvitt\u00e4m\u00e4tt\u00e4)<br \/>\nI\u00a0\u00a0\u00a0\u00a0\u00a0\u00a0\u00a0\u00a0\u00a0\u00a0\u00a0\u00a0\u00a0\u00a0\u00a0\u00a0\u00a0\u00a0\u00a0\u00a0 (itsen\u00e4inen suoritus)<br \/>\nK\u00a0\u00a0\u00a0\u00a0\u00a0\u00a0\u00a0\u00a0\u00a0\u00a0\u00a0\u00a0\u00a0\u00a0\u00a0\u00a0\u00a0\u00a0 (opintojakso j\u00e4tetty kesken)<br \/>\nH\u00a0\u00a0\u00a0\u00a0\u00a0\u00a0\u00a0\u00a0\u00a0\u00a0\u00a0\u00a0\u00a0\u00a0\u00a0\u00a0\u00a0\u00a0 (hyl\u00e4tty, jos opintojakso arvioidaan suoritusmerkinn\u00e4ll\u00e4)<\/p>\n","protected":false},"excerpt":{"rendered":"<p>Opiskelijan oppimisen arvioinnin teht\u00e4v\u00e4n\u00e4 on antaa opiskelijalle palautetta opintojen edistymisest\u00e4 ja oppimistuloksista sek\u00e4 lukio-opintojen aikana ett\u00e4 lukion p\u00e4\u00e4ttyess\u00e4. Opiskelijan arvioinnilla pyrit\u00e4\u00e4n ohjaamaan ja kannustamaan opiskelua sek\u00e4 kehitt\u00e4m\u00e4\u00e4n opiskelijan edellytyksi\u00e4 itsearviointiin. Jokaisen opintojakson alussa opettaja selvitt\u00e4\u00e4 arviointiperusteet Arvosana m\u00e4\u00e4r\u00e4ytyy kokonaisarviointina kokeiden ja \/ tai muun n\u00e4yt\u00f6n perusteella. Muuhun n\u00e4ytt\u00f6\u00f6n sis\u00e4ltyv\u00e4t mm. tuntiosaaminen ja -aktiivisuus, kotiteht\u00e4vien tekeminen &hellip; <a href=\"https:\/\/blog.edu.turku.fi\/tsyk\/arviointi\/\" class=\"more-link\">Jatka artikkeliin <span class=\"screen-reader-text\">Arviointi<\/span><\/a><\/p>\n","protected":false},"author":2565,"featured_media":0,"parent":0,"menu_order":0,"comment_status":"closed","ping_status":"closed","template":"","meta":{"footnotes":""},"class_list":["post-3239","page","type-page","status-publish","hentry"],"_links":{"self":[{"href":"https:\/\/blog.edu.turku.fi\/tsyk\/wp-json\/wp\/v2\/pages\/3239","targetHints":{"allow":["GET"]}}],"collection":[{"href":"https:\/\/blog.edu.turku.fi\/tsyk\/wp-json\/wp\/v2\/pages"}],"about":[{"href":"https:\/\/blog.edu.turku.fi\/tsyk\/wp-json\/wp\/v2\/types\/page"}],"author":[{"embeddable":true,"href":"https:\/\/blog.edu.turku.fi\/tsyk\/wp-json\/wp\/v2\/users\/2565"}],"replies":[{"embeddable":true,"href":"https:\/\/blog.edu.turku.fi\/tsyk\/wp-json\/wp\/v2\/comments?post=3239"}],"version-history":[{"count":1,"href":"https:\/\/blog.edu.turku.fi\/tsyk\/wp-json\/wp\/v2\/pages\/3239\/revisions"}],"predecessor-version":[{"id":3240,"href":"https:\/\/blog.edu.turku.fi\/tsyk\/wp-json\/wp\/v2\/pages\/3239\/revisions\/3240"}],"wp:attachment":[{"href":"https:\/\/blog.edu.turku.fi\/tsyk\/wp-json\/wp\/v2\/media?parent=3239"}],"curies":[{"name":"wp","href":"https:\/\/api.w.org\/{rel}","templated":true}]}}