{"id":3182,"date":"2024-06-11T12:03:15","date_gmt":"2024-06-11T09:03:15","guid":{"rendered":"https:\/\/blog.edu.turku.fi\/tsyk\/?page_id=3182"},"modified":"2025-09-02T10:16:24","modified_gmt":"2025-09-02T07:16:24","slug":"ohjausryhmat-ryhmanohjaajat-ja-aineenopettajat","status":"publish","type":"page","link":"https:\/\/blog.edu.turku.fi\/tsyk\/ohjausryhmat-ryhmanohjaajat-ja-aineenopettajat\/","title":{"rendered":"Ohjausryhm\u00e4t, ryhm\u00e4nohjaajat, opinto-ohjaajat, erityisopettajat ja aineenopettajat"},"content":{"rendered":"<p><strong>Ohjausryhm\u00e4t<\/strong><br \/>\nLukiossa luokkaa vastaa ohjausryhm\u00e4. Ryhm\u00e4nohjaaja on ryhm\u00e4ns\u00e4 t\u00e4rkein tukihenkil\u00f6 ja l\u00e4hiohjaaja. H\u00e4n pit\u00e4\u00e4 ryhm\u00e4ns\u00e4 ryhm\u00e4nohjaukset, joissa annetaan yleisinformaatiota, selvitet\u00e4\u00e4n toimintatapoja koulussa ja viritell\u00e4\u00e4n ryhm\u00e4henke\u00e4. H\u00e4n ohjaa uusia opiskelijoita omaksumaan lukion k\u00e4yt\u00e4nteit\u00e4, seuraa opiskelijoidensa poissaoloja, opintomenestyst\u00e4, hyvinvointia ja on tarvittaessa yhteydess\u00e4 huoltajiin.<\/p>\n<p>Osallistuminen ryhm\u00e4nohjaustuokioihin on osa opinto-ohjausta ja siten pakollista. Ryhm\u00e4nohjaus on my\u00f6s tiedotuskanava ryhm\u00e4n opiskelijakunnan edustajille. Jos opiskelija on pois ryhm\u00e4nohjauksesta, h\u00e4nen on pikaisesti otettava yhteytt\u00e4 ryhm\u00e4nohjaajaansa.<\/p>\n<p>Ryhm\u00e4nohjaajat l\u00f6ytyv\u00e4t Wilmasta ja heid\u00e4t tavoittaa Wilmasta tai s\u00e4hk\u00f6postin (<a href=\"mailto:etunimi.sukunimi@edu.turku.fi\">etunimi.sukunimi@edu.turku.fi<\/a>) kautta.<\/p>\n<p><strong>Opinto-ohjaus ja opinto-ohjaajien ohjausryhm\u00e4t lv.2025-2026<br \/>\n<\/strong><strong>Essi Elomaa (Marja Kouhi) 044 907 3086<br \/>\n<\/strong>25D, 25E, 25F, 24F, 24G, 23E, 23F,\u00a0 22J: ELO \/ MLO<br \/>\n<strong>Marianne Laulumaa 044 907 2345<\/strong><br \/>\n25B, 25C, 25G, 24 C, 24D, 24E, 23A ja 23D<br \/>\n<strong>Seija Simola 044 907 4403<\/strong><br \/>\n25H, 25M, 24A, 24H, 24M,\u00a0 23G, 23H, 22J: SSI<br \/>\n<strong>Vapamaa Tiina 040 4829173<\/strong><br \/>\n25A, 24B, 23B, 23C, 22: TVA<\/p>\n<p><strong>Erityisopetus ja erityisopettajien ryhm\u00e4t lv. 2024-2025<\/strong><br \/>\n<strong>Juha Hiltunen 044 907 4906<br \/>\n<\/strong>25A, 25B, 25C, 25D, 25E, 25M<strong><br \/>\n<\/strong>24A, 24B, 24C, 24D, 24E, 24M<br \/>\n23A, 23B, 23C, 23D, 23H<br \/>\n22 J<\/p>\n<p><strong>Maria Carlsson 044 907 4048<br \/>\n<\/strong>25F, 25G, 25H<strong><br \/>\n<\/strong>24F, 24G, 24H<br \/>\n23E, 23F, 23G<\/p>\n<p><strong>Lukion aineenopettajat<br \/>\n<\/strong>Aineenopettajat l\u00f6ytyv\u00e4t Wilmasta ja heid\u00e4t tavoittaa Wilmasta tai s\u00e4hk\u00f6postin (<a href=\"mailto:etunimi.sukunimi@edu.turku.fi\">etunimi.sukunimi@edu.turku.fi<\/a>) kautta.<\/p>\n","protected":false},"excerpt":{"rendered":"<p>Ohjausryhm\u00e4t Lukiossa luokkaa vastaa ohjausryhm\u00e4. Ryhm\u00e4nohjaaja on ryhm\u00e4ns\u00e4 t\u00e4rkein tukihenkil\u00f6 ja l\u00e4hiohjaaja. H\u00e4n pit\u00e4\u00e4 ryhm\u00e4ns\u00e4 ryhm\u00e4nohjaukset, joissa annetaan yleisinformaatiota, selvitet\u00e4\u00e4n toimintatapoja koulussa ja viritell\u00e4\u00e4n ryhm\u00e4henke\u00e4. H\u00e4n ohjaa uusia opiskelijoita omaksumaan lukion k\u00e4yt\u00e4nteit\u00e4, seuraa opiskelijoidensa poissaoloja, opintomenestyst\u00e4, hyvinvointia ja on tarvittaessa yhteydess\u00e4 huoltajiin. Osallistuminen ryhm\u00e4nohjaustuokioihin on osa opinto-ohjausta ja siten pakollista. Ryhm\u00e4nohjaus on my\u00f6s tiedotuskanava ryhm\u00e4n &hellip; <a href=\"https:\/\/blog.edu.turku.fi\/tsyk\/ohjausryhmat-ryhmanohjaajat-ja-aineenopettajat\/\" class=\"more-link\">Jatka artikkeliin <span class=\"screen-reader-text\">Ohjausryhm\u00e4t, ryhm\u00e4nohjaajat, opinto-ohjaajat, erityisopettajat ja aineenopettajat<\/span><\/a><\/p>\n","protected":false},"author":2565,"featured_media":0,"parent":0,"menu_order":0,"comment_status":"closed","ping_status":"closed","template":"","meta":{"footnotes":""},"class_list":["post-3182","page","type-page","status-publish","hentry"],"_links":{"self":[{"href":"https:\/\/blog.edu.turku.fi\/tsyk\/wp-json\/wp\/v2\/pages\/3182","targetHints":{"allow":["GET"]}}],"collection":[{"href":"https:\/\/blog.edu.turku.fi\/tsyk\/wp-json\/wp\/v2\/pages"}],"about":[{"href":"https:\/\/blog.edu.turku.fi\/tsyk\/wp-json\/wp\/v2\/types\/page"}],"author":[{"embeddable":true,"href":"https:\/\/blog.edu.turku.fi\/tsyk\/wp-json\/wp\/v2\/users\/2565"}],"replies":[{"embeddable":true,"href":"https:\/\/blog.edu.turku.fi\/tsyk\/wp-json\/wp\/v2\/comments?post=3182"}],"version-history":[{"count":15,"href":"https:\/\/blog.edu.turku.fi\/tsyk\/wp-json\/wp\/v2\/pages\/3182\/revisions"}],"predecessor-version":[{"id":3656,"href":"https:\/\/blog.edu.turku.fi\/tsyk\/wp-json\/wp\/v2\/pages\/3182\/revisions\/3656"}],"wp:attachment":[{"href":"https:\/\/blog.edu.turku.fi\/tsyk\/wp-json\/wp\/v2\/media?parent=3182"}],"curies":[{"name":"wp","href":"https:\/\/api.w.org\/{rel}","templated":true}]}}