{"id":293,"date":"2018-10-26T14:30:29","date_gmt":"2018-10-26T11:30:29","guid":{"rendered":"https:\/\/blog.edu.turku.fi\/tsyk\/?page_id=293"},"modified":"2024-06-18T10:21:32","modified_gmt":"2024-06-18T07:21:32","slug":"opintopsykologi","status":"publish","type":"page","link":"https:\/\/blog.edu.turku.fi\/tsyk\/opintopsykologi\/","title":{"rendered":"Opintopsykologi"},"content":{"rendered":"<p>Opintopsykologin palvelut lukiossa<\/p>\n<p>Opintopsykologilla k\u00e4yminen on maksutonta, vapaaehtoista sek\u00e4 luottamuksellista. Tapaamisia on yleens\u00e4 1 &#8211; 5 ja niiden kesto on 45 &#8211; 60 minuuttia. Tapaamiset ovat luvallisia poissaoloja oppitunneilta. Yhteytt\u00e4 voit ottaa joko puhelimitse tai s\u00e4hk\u00f6postitse. Yhteystiedot l\u00f6ytyv\u00e4t alhaalta.<\/p>\n<p>Milloin opintopsykologille?<\/p>\n<p>Ota rohkeasti ajoissa yhteytt\u00e4, jos olet huolissasi jaksamisestasi tai opiskelukyvyst\u00e4si. Tyypillisi\u00e4 yhteydenottosyit\u00e4 ovat esimerkiksi:<br \/>\n&#8211; Stressi ja uupumus<br \/>\n&#8211; Ajank\u00e4ytt\u00f6 ja arjenhallinta<br \/>\n&#8211; Motivaatio<br \/>\n&#8211; J\u00e4nnitt\u00e4minen<br \/>\n&#8211; Mieliala- tai ahdistusoireilu<br \/>\n&#8211; Opiskelutaidot<br \/>\n&#8211; Oppimisen tai keskittymisen vaikeudet<br \/>\n&#8211; Kriisitilanteet ja \u00e4killiset muutokset el\u00e4m\u00e4ss\u00e4<br \/>\n&#8211; Itsetunto<br \/>\n&#8211; Tulevaisuuteen liittyv\u00e4t pohdinnat<\/p>\n<p>Tarvittaessa psykologi voi arvionsa mukaisesti ohjata muun terveydenhuollon palveluihin tai koota verkostoa opiskelijan tueksi. Psykologi voi ohjata my\u00f6s kolmannen sektorin palveluiden piiriin (esim. Turun kriisikeskus, SPR Nuorten turvatalo, mielenterveysomaisten keskusliitto Finfami ry. yms.)<\/p>\n<p>Opintopsykologi on paikan p\u00e4\u00e4ll\u00e4 lukiolla koko viikon.<br \/>\nOpintopsykologin yhteystiedot:<br \/>\nNiklas Nokelainen<br \/>\np. 040\u00a0614 9817<br \/>\n<a href=\"mailto:niklas.nokelainen@varha.fi\">niklas.nokelainen@varha.fi<\/a><\/p>\n","protected":false},"excerpt":{"rendered":"<p>Opintopsykologin palvelut lukiossa Opintopsykologilla k\u00e4yminen on maksutonta, vapaaehtoista sek\u00e4 luottamuksellista. Tapaamisia on yleens\u00e4 1 &#8211; 5 ja niiden kesto on 45 &#8211; 60 minuuttia. Tapaamiset ovat luvallisia poissaoloja oppitunneilta. Yhteytt\u00e4 voit ottaa joko puhelimitse tai s\u00e4hk\u00f6postitse. Yhteystiedot l\u00f6ytyv\u00e4t alhaalta. Milloin opintopsykologille? Ota rohkeasti ajoissa yhteytt\u00e4, jos olet huolissasi jaksamisestasi tai opiskelukyvyst\u00e4si. Tyypillisi\u00e4 yhteydenottosyit\u00e4 ovat esimerkiksi: &hellip; <a href=\"https:\/\/blog.edu.turku.fi\/tsyk\/opintopsykologi\/\" class=\"more-link\">Jatka artikkeliin <span class=\"screen-reader-text\">Opintopsykologi<\/span><\/a><\/p>\n","protected":false},"author":182,"featured_media":0,"parent":0,"menu_order":0,"comment_status":"closed","ping_status":"closed","template":"","meta":{"footnotes":""},"class_list":["post-293","page","type-page","status-publish","hentry"],"_links":{"self":[{"href":"https:\/\/blog.edu.turku.fi\/tsyk\/wp-json\/wp\/v2\/pages\/293","targetHints":{"allow":["GET"]}}],"collection":[{"href":"https:\/\/blog.edu.turku.fi\/tsyk\/wp-json\/wp\/v2\/pages"}],"about":[{"href":"https:\/\/blog.edu.turku.fi\/tsyk\/wp-json\/wp\/v2\/types\/page"}],"author":[{"embeddable":true,"href":"https:\/\/blog.edu.turku.fi\/tsyk\/wp-json\/wp\/v2\/users\/182"}],"replies":[{"embeddable":true,"href":"https:\/\/blog.edu.turku.fi\/tsyk\/wp-json\/wp\/v2\/comments?post=293"}],"version-history":[{"count":6,"href":"https:\/\/blog.edu.turku.fi\/tsyk\/wp-json\/wp\/v2\/pages\/293\/revisions"}],"predecessor-version":[{"id":3286,"href":"https:\/\/blog.edu.turku.fi\/tsyk\/wp-json\/wp\/v2\/pages\/293\/revisions\/3286"}],"wp:attachment":[{"href":"https:\/\/blog.edu.turku.fi\/tsyk\/wp-json\/wp\/v2\/media?parent=293"}],"curies":[{"name":"wp","href":"https:\/\/api.w.org\/{rel}","templated":true}]}}