{"id":1415,"date":"2020-10-28T15:52:16","date_gmt":"2020-10-28T13:52:16","guid":{"rendered":"https:\/\/blog.edu.turku.fi\/tsyk\/?page_id=1415"},"modified":"2024-06-17T14:28:25","modified_gmt":"2024-06-17T11:28:25","slug":"ohjaus-ja-tuki-tsykin-lukiossa","status":"publish","type":"page","link":"https:\/\/blog.edu.turku.fi\/tsyk\/ohjaus-ja-tuki-tsykin-lukiossa\/","title":{"rendered":"Ohjaus ja tuki TSYKin lukiossa"},"content":{"rendered":"<p>Turun Suomalaisen yhteiskoulun lukion opiskeluhuoltopalveluiden terveydenhoitaja, kuraattori ja psykologi ovat l\u00e4sn\u00e4 koululla jokaisena arkip\u00e4iv\u00e4n\u00e4 opiskelijoiden tavattavissa. Opiskeluhuoltopalvelut tuottaa Varsinais-Suomen hyvinvointialue (VARHA).<\/p>\n<p>Ajanvaraukset voi sopia puhelimitse, s\u00e4hk\u00f6postilla tai tulemalla paikan p\u00e4\u00e4lle kysym\u00e4\u00e4n tapaamista. Opiskeluhuollon palvelut ovat opiskelijalle luottamuksellisia, vapaaehtoisia ja maksuttomia.<\/p>\n<p>Opiskeluhuolto voi ohjata ja neuvoa opiskelijaa my\u00f6s muihin palveluihin hakeutumisessa. Opiskelijat voivat konsultoida opiskeluhuollon toimijoita anonyymisti my\u00f6s tilanteissa, joissa heill\u00e4 on her\u00e4nnyt huoli toiseen henkil\u00f6\u00f6n liittyen. Opiskeluhuollon toimijat voivat antaa neuvontaa ja ohjausta my\u00f6s huoltajille.<\/p>\n<p>Opiskeluhuollon toimijoiden esittelyt l\u00f6yd\u00e4t my\u00f6s koulun nettisivuilta <a href=\"https:\/\/blog.edu.turku.fi\/ohjaus-ja-tuki-lukioissa\/fi\/lukiot-turussa\/tsyk\/\">Ohjaus ja tuki TSYKin lukiossa<\/a>. Opiskeluhuollon palvelut tuottaa Varsinais-Suomen hyvinvointialue.<\/p>\n","protected":false},"excerpt":{"rendered":"<p>Turun Suomalaisen yhteiskoulun lukion opiskeluhuoltopalveluiden terveydenhoitaja, kuraattori ja psykologi ovat l\u00e4sn\u00e4 koululla jokaisena arkip\u00e4iv\u00e4n\u00e4 opiskelijoiden tavattavissa. Opiskeluhuoltopalvelut tuottaa Varsinais-Suomen hyvinvointialue (VARHA). Ajanvaraukset voi sopia puhelimitse, s\u00e4hk\u00f6postilla tai tulemalla paikan p\u00e4\u00e4lle kysym\u00e4\u00e4n tapaamista. Opiskeluhuollon palvelut ovat opiskelijalle luottamuksellisia, vapaaehtoisia ja maksuttomia. Opiskeluhuolto voi ohjata ja neuvoa opiskelijaa my\u00f6s muihin palveluihin hakeutumisessa. Opiskelijat voivat konsultoida opiskeluhuollon toimijoita &hellip; <a href=\"https:\/\/blog.edu.turku.fi\/tsyk\/ohjaus-ja-tuki-tsykin-lukiossa\/\" class=\"more-link\">Jatka artikkeliin <span class=\"screen-reader-text\">Ohjaus ja tuki TSYKin lukiossa<\/span><\/a><\/p>\n","protected":false},"author":2565,"featured_media":0,"parent":0,"menu_order":0,"comment_status":"closed","ping_status":"closed","template":"","meta":{"footnotes":""},"class_list":["post-1415","page","type-page","status-publish","hentry"],"_links":{"self":[{"href":"https:\/\/blog.edu.turku.fi\/tsyk\/wp-json\/wp\/v2\/pages\/1415","targetHints":{"allow":["GET"]}}],"collection":[{"href":"https:\/\/blog.edu.turku.fi\/tsyk\/wp-json\/wp\/v2\/pages"}],"about":[{"href":"https:\/\/blog.edu.turku.fi\/tsyk\/wp-json\/wp\/v2\/types\/page"}],"author":[{"embeddable":true,"href":"https:\/\/blog.edu.turku.fi\/tsyk\/wp-json\/wp\/v2\/users\/2565"}],"replies":[{"embeddable":true,"href":"https:\/\/blog.edu.turku.fi\/tsyk\/wp-json\/wp\/v2\/comments?post=1415"}],"version-history":[{"count":3,"href":"https:\/\/blog.edu.turku.fi\/tsyk\/wp-json\/wp\/v2\/pages\/1415\/revisions"}],"predecessor-version":[{"id":3274,"href":"https:\/\/blog.edu.turku.fi\/tsyk\/wp-json\/wp\/v2\/pages\/1415\/revisions\/3274"}],"wp:attachment":[{"href":"https:\/\/blog.edu.turku.fi\/tsyk\/wp-json\/wp\/v2\/media?parent=1415"}],"curies":[{"name":"wp","href":"https:\/\/api.w.org\/{rel}","templated":true}]}}