{"id":46,"date":"2015-04-29T14:12:33","date_gmt":"2015-04-29T11:12:33","guid":{"rendered":"https:\/\/blog.edu.turku.fi\/topelius\/?page_id=46"},"modified":"2025-11-10T14:48:49","modified_gmt":"2025-11-10T12:48:49","slug":"opetus","status":"publish","type":"page","link":"https:\/\/blog.edu.turku.fi\/topelius\/opetus\/","title":{"rendered":"Oppilaan arki"},"content":{"rendered":"<p>T\u00e4m\u00e4n sivun <strong>alaosasta<\/strong> l\u00f6ytyv\u00e4t j\u00e4rjestyss\u00e4\u00e4nn\u00f6t, opetussuunnitelmat, yl\u00e4koululaisten valinnaisaineoppaat sek\u00e4 tietoa arvioinnin k\u00e4yt\u00e4nteist\u00e4 ja kokeiden tekemisest\u00e4.<\/p>\n<p>Sivun<strong> sivupalkkiin<\/strong> on koottu hy\u00f6dyllisi\u00e4 linkkej\u00e4 auttamaan koulun arkeen liittyviss\u00e4 asioissa.<\/p>\n<p>Mit\u00e4 voisin harrastaa? Mit\u00e4 Turussa tapahtuu koulujen loma-aikaan? Mist\u00e4 voisin l\u00e4hett\u00e4\u00e4 palautteen?\u00a0Voit tutustua oheisesta linkkilistasta\u00a0Turun kaupungin palveluihin, jotka hy\u00f6dytt\u00e4v\u00e4t lapsiperheit\u00e4 ja nuoria.\u00a0\u00a0\u00a0<a href=\"http:\/\/www.turku.fi\/linkkivinkit_koululaisille\">www.turku.fi\/linkkivinkit_koululaisille\u00a0\u00a0<\/a><\/p>\n<p>&nbsp;<\/p>\n<p>&nbsp;<\/p>\n<p>Koulun <strong>j\u00e4rjetyss\u00e4\u00e4nn\u00f6t<\/strong> l\u00f6yd\u00e4t <a href=\"https:\/\/blog.edu.turku.fi\/topelius\/files\/2025\/08\/Topeliuksen-koulun-jarjestyssaannot-1.8.2025-alkaen.pdf\"><strong>t\u00e4st\u00e4.<\/strong><\/a><\/p>\n<p>&nbsp;<\/p>\n<p><a href=\"https:\/\/blog.edu.turku.fi\/topelius\/files\/2023\/09\/ARVIOINNIN-KAYTANTEET-TOPELIUKSEN-KOULUSSA-23-24-1.pdf\"><strong>Yl\u00e4koululaiselle tietoa kokeiden tekemisest\u00e4, arvointik\u00e4yt\u00e4nteist\u00e4 ja oppiaineiden arvioinnista.<\/strong><\/a><\/p>\n<h3><strong><span style=\"color: #ff0000\">Opetussuunnitelma<\/span> ja monialaiset oppimiskokonaisuudet<\/strong><\/h3>\n<p>Voit tutustua t\u00e4\u00e4lt\u00e4\u00a0<a href=\"https:\/\/blog.edu.turku.fi\/topelius\/opetussuunnitelma\/\">Topeliuksen koulun opetussuunnitelmaan ja monialaisiin oppimiskokonaisuuksiin.<\/a><\/p>\n<p>&nbsp;<\/p>\n<p>Oppiainekohtaiset opetussuunnitelmat :<\/p>\n<p><a href=\"https:\/\/blog.edu.turku.fi\/ops2016\/files\/2015\/04\/luku-13-1-2lk.pdf\" target=\"_blank\" rel=\"noopener noreferrer\">Vuosiluokat 1-2<\/a><\/p>\n<p><a href=\"https:\/\/blog.edu.turku.fi\/ops2016\/files\/2015\/04\/luku-14-3-6lk.pdf\" target=\"_blank\" rel=\"noopener noreferrer\">Vuosiluokat 3-6<\/a><\/p>\n<p><a href=\"https:\/\/blog.edu.turku.fi\/ops2016\/files\/2015\/04\/Luku-15-7-9lk.pdf\" target=\"_blank\" rel=\"noopener noreferrer\">Vuosiluokat 7-9<\/a><\/p>\n<h3><span style=\"color: #ff0000\"><strong>Valinnaisaineoppaat lukuvuodeksi 25-26 l\u00f6yd\u00e4t t\u00e4\u00e4lt\u00e4:<\/strong><\/span><\/h3>\n<ul>\n<li><a href=\"https:\/\/blog.edu.turku.fi\/topelius\/files\/2025\/09\/Valinnaisainetarjotin-alakoulu.docx\">Valinnaisainetarjotin alakoulu<\/a><\/li>\n<li><a href=\"https:\/\/blog.edu.turku.fi\/topelius\/files\/2025\/11\/Valinnaisaineopas-7.-luokkalaisille-lukuvuodeksi-25-26.pdf\">7. lk<\/a><\/li>\n<li><a href=\"https:\/\/blog.edu.turku.fi\/topelius\/files\/2025\/11\/Valinnaisaineopas-8.-luokkalaisille-lukuvuodeksi-25-26.pdf\">8. lk<\/a><\/li>\n<\/ul>\n","protected":false},"excerpt":{"rendered":"<p>T\u00e4m\u00e4n sivun alaosasta l\u00f6ytyv\u00e4t j\u00e4rjestyss\u00e4\u00e4nn\u00f6t, opetussuunnitelmat, yl\u00e4koululaisten valinnaisaineoppaat sek\u00e4 tietoa arvioinnin k\u00e4yt\u00e4nteist\u00e4 ja kokeiden tekemisest\u00e4. Sivun sivupalkkiin on koottu hy\u00f6dyllisi\u00e4 linkkej\u00e4 auttamaan koulun arkeen liittyviss\u00e4 asioissa. Mit\u00e4 voisin harrastaa? Mit\u00e4 Turussa tapahtuu koulujen loma-aikaan? Mist\u00e4 voisin l\u00e4hett\u00e4\u00e4 palautteen?\u00a0Voit tutustua oheisesta linkkilistasta\u00a0Turun kaupungin palveluihin, jotka hy\u00f6dytt\u00e4v\u00e4t lapsiperheit\u00e4 ja nuoria.\u00a0\u00a0\u00a0www.turku.fi\/linkkivinkit_koululaisille\u00a0\u00a0 &nbsp; &nbsp; Koulun j\u00e4rjetyss\u00e4\u00e4nn\u00f6t l\u00f6yd\u00e4t t\u00e4st\u00e4. &nbsp; &hellip; <a href=\"https:\/\/blog.edu.turku.fi\/topelius\/opetus\/\" class=\"more-link\">Jatka lukemista<span class=\"screen-reader-text\"> &#8221;Oppilaan arki&#8221;<\/span><\/a><\/p>\n","protected":false},"author":56,"featured_media":0,"parent":0,"menu_order":0,"comment_status":"closed","ping_status":"closed","template":"","meta":{"footnotes":""},"class_list":["post-46","page","type-page","status-publish","hentry"],"_links":{"self":[{"href":"https:\/\/blog.edu.turku.fi\/topelius\/wp-json\/wp\/v2\/pages\/46","targetHints":{"allow":["GET"]}}],"collection":[{"href":"https:\/\/blog.edu.turku.fi\/topelius\/wp-json\/wp\/v2\/pages"}],"about":[{"href":"https:\/\/blog.edu.turku.fi\/topelius\/wp-json\/wp\/v2\/types\/page"}],"author":[{"embeddable":true,"href":"https:\/\/blog.edu.turku.fi\/topelius\/wp-json\/wp\/v2\/users\/56"}],"replies":[{"embeddable":true,"href":"https:\/\/blog.edu.turku.fi\/topelius\/wp-json\/wp\/v2\/comments?post=46"}],"version-history":[{"count":93,"href":"https:\/\/blog.edu.turku.fi\/topelius\/wp-json\/wp\/v2\/pages\/46\/revisions"}],"predecessor-version":[{"id":1630,"href":"https:\/\/blog.edu.turku.fi\/topelius\/wp-json\/wp\/v2\/pages\/46\/revisions\/1630"}],"wp:attachment":[{"href":"https:\/\/blog.edu.turku.fi\/topelius\/wp-json\/wp\/v2\/media?parent=46"}],"curies":[{"name":"wp","href":"https:\/\/api.w.org\/{rel}","templated":true}]}}