{"id":306,"date":"2015-11-23T11:31:09","date_gmt":"2015-11-23T09:31:09","guid":{"rendered":"https:\/\/blog.edu.turku.fi\/topelius\/?page_id=306"},"modified":"2024-03-05T11:32:42","modified_gmt":"2024-03-05T09:32:42","slug":"koulukuraattori","status":"publish","type":"page","link":"https:\/\/blog.edu.turku.fi\/topelius\/koulukuraattori\/","title":{"rendered":"Koulukuraattori"},"content":{"rendered":"<p>Koulukuraattoriin voi olla yhteydess\u00e4 mm. kaverisuhteisiin ja perhetilanteeseen liittyviss\u00e4 pulmatilanteissa tai mik\u00e4li huoli liittyy runsaisiin\/ep\u00e4selviin poissaoloihin, mielialaan tai k\u00e4ytt\u00e4ytymiseen.<\/p>\n<p>Koulukuraattori Krista Hedback on Topeliuksessa maanantaisin ja perjantaisin. Huone l\u00f6ytyy yl\u00e4koulun puolelta ensimm\u00e4isest\u00e4 kerroksesta. Kristan tavoittaa numerosta 040-8094075 tai s\u00e4hk\u00f6postiosoitteesta krista.hedback@varha.fi<\/p>\n<p><a href=\"http:\/\/www.turku.fi\/toimipaikat\/topeliuksen-koulu\">http:\/\/www.turku.fi\/toimipaikat\/topeliuksen-koulu<\/a><\/p>\n<p>&nbsp;<\/p>\n","protected":false},"excerpt":{"rendered":"<p>Koulukuraattoriin voi olla yhteydess\u00e4 mm. kaverisuhteisiin ja perhetilanteeseen liittyviss\u00e4 pulmatilanteissa tai mik\u00e4li huoli liittyy runsaisiin\/ep\u00e4selviin poissaoloihin, mielialaan tai k\u00e4ytt\u00e4ytymiseen. Koulukuraattori Krista Hedback on Topeliuksessa maanantaisin ja perjantaisin. Huone l\u00f6ytyy yl\u00e4koulun puolelta ensimm\u00e4isest\u00e4 kerroksesta. Kristan tavoittaa numerosta 040-8094075 tai s\u00e4hk\u00f6postiosoitteesta krista.hedback@varha.fi http:\/\/www.turku.fi\/toimipaikat\/topeliuksen-koulu &nbsp;<\/p>\n","protected":false},"author":1226,"featured_media":0,"parent":0,"menu_order":0,"comment_status":"closed","ping_status":"closed","template":"","meta":{"footnotes":""},"class_list":["post-306","page","type-page","status-publish","hentry"],"_links":{"self":[{"href":"https:\/\/blog.edu.turku.fi\/topelius\/wp-json\/wp\/v2\/pages\/306","targetHints":{"allow":["GET"]}}],"collection":[{"href":"https:\/\/blog.edu.turku.fi\/topelius\/wp-json\/wp\/v2\/pages"}],"about":[{"href":"https:\/\/blog.edu.turku.fi\/topelius\/wp-json\/wp\/v2\/types\/page"}],"author":[{"embeddable":true,"href":"https:\/\/blog.edu.turku.fi\/topelius\/wp-json\/wp\/v2\/users\/1226"}],"replies":[{"embeddable":true,"href":"https:\/\/blog.edu.turku.fi\/topelius\/wp-json\/wp\/v2\/comments?post=306"}],"version-history":[{"count":4,"href":"https:\/\/blog.edu.turku.fi\/topelius\/wp-json\/wp\/v2\/pages\/306\/revisions"}],"predecessor-version":[{"id":1434,"href":"https:\/\/blog.edu.turku.fi\/topelius\/wp-json\/wp\/v2\/pages\/306\/revisions\/1434"}],"wp:attachment":[{"href":"https:\/\/blog.edu.turku.fi\/topelius\/wp-json\/wp\/v2\/media?parent=306"}],"curies":[{"name":"wp","href":"https:\/\/api.w.org\/{rel}","templated":true}]}}