{"id":298,"date":"2015-11-23T11:25:01","date_gmt":"2015-11-23T09:25:01","guid":{"rendered":"https:\/\/blog.edu.turku.fi\/topelius\/?page_id=298"},"modified":"2015-11-23T11:25:01","modified_gmt":"2015-11-23T09:25:01","slug":"oppilaan-tuki","status":"publish","type":"page","link":"https:\/\/blog.edu.turku.fi\/topelius\/oppilaan-tuki\/","title":{"rendered":"Oppilaan tuki"},"content":{"rendered":"<p>Topeliuksen koulussa lasten ja nuorten oppimista tuetaan tuki- ja erityisopetuksella sek\u00e4 oppilashuoltoty\u00f6ll\u00e4. Hyvinvointia yll\u00e4pit\u00e4v\u00e4n ja ongelmien syntymist\u00e4 ennaltaehk\u00e4isev\u00e4n toiminnan lis\u00e4ksi oppilashuoltoty\u00f6ll\u00e4 tuetaan erityisesti niit\u00e4 oppilaita, joilla on opiskeluun liittyvi\u00e4 vaikeuksia.<\/p>\n<p>Oppilas voi tarvita tukea opiskelun kaikissa vaiheissa. Erityisopetuksen tarkoituksena on tukea oppilasta niin, ett\u00e4 h\u00e4n saavuttaa opiskelutavoitteensa ja saa p\u00e4\u00e4tt\u00f6todistuksen. Erityisopetus voi olla koko- tai osa-aikaista.<\/p>\n","protected":false},"excerpt":{"rendered":"<p>Topeliuksen koulussa lasten ja nuorten oppimista tuetaan tuki- ja erityisopetuksella sek\u00e4 oppilashuoltoty\u00f6ll\u00e4. Hyvinvointia yll\u00e4pit\u00e4v\u00e4n ja ongelmien syntymist\u00e4 ennaltaehk\u00e4isev\u00e4n toiminnan lis\u00e4ksi oppilashuoltoty\u00f6ll\u00e4 tuetaan erityisesti niit\u00e4 oppilaita, joilla on opiskeluun liittyvi\u00e4 vaikeuksia. Oppilas voi tarvita tukea opiskelun kaikissa vaiheissa. Erityisopetuksen tarkoituksena on tukea oppilasta niin, ett\u00e4 h\u00e4n saavuttaa opiskelutavoitteensa ja saa p\u00e4\u00e4tt\u00f6todistuksen. Erityisopetus voi olla koko- tai &hellip; <a href=\"https:\/\/blog.edu.turku.fi\/topelius\/oppilaan-tuki\/\" class=\"more-link\">Jatka lukemista<span class=\"screen-reader-text\"> &#8221;Oppilaan tuki&#8221;<\/span><\/a><\/p>\n","protected":false},"author":1226,"featured_media":0,"parent":0,"menu_order":0,"comment_status":"closed","ping_status":"closed","template":"","meta":{"footnotes":""},"class_list":["post-298","page","type-page","status-publish","hentry"],"_links":{"self":[{"href":"https:\/\/blog.edu.turku.fi\/topelius\/wp-json\/wp\/v2\/pages\/298","targetHints":{"allow":["GET"]}}],"collection":[{"href":"https:\/\/blog.edu.turku.fi\/topelius\/wp-json\/wp\/v2\/pages"}],"about":[{"href":"https:\/\/blog.edu.turku.fi\/topelius\/wp-json\/wp\/v2\/types\/page"}],"author":[{"embeddable":true,"href":"https:\/\/blog.edu.turku.fi\/topelius\/wp-json\/wp\/v2\/users\/1226"}],"replies":[{"embeddable":true,"href":"https:\/\/blog.edu.turku.fi\/topelius\/wp-json\/wp\/v2\/comments?post=298"}],"version-history":[{"count":1,"href":"https:\/\/blog.edu.turku.fi\/topelius\/wp-json\/wp\/v2\/pages\/298\/revisions"}],"predecessor-version":[{"id":299,"href":"https:\/\/blog.edu.turku.fi\/topelius\/wp-json\/wp\/v2\/pages\/298\/revisions\/299"}],"wp:attachment":[{"href":"https:\/\/blog.edu.turku.fi\/topelius\/wp-json\/wp\/v2\/media?parent=298"}],"curies":[{"name":"wp","href":"https:\/\/api.w.org\/{rel}","templated":true}]}}