{"id":269,"date":"2015-11-11T13:53:31","date_gmt":"2015-11-11T11:53:31","guid":{"rendered":"https:\/\/blog.edu.turku.fi\/topelius\/?page_id=269"},"modified":"2024-08-27T15:06:44","modified_gmt":"2024-08-27T12:06:44","slug":"koulun-esittely-2","status":"publish","type":"page","link":"https:\/\/blog.edu.turku.fi\/topelius\/koulun-esittely-2\/","title":{"rendered":"Koulun esittely"},"content":{"rendered":"<p><strong>Meid\u00e4n koulumme<\/strong><\/p>\n<p>Topeliuksen koulu on vuosiluokat 1-9 k\u00e4sitt\u00e4v\u00e4 yhten\u00e4inen peruskoulu. Alakoulumme oppilaat ovat koulun l\u00e4hiymp\u00e4rist\u00f6ss\u00e4 asuvia lapsia, yl\u00e4kouluumme oppilaita tulee alakoulun lis\u00e4ksi V\u00e4h\u00e4-Heikkil\u00e4n koulusta (ranskan kieliluokat) sek\u00e4 Pansion ja Aunelan kouluista. Koulussamme toimii my\u00f6s yl\u00e4koulun pienluokka.<\/p>\n<p>Visiomme on tarjota hyv\u00e4\u00e4, laadukasta ja monipuolista opetusta. Koulumme kasvatuksellisena tavoitteena on vahvistaa oppilaan itsetuntoa ja ohjata h\u00e4nt\u00e4 oikeudenmukaisuuteen ja rehellisyyteen. Arvostamme toisista v\u00e4litt\u00e4mist\u00e4 ja toisten kunnioittamista, yritteli\u00e4isyytt\u00e4 sek\u00e4 oma-aloitteisuutta. Monikulttuurisena kouluna pyrimme osaltamme my\u00f6t\u00e4vaikuttamaan suvaitsevaisuuden ja keskin\u00e4isen ymm\u00e4rryksen lis\u00e4\u00e4miseen.<\/p>\n<p><strong>Romaaniset kielet erikoisalanamme: ranska, espanja ja latina<\/strong><\/p>\n<p>Koulussamme toimivat <a href=\"https:\/\/blog.edu.turku.fi\/topelius\/ranskan-kieliluokat\/\">ranskan kieliluokat<\/a>, jonne V\u00e4h\u00e4-Heikkil\u00e4n alakoulun kielilinjan oppilaat siirtyv\u00e4t 7. luokalle. Kaksikielist\u00e4 opetusta annetaan kaikilla luokka-asteilla (7.-9.-luokat).<\/p>\n<p>Kieliluokkalaisten opetuksessa A1-ranskan tuntien lis\u00e4ksi osa matematiikan, fysiikan, kemian, historian ja yhteiskuntaopin opetuksesta on ranskaksi. Opetusta annetaan riitt\u00e4v\u00e4sti suomeksi, jotta oppilaalla on mahdollisuus saavuttaa em. oppiaineiden tavoitteet. Temaattisesti ranskan kieli ja kulttuuri huomioidaan taito- ja taideaineiden opetuksessa. Opetuksen tukena on my\u00f6s natiiviopettaja sek\u00e4 ranskaa puhuvia harjoittelijoita.<\/p>\n<p>Valinnaisena kielen\u00e4 koulussamme voi opiskella 4-9 -luokilla ranskaa tai espanjaa sek\u00e4 luokilla 7-9 edellisten lis\u00e4ksi <a href=\"https:\/\/blog.edu.turku.fi\/topelius\/files\/2016\/01\/Latinanjuliste.pdf\">latinaa <\/a>tai saksaa<a href=\"https:\/\/blog.edu.turku.fi\/topelius\/files\/2016\/01\/Latinanjuliste.pdf\">.<\/a> Ryhmien muodastamisen edellytyksen\u00e4 on 14 oppilaan opetusryhm\u00e4.<\/p>\n","protected":false},"excerpt":{"rendered":"<p>Meid\u00e4n koulumme Topeliuksen koulu on vuosiluokat 1-9 k\u00e4sitt\u00e4v\u00e4 yhten\u00e4inen peruskoulu. Alakoulumme oppilaat ovat koulun l\u00e4hiymp\u00e4rist\u00f6ss\u00e4 asuvia lapsia, yl\u00e4kouluumme oppilaita tulee alakoulun lis\u00e4ksi V\u00e4h\u00e4-Heikkil\u00e4n koulusta (ranskan kieliluokat) sek\u00e4 Pansion ja Aunelan kouluista. Koulussamme toimii my\u00f6s yl\u00e4koulun pienluokka. Visiomme on tarjota hyv\u00e4\u00e4, laadukasta ja monipuolista opetusta. Koulumme kasvatuksellisena tavoitteena on vahvistaa oppilaan itsetuntoa ja ohjata h\u00e4nt\u00e4 oikeudenmukaisuuteen &hellip; <a href=\"https:\/\/blog.edu.turku.fi\/topelius\/koulun-esittely-2\/\" class=\"more-link\">Jatka lukemista<span class=\"screen-reader-text\"> &#8221;Koulun esittely&#8221;<\/span><\/a><\/p>\n","protected":false},"author":1226,"featured_media":0,"parent":0,"menu_order":2,"comment_status":"closed","ping_status":"closed","template":"","meta":{"footnotes":""},"class_list":["post-269","page","type-page","status-publish","hentry"],"_links":{"self":[{"href":"https:\/\/blog.edu.turku.fi\/topelius\/wp-json\/wp\/v2\/pages\/269","targetHints":{"allow":["GET"]}}],"collection":[{"href":"https:\/\/blog.edu.turku.fi\/topelius\/wp-json\/wp\/v2\/pages"}],"about":[{"href":"https:\/\/blog.edu.turku.fi\/topelius\/wp-json\/wp\/v2\/types\/page"}],"author":[{"embeddable":true,"href":"https:\/\/blog.edu.turku.fi\/topelius\/wp-json\/wp\/v2\/users\/1226"}],"replies":[{"embeddable":true,"href":"https:\/\/blog.edu.turku.fi\/topelius\/wp-json\/wp\/v2\/comments?post=269"}],"version-history":[{"count":15,"href":"https:\/\/blog.edu.turku.fi\/topelius\/wp-json\/wp\/v2\/pages\/269\/revisions"}],"predecessor-version":[{"id":1502,"href":"https:\/\/blog.edu.turku.fi\/topelius\/wp-json\/wp\/v2\/pages\/269\/revisions\/1502"}],"wp:attachment":[{"href":"https:\/\/blog.edu.turku.fi\/topelius\/wp-json\/wp\/v2\/media?parent=269"}],"curies":[{"name":"wp","href":"https:\/\/api.w.org\/{rel}","templated":true}]}}