{"id":277,"date":"2025-03-04T13:58:54","date_gmt":"2025-03-04T11:58:54","guid":{"rendered":"https:\/\/blog.edu.turku.fi\/terasrautelankoulu\/?page_id=277"},"modified":"2026-04-20T13:31:48","modified_gmt":"2026-04-20T10:31:48","slug":"ajankohtaista-2","status":"publish","type":"page","link":"https:\/\/blog.edu.turku.fi\/terasrautelankoulu\/ajankohtaista-2\/","title":{"rendered":"Ajankohtaista"},"content":{"rendered":"<p><strong>Puhelinten ja mobiililaitteiden k\u00e4ytt\u00f6 koulussa muuttuu<\/strong><\/p>\n<p>Suomessa astui 1.8.2025 voimaan uusi laki, joka m\u00e4\u00e4r\u00e4\u00e4, miten oppilaat saavat k\u00e4ytt\u00e4\u00e4 mobiililaitteitaan koulup\u00e4iv\u00e4n aikana. Mobiililaitteilla tarkoitetaan muun muassa \u00e4lypuhelimia, tabletteja, \u00e4lykelloja ja kuulokkeita. T\u00e4m\u00e4 tarkoittaa k\u00e4yt\u00e4nn\u00f6ss\u00e4 sit\u00e4, ett\u00e4 oppituntien aikana oppilaat eiv\u00e4t l\u00e4ht\u00f6kohtaisesti saa k\u00e4ytt\u00e4\u00e4 mobiililaitteita ilman opettajan tai rehtorin lupaa. Laitteiden k\u00e4ytt\u00f6 on kuitenkin sallittua opettajan tai rehtorin luvalla oppitunnin aikana oppimistarkoituksessa sek\u00e4 henkil\u00f6kohtaiseen terveydenhoitoon liittyviss\u00e4 tilanteissa (esim. diabetes).<\/p>\n<p>Turussa lakia on tarkennettu niin, ett\u00e4 mobiililaitteita ei k\u00e4ytet\u00e4 oppituntien lis\u00e4ksi v\u00e4litunneilla, retkill\u00e4 ja ruokailun aikana.<\/p>\n<p>Kaikissa Turun peruskouluissa on lis\u00e4tty poissaolojen seurantaa ja niihin puututaan nyt uuden mallin mukaan. Lis\u00e4\u00e4 tietoa poissaoloihin liittyen saa seuraavan linkin takaa: <a href=\"https:\/\/www.turku.fi\/perusopetus\/koulupoissaolot\">https:\/\/www.turku.fi\/perusopetus\/koulupoissaolot<\/a><\/p>\n<p><strong>Koulutulokkaiden kouluun tutustumisp\u00e4iv\u00e4 <\/strong><\/p>\n<p>5.5.2026 klo 8.15 &#8211; 9.45 (Suikkilan yksik\u00f6ss\u00e4, Talinkorventie 16) <\/p>\n<p>Huoltajien infotilaisuus:<\/p>\n<p>samaan aikaan ja samassa paikassa.<\/p>\n<p><strong>Ter\u00e4srautelan koulun valinnaisaineet 2026 &#8211; 2027<\/strong><br \/>\nT\u00e4st\u00e4 linkist\u00e4 p\u00e4\u00e4set tarkastelemaan Ter\u00e4srautelan koulun 4.-6.luokkien valinnaisainetarjontaa lukuvuotena 2026 &#8211; 2027, <a href=\"https:\/\/edumailturku-my.sharepoint.com\/:p:\/g\/personal\/matias_kuosa_edu_turku_fi\/IQDR36bSHwgrSINYLtLqnKg0ATPD_14VMpc286NVAGrQ89I?e=v4bOXJ\" target=\"_blank\">Paina t\u00e4st\u00e4.<\/a><\/p>\n<p>Ter\u00e4srautelan koulun tarjoamia kerhoja p\u00e4\u00e4set tarkastelemaan t\u00e4st\u00e4 linkist\u00e4: <a href=\"https:\/\/www.turku.fi\/nuoret\/harrasta-koulupaivan-yhteydessa\">https:\/\/www.turku.fi\/nuoret\/harrasta-koulupaivan-yhteydessa<\/a><\/p>\n","protected":false},"excerpt":{"rendered":"<p>Puhelinten ja mobiililaitteiden k\u00e4ytt\u00f6 koulussa muuttuu Suomessa astui 1.8.2025 voimaan uusi laki, joka m\u00e4\u00e4r\u00e4\u00e4, miten oppilaat saavat k\u00e4ytt\u00e4\u00e4 mobiililaitteitaan koulup\u00e4iv\u00e4n aikana. Mobiililaitteilla tarkoitetaan muun muassa \u00e4lypuhelimia, tabletteja, \u00e4lykelloja ja kuulokkeita. T\u00e4m\u00e4 tarkoittaa k\u00e4yt\u00e4nn\u00f6ss\u00e4 sit\u00e4, ett\u00e4 oppituntien aikana oppilaat eiv\u00e4t l\u00e4ht\u00f6kohtaisesti saa k\u00e4ytt\u00e4\u00e4 mobiililaitteita ilman opettajan tai rehtorin lupaa. Laitteiden k\u00e4ytt\u00f6 on kuitenkin sallittua opettajan tai &hellip; <a href=\"https:\/\/blog.edu.turku.fi\/terasrautelankoulu\/ajankohtaista-2\/\" class=\"more-link\">Jatka lukemista<span class=\"screen-reader-text\"> &#8221;Ajankohtaista&#8221;<\/span><\/a><\/p>\n","protected":false},"author":3251,"featured_media":0,"parent":0,"menu_order":0,"comment_status":"closed","ping_status":"closed","template":"","meta":{"footnotes":""},"class_list":["post-277","page","type-page","status-publish","hentry"],"_links":{"self":[{"href":"https:\/\/blog.edu.turku.fi\/terasrautelankoulu\/wp-json\/wp\/v2\/pages\/277","targetHints":{"allow":["GET"]}}],"collection":[{"href":"https:\/\/blog.edu.turku.fi\/terasrautelankoulu\/wp-json\/wp\/v2\/pages"}],"about":[{"href":"https:\/\/blog.edu.turku.fi\/terasrautelankoulu\/wp-json\/wp\/v2\/types\/page"}],"author":[{"embeddable":true,"href":"https:\/\/blog.edu.turku.fi\/terasrautelankoulu\/wp-json\/wp\/v2\/users\/3251"}],"replies":[{"embeddable":true,"href":"https:\/\/blog.edu.turku.fi\/terasrautelankoulu\/wp-json\/wp\/v2\/comments?post=277"}],"version-history":[{"count":13,"href":"https:\/\/blog.edu.turku.fi\/terasrautelankoulu\/wp-json\/wp\/v2\/pages\/277\/revisions"}],"predecessor-version":[{"id":336,"href":"https:\/\/blog.edu.turku.fi\/terasrautelankoulu\/wp-json\/wp\/v2\/pages\/277\/revisions\/336"}],"wp:attachment":[{"href":"https:\/\/blog.edu.turku.fi\/terasrautelankoulu\/wp-json\/wp\/v2\/media?parent=277"}],"curies":[{"name":"wp","href":"https:\/\/api.w.org\/{rel}","templated":true}]}}