{"id":11,"date":"2015-06-17T10:49:03","date_gmt":"2015-06-17T07:49:03","guid":{"rendered":"https:\/\/blog.edu.turku.fi\/taoskujanphy\/?page_id=11"},"modified":"2023-08-23T12:33:28","modified_gmt":"2023-08-23T09:33:28","slug":"yhteystiedot","status":"publish","type":"page","link":"https:\/\/blog.edu.turku.fi\/taoskujanphy\/yhteystiedot\/","title":{"rendered":"Yhteystiedot"},"content":{"rendered":"<h2>Osoite<\/h2>\n<p>Taoskuja 7, 20320 Turku<\/p>\n<p><a href=\"https:\/\/opaskartta.turku.fi\/IMS\/?layers=Opaskartta&amp;cp=6707005,23458014&amp;z=0.25&amp;title=P%C3%A4iv%C3%A4koti%2C%20Taoskuja%207\">P\u00e4iv\u00e4koti kartalla<\/a><\/p>\n<p><strong>P\u00e4iv\u00e4kodinjohtaja<\/strong> Johanna Mikola puh. 050-5907496, johanna.mikola@turku.fi<\/p>\n<p><strong>Varhaiskasvatuksen erityisopettaja<\/strong>\u00a0Mari Pentinsaari puh. 040-3577377<\/p>\n<h2>Ryhmien yhteystiedot<\/h2>\n<p><strong>Niittyvillat.\u00a0<\/strong>Alle kolmevuotiaiden ryhm\u00e4, jossa ty\u00f6skentelee kaksi varhaiskasvatuksen opettajaa sek\u00e4 yksi lastenhoitaja. Puh. 040-1431763<\/p>\n<p><strong>Mets\u00e4t\u00e4hdet. <\/strong>3-5 -vuotiaiden ryhm\u00e4, jossa ty\u00f6skentelee kaksi varhaiskasvatuksen opettajaa, yksi lastenhoitaja sek\u00e4 avustaja. Puh. 044-9072196<\/p>\n<p><strong>Voikukat.\u00a0<\/strong>3-5 -vuotiaiden ryhm\u00e4, jossa ty\u00f6skentelee yksi varhaiskasvatuksen opettaja sek\u00e4 yksi lastenhoitaja<\/p>\n<h2>Muita yhteystietoja<\/h2>\n<p><strong>Laitoshuolto. <\/strong>P\u00e4iv\u00e4kodissa ty\u00f6skentelee kaksi laitoshuoltajaa. Puh.\u00a00401495905<\/p>\n<p><strong>Keitti\u00f6. <\/strong>Ruoka p\u00e4iv\u00e4kotiin tulee Hepokullan koululta. Puh. 0401893936<\/p>\n","protected":false},"excerpt":{"rendered":"<p>Osoite Taoskuja 7, 20320 Turku P\u00e4iv\u00e4koti kartalla P\u00e4iv\u00e4kodinjohtaja Johanna Mikola puh. 050-5907496, johanna.mikola@turku.fi Varhaiskasvatuksen erityisopettaja\u00a0Mari Pentinsaari puh. 040-3577377 Ryhmien yhteystiedot Niittyvillat.\u00a0Alle kolmevuotiaiden ryhm\u00e4, jossa ty\u00f6skentelee kaksi varhaiskasvatuksen opettajaa sek\u00e4 yksi lastenhoitaja. Puh. 040-1431763 Mets\u00e4t\u00e4hdet. 3-5 -vuotiaiden ryhm\u00e4, jossa ty\u00f6skentelee kaksi varhaiskasvatuksen opettajaa, yksi lastenhoitaja sek\u00e4 avustaja. Puh. 044-9072196 Voikukat.\u00a03-5 -vuotiaiden ryhm\u00e4, jossa ty\u00f6skentelee yksi varhaiskasvatuksen &hellip; <a href=\"https:\/\/blog.edu.turku.fi\/taoskujanphy\/yhteystiedot\/\" class=\"more-link\">Jatka lukemista<span class=\"screen-reader-text\"> &#8221;Yhteystiedot&#8221;<\/span><\/a><\/p>\n","protected":false},"author":1264,"featured_media":0,"parent":0,"menu_order":4,"comment_status":"closed","ping_status":"closed","template":"","meta":{"footnotes":""},"class_list":["post-11","page","type-page","status-publish","hentry"],"_links":{"self":[{"href":"https:\/\/blog.edu.turku.fi\/taoskujanphy\/wp-json\/wp\/v2\/pages\/11","targetHints":{"allow":["GET"]}}],"collection":[{"href":"https:\/\/blog.edu.turku.fi\/taoskujanphy\/wp-json\/wp\/v2\/pages"}],"about":[{"href":"https:\/\/blog.edu.turku.fi\/taoskujanphy\/wp-json\/wp\/v2\/types\/page"}],"author":[{"embeddable":true,"href":"https:\/\/blog.edu.turku.fi\/taoskujanphy\/wp-json\/wp\/v2\/users\/1264"}],"replies":[{"embeddable":true,"href":"https:\/\/blog.edu.turku.fi\/taoskujanphy\/wp-json\/wp\/v2\/comments?post=11"}],"version-history":[{"count":32,"href":"https:\/\/blog.edu.turku.fi\/taoskujanphy\/wp-json\/wp\/v2\/pages\/11\/revisions"}],"predecessor-version":[{"id":427,"href":"https:\/\/blog.edu.turku.fi\/taoskujanphy\/wp-json\/wp\/v2\/pages\/11\/revisions\/427"}],"wp:attachment":[{"href":"https:\/\/blog.edu.turku.fi\/taoskujanphy\/wp-json\/wp\/v2\/media?parent=11"}],"curies":[{"name":"wp","href":"https:\/\/api.w.org\/{rel}","templated":true}]}}