{"id":386,"date":"2023-10-25T11:59:45","date_gmt":"2023-10-25T08:59:45","guid":{"rendered":"https:\/\/blog.edu.turku.fi\/taidepolku\/?page_id=386"},"modified":"2025-12-16T09:58:25","modified_gmt":"2025-12-16T07:58:25","slug":"teater","status":"publish","type":"page","link":"https:\/\/blog.edu.turku.fi\/taidepolku\/smafolkets-konststig\/teater\/","title":{"rendered":"Teater"},"content":{"rendered":"<h1>V\u00e5ren 2026<\/h1>\n<p>Barnkulturcentret F\u00e4ri&#8217;s Timantti-teatteri erbjuder scenkonst f\u00f6r daghems-, f\u00f6rskole- och skolgrupper!<\/p>\n<p><img loading=\"lazy\" decoding=\"async\" class=\"alignnone wp-image-728\" src=\"https:\/\/blog.edu.turku.fi\/taidepolku\/files\/2025\/12\/barberaren-06_matilda-gronow-kaikki-kuv-300x200.jpg\" alt=\"\" width=\"551\" height=\"367\" srcset=\"https:\/\/blog.edu.turku.fi\/taidepolku\/files\/2025\/12\/barberaren-06_matilda-gronow-kaikki-kuv-300x200.jpg 300w, https:\/\/blog.edu.turku.fi\/taidepolku\/files\/2025\/12\/barberaren-06_matilda-gronow-kaikki-kuv.jpg 1024w\" sizes=\"auto, (max-width: 551px) 100vw, 551px\" \/><\/p>\n<p><strong>Finlands nationalopera och -balett: Miniopera Barberaren i Sevilla<br \/>\n<\/strong><br \/>\n<strong>Onsdag 22.4 kl 9.30 och kl 11<\/strong><br \/>\n<strong>Torsdag to 23.4 kl 9.30 och kl 11<\/strong><br \/>\nL\u00e4ngd: 30 min<br \/>\n\u00c5ldersrekommendation: 3\u20138<br \/>\nPlats: Timantti-teatteri<br \/>\nGratis!<\/p>\n<p>Hj\u00e4lp! Rosina \u00e4r i trubbel! Hon tycker om greven, men Bartolo vill gifta sig med henne. Vem skulle kunna hj\u00e4lpa? Den m\u00e5ngsidige Figaro kallas till r\u00e4ddning. F\u00f6lj med p\u00e5 ett halvtimme l\u00e5ngt \u00e4ventyr fullt av fart och ov\u00e4ntade v\u00e4ndningar, allt ackompanjerat av Rossinis glada musik. De m\u00e5nga rollerna i minioperan framf\u00f6rs av tv\u00e5 skickliga s\u00e5ngare, och tv\u00e5 musiker som skapar den f\u00e4rgglada orkestrering.<\/p>\n<p>Minioperan Barberaren i Sevilla produceras med st\u00f6d av Konstsamfundet och \u00e4r d\u00e4rf\u00f6r kostnadsfri.<\/p>\n<p><a href=\"https:\/\/www.turku.fi\/sv\/barnkulturcentret-fari\/dagis-och-skolgrupper\">L\u00e4s mer om f\u00f6rest\u00e4llningarna och hur du bokar din plats\u00a0<\/a><br \/>\nBiljettbokningen \u00f6ppnar 7.1.2026 kl 10.<\/p>\n","protected":false},"excerpt":{"rendered":"<p>V\u00e5ren 2026 Barnkulturcentret F\u00e4ri&#8217;s Timantti-teatteri erbjuder scenkonst f\u00f6r daghems-, f\u00f6rskole- och skolgrupper! Finlands nationalopera och -balett: Miniopera Barberaren i Sevilla Onsdag 22.4 kl 9.30 och kl 11 Torsdag to 23.4 kl 9.30 och kl 11 L\u00e4ngd: 30 min \u00c5ldersrekommendation: 3\u20138<\/p>\n","protected":false},"author":3080,"featured_media":0,"parent":376,"menu_order":0,"comment_status":"closed","ping_status":"closed","template":"","meta":{"footnotes":""},"class_list":["post-386","page","type-page","status-publish","hentry"],"_links":{"self":[{"href":"https:\/\/blog.edu.turku.fi\/taidepolku\/wp-json\/wp\/v2\/pages\/386","targetHints":{"allow":["GET"]}}],"collection":[{"href":"https:\/\/blog.edu.turku.fi\/taidepolku\/wp-json\/wp\/v2\/pages"}],"about":[{"href":"https:\/\/blog.edu.turku.fi\/taidepolku\/wp-json\/wp\/v2\/types\/page"}],"author":[{"embeddable":true,"href":"https:\/\/blog.edu.turku.fi\/taidepolku\/wp-json\/wp\/v2\/users\/3080"}],"replies":[{"embeddable":true,"href":"https:\/\/blog.edu.turku.fi\/taidepolku\/wp-json\/wp\/v2\/comments?post=386"}],"version-history":[{"count":27,"href":"https:\/\/blog.edu.turku.fi\/taidepolku\/wp-json\/wp\/v2\/pages\/386\/revisions"}],"predecessor-version":[{"id":734,"href":"https:\/\/blog.edu.turku.fi\/taidepolku\/wp-json\/wp\/v2\/pages\/386\/revisions\/734"}],"up":[{"embeddable":true,"href":"https:\/\/blog.edu.turku.fi\/taidepolku\/wp-json\/wp\/v2\/pages\/376"}],"wp:attachment":[{"href":"https:\/\/blog.edu.turku.fi\/taidepolku\/wp-json\/wp\/v2\/media?parent=386"}],"curies":[{"name":"wp","href":"https:\/\/api.w.org\/{rel}","templated":true}]}}