{"id":15,"date":"2023-04-04T09:48:22","date_gmt":"2023-04-04T06:48:22","guid":{"rendered":"https:\/\/blog.edu.turku.fi\/taidepolku\/?page_id=15"},"modified":"2025-11-03T08:18:19","modified_gmt":"2025-11-03T06:18:19","slug":"etusivu","status":"publish","type":"page","link":"https:\/\/blog.edu.turku.fi\/taidepolku\/","title":{"rendered":"Etusivu"},"content":{"rendered":"<p><strong>TERVETULOA PIKKUV\u00c4EN TAIDEPOLULLE!<\/strong><\/p>\n<p style=\"text-align: left\">Pikkuv\u00e4en taidepolku on Turun kaupungin esiopetuksen kulttuurikasvatussuunnitelma. Se muodostaa suoran jatkumon perusopetuksen kulttuurikasvatussuunnitelmaan, El\u00e4myspolkuun. Pikkuv\u00e4en taidepolulla ovat mukana Turun kaupunginkirjasto,\u00a0 Turun filharmoninen orkesteri, Turun museokeskus, Lastenkulttuurikeskus F\u00e4ri ja Turun Kaupunginteatteri. Vierailujen kustannuksista vastaa Turun kaupungin varhaiskasvatus. Esiopetuksen opetussuunnitelman tavoitteena on, ett\u00e4 jokainen lapsi p\u00e4\u00e4see tutustumaan v\u00e4hint\u00e4\u00e4n kahteen paikalliseen kulttuurilaitokseen esiopetusvuoden aikana.<\/p>\n<p><img loading=\"lazy\" decoding=\"async\" class=\"wp-image-144 aligncenter\" src=\"https:\/\/blog.edu.turku.fi\/taidepolku\/files\/2023\/07\/2-300x200.jpg\" alt=\"\" width=\"686\" height=\"457\" srcset=\"https:\/\/blog.edu.turku.fi\/taidepolku\/files\/2023\/07\/2-300x200.jpg 300w, https:\/\/blog.edu.turku.fi\/taidepolku\/files\/2023\/07\/2-1024x683.jpg 1024w, https:\/\/blog.edu.turku.fi\/taidepolku\/files\/2023\/07\/2.jpg 2048w\" sizes=\"auto, (max-width: 686px) 100vw, 686px\" \/><\/p>\n<p>&nbsp;<\/p>\n","protected":false},"excerpt":{"rendered":"<p>TERVETULOA PIKKUV\u00c4EN TAIDEPOLULLE! Pikkuv\u00e4en taidepolku on Turun kaupungin esiopetuksen kulttuurikasvatussuunnitelma. Se muodostaa suoran jatkumon perusopetuksen kulttuurikasvatussuunnitelmaan, El\u00e4myspolkuun. Pikkuv\u00e4en taidepolulla ovat mukana Turun kaupunginkirjasto,\u00a0 Turun filharmoninen orkesteri, Turun museokeskus, Lastenkulttuurikeskus F\u00e4ri ja Turun Kaupunginteatteri. Vierailujen kustannuksista vastaa Turun kaupungin varhaiskasvatus. Esiopetuksen<\/p>\n","protected":false},"author":56,"featured_media":0,"parent":0,"menu_order":0,"comment_status":"closed","ping_status":"closed","template":"","meta":{"footnotes":""},"class_list":["post-15","page","type-page","status-publish","hentry"],"_links":{"self":[{"href":"https:\/\/blog.edu.turku.fi\/taidepolku\/wp-json\/wp\/v2\/pages\/15","targetHints":{"allow":["GET"]}}],"collection":[{"href":"https:\/\/blog.edu.turku.fi\/taidepolku\/wp-json\/wp\/v2\/pages"}],"about":[{"href":"https:\/\/blog.edu.turku.fi\/taidepolku\/wp-json\/wp\/v2\/types\/page"}],"author":[{"embeddable":true,"href":"https:\/\/blog.edu.turku.fi\/taidepolku\/wp-json\/wp\/v2\/users\/56"}],"replies":[{"embeddable":true,"href":"https:\/\/blog.edu.turku.fi\/taidepolku\/wp-json\/wp\/v2\/comments?post=15"}],"version-history":[{"count":40,"href":"https:\/\/blog.edu.turku.fi\/taidepolku\/wp-json\/wp\/v2\/pages\/15\/revisions"}],"predecessor-version":[{"id":709,"href":"https:\/\/blog.edu.turku.fi\/taidepolku\/wp-json\/wp\/v2\/pages\/15\/revisions\/709"}],"wp:attachment":[{"href":"https:\/\/blog.edu.turku.fi\/taidepolku\/wp-json\/wp\/v2\/media?parent=15"}],"curies":[{"name":"wp","href":"https:\/\/api.w.org\/{rel}","templated":true}]}}