{"id":10,"date":"2023-04-04T09:46:52","date_gmt":"2023-04-04T06:46:52","guid":{"rendered":"https:\/\/blog.edu.turku.fi\/taidepolku\/?page_id=10"},"modified":"2025-11-03T08:10:38","modified_gmt":"2025-11-03T06:10:38","slug":"teatteripolku","status":"publish","type":"page","link":"https:\/\/blog.edu.turku.fi\/taidepolku\/teatteripolku\/","title":{"rendered":"Teatteripolku"},"content":{"rendered":"<p>T\u00e4\u00e4lt\u00e4 sivulta l\u00f6yd\u00e4tte tiedot toimintavuoden teatteriel\u00e4myksist\u00e4. Turun varhaiskasvatus kustantaa lukuvuoden aikana esiopetusryhmille\u00a0 yhden teatterivierailun joko Turun Kaupunginteatterissa tai Lastenkulttuurikeskus F\u00e4riss\u00e4. Heid\u00e4n omilta v\u00e4lilehdilt\u00e4\u00e4n l\u00f6yd\u00e4tte lis\u00e4\u00e4 tietoa teatteritarjonnasta. Linkit l\u00f6ytyv\u00e4t t\u00e4st\u00e4:<\/p>\n<p><a href=\"https:\/\/blog.edu.turku.fi\/taidepolku\/teatteripolku\/turun-kaupunginteatteri\/\">Turun Kaupunginteatteri<\/a><\/p>\n<p><a href=\"https:\/\/blog.edu.turku.fi\/taidepolku\/teatteripolku\/lastenkulttuurikeskus-seikkailupuisto\/\">Lastenkulttuurikeskus F\u00e4ri<\/a><\/p>\n<p><img loading=\"lazy\" decoding=\"async\" class=\"alignnone wp-image-257\" src=\"https:\/\/blog.edu.turku.fi\/taidepolku\/files\/2023\/08\/pikkuvaki-banneri-300x190.jpg\" alt=\"\" width=\"681\" height=\"431\" srcset=\"https:\/\/blog.edu.turku.fi\/taidepolku\/files\/2023\/08\/pikkuvaki-banneri-300x190.jpg 300w, https:\/\/blog.edu.turku.fi\/taidepolku\/files\/2023\/08\/pikkuvaki-banneri.jpg 1024w\" sizes=\"auto, (max-width: 681px) 100vw, 681px\" \/><\/p>\n<p>&nbsp;<\/p>\n","protected":false},"excerpt":{"rendered":"<p>T\u00e4\u00e4lt\u00e4 sivulta l\u00f6yd\u00e4tte tiedot toimintavuoden teatteriel\u00e4myksist\u00e4. Turun varhaiskasvatus kustantaa lukuvuoden aikana esiopetusryhmille\u00a0 yhden teatterivierailun joko Turun Kaupunginteatterissa tai Lastenkulttuurikeskus F\u00e4riss\u00e4. Heid\u00e4n omilta v\u00e4lilehdilt\u00e4\u00e4n l\u00f6yd\u00e4tte lis\u00e4\u00e4 tietoa teatteritarjonnasta. Linkit l\u00f6ytyv\u00e4t t\u00e4st\u00e4: Turun Kaupunginteatteri Lastenkulttuurikeskus F\u00e4ri &nbsp;<\/p>\n","protected":false},"author":56,"featured_media":0,"parent":0,"menu_order":0,"comment_status":"closed","ping_status":"closed","template":"","meta":{"footnotes":""},"class_list":["post-10","page","type-page","status-publish","hentry"],"_links":{"self":[{"href":"https:\/\/blog.edu.turku.fi\/taidepolku\/wp-json\/wp\/v2\/pages\/10","targetHints":{"allow":["GET"]}}],"collection":[{"href":"https:\/\/blog.edu.turku.fi\/taidepolku\/wp-json\/wp\/v2\/pages"}],"about":[{"href":"https:\/\/blog.edu.turku.fi\/taidepolku\/wp-json\/wp\/v2\/types\/page"}],"author":[{"embeddable":true,"href":"https:\/\/blog.edu.turku.fi\/taidepolku\/wp-json\/wp\/v2\/users\/56"}],"replies":[{"embeddable":true,"href":"https:\/\/blog.edu.turku.fi\/taidepolku\/wp-json\/wp\/v2\/comments?post=10"}],"version-history":[{"count":14,"href":"https:\/\/blog.edu.turku.fi\/taidepolku\/wp-json\/wp\/v2\/pages\/10\/revisions"}],"predecessor-version":[{"id":703,"href":"https:\/\/blog.edu.turku.fi\/taidepolku\/wp-json\/wp\/v2\/pages\/10\/revisions\/703"}],"wp:attachment":[{"href":"https:\/\/blog.edu.turku.fi\/taidepolku\/wp-json\/wp\/v2\/media?parent=10"}],"curies":[{"name":"wp","href":"https:\/\/api.w.org\/{rel}","templated":true}]}}