{"id":44,"date":"2020-05-26T17:41:14","date_gmt":"2020-05-26T14:41:14","guid":{"rendered":"https:\/\/blog.edu.turku.fi\/tai-te-eat\/?page_id=44"},"modified":"2026-01-08T12:39:33","modified_gmt":"2026-01-08T10:39:33","slug":"tuotannon-tyonjohtaja","status":"publish","type":"page","link":"https:\/\/blog.edu.turku.fi\/tai-te-eat\/","title":{"rendered":"Tuotannon ty\u00f6njohtaja koulutus"},"content":{"rendered":"<p>Ty\u00f6njohdon oppisopimuskoulutus soveltuu ty\u00f6johto-, esimies-, tiimivastaava-, tuotantovastaava- ja nokkamiesteht\u00e4viss\u00e4 toimiville, joilla on halu kehitt\u00e4\u00e4 esimiesosaamistaan.<\/p>\n<p><a href=\"https:\/\/eperusteet.opintopolku.fi\/#\/fi\/esitys\/3716625\/reformi\/tiedot\">Tuotannon esimiesty\u00f6n erikoisammattitutkinnossa (180 osp)<\/a>\u00a0harjaannut osaavaksi ty\u00f6njohtajaksi ja esimieheksi. Opit johtamaan ja kehitt\u00e4m\u00e4\u00e4n vastuualueesi ty\u00f6prosessia, projekteja, henkil\u00f6st\u00f6\u00e4 sek\u00e4 omaa osaamistasi esimiehen\u00e4. Koulutuksessa osoitat osaamisesi omissa ty\u00f6teht\u00e4viss\u00e4si, joten sinun on toimittava ty\u00f6paikkasi esimiesteht\u00e4viss\u00e4 tai sit\u00e4 tukevissa asiantuntijateht\u00e4viss\u00e4. Tutkinnon suoritettuasi voit k\u00e4ytt\u00e4\u00e4 tutkintonimikett\u00e4<strong>\u00a0ty\u00f6njohtaja<\/strong>.<\/p>\n<p>Koulutuksesta vastaa \u00a0<a href=\"https:\/\/c4.fi\/\">Carinafour <\/a> asiantuntijaverkosto, jonka osaaminen pohjautuu uusimpaan kunkin aihealueen k\u00e4yt\u00e4nt\u00f6\u00f6n ja tutkimustietoon.<\/p>\n<p>Koulutus kest\u00e4\u00e4 14 kuukautta ja sis\u00e4lt\u00e4\u00e4 13 valmentavaa l\u00e4hip\u00e4iv\u00e4\u00e4 sek\u00e4 verkko-opintoja ja kehitt\u00e4misprojektin ty\u00f6paikallasi. <strong>Mahdollisuus my\u00f6s et\u00e4opiskeluun Teamsin v\u00e4lityksell\u00e4.<\/strong> Koulutus sis\u00e4lt\u00e4\u00e4 my\u00f6s <a style=\"font-size: 16px\" href=\"https:\/\/mif.fi\/360-arvioinnit-jto\/\">MIF:n johtamisen ja yhteistoimintak\u00e4ytt\u00e4ytymisen 360 arvioinnin.<\/a><\/p>\n<h1><\/h1>\n<p>&nbsp;<\/p>\n","protected":false},"excerpt":{"rendered":"<p>Ty\u00f6njohdon oppisopimuskoulutus soveltuu ty\u00f6johto-, esimies-, tiimivastaava-, tuotantovastaava- ja nokkamiesteht\u00e4viss\u00e4 toimiville, joilla on halu kehitt\u00e4\u00e4 esimiesosaamistaan. Tuotannon esimiesty\u00f6n erikoisammattitutkinnossa (180 osp)\u00a0harjaannut<\/p>\n","protected":false},"author":2361,"featured_media":0,"parent":0,"menu_order":0,"comment_status":"closed","ping_status":"closed","template":"","meta":{"colormag_page_container_layout":"default_layout","colormag_page_sidebar_layout":"default_layout","footnotes":""},"class_list":["post-44","page","type-page","status-publish","hentry"],"_links":{"self":[{"href":"https:\/\/blog.edu.turku.fi\/tai-te-eat\/wp-json\/wp\/v2\/pages\/44","targetHints":{"allow":["GET"]}}],"collection":[{"href":"https:\/\/blog.edu.turku.fi\/tai-te-eat\/wp-json\/wp\/v2\/pages"}],"about":[{"href":"https:\/\/blog.edu.turku.fi\/tai-te-eat\/wp-json\/wp\/v2\/types\/page"}],"author":[{"embeddable":true,"href":"https:\/\/blog.edu.turku.fi\/tai-te-eat\/wp-json\/wp\/v2\/users\/2361"}],"replies":[{"embeddable":true,"href":"https:\/\/blog.edu.turku.fi\/tai-te-eat\/wp-json\/wp\/v2\/comments?post=44"}],"version-history":[{"count":44,"href":"https:\/\/blog.edu.turku.fi\/tai-te-eat\/wp-json\/wp\/v2\/pages\/44\/revisions"}],"predecessor-version":[{"id":299,"href":"https:\/\/blog.edu.turku.fi\/tai-te-eat\/wp-json\/wp\/v2\/pages\/44\/revisions\/299"}],"wp:attachment":[{"href":"https:\/\/blog.edu.turku.fi\/tai-te-eat\/wp-json\/wp\/v2\/media?parent=44"}],"curies":[{"name":"wp","href":"https:\/\/api.w.org\/{rel}","templated":true}]}}