{"id":402,"date":"2025-01-23T14:24:18","date_gmt":"2025-01-23T12:24:18","guid":{"rendered":"https:\/\/blog.edu.turku.fi\/syvalahti\/?page_id=402"},"modified":"2026-04-16T15:36:29","modified_gmt":"2026-04-16T12:36:29","slug":"valinnaisaineet","status":"publish","type":"page","link":"https:\/\/blog.edu.turku.fi\/syvalahti\/valinnaisaineet\/","title":{"rendered":"Valinnaisaineet"},"content":{"rendered":"<h3>T\u00e4ll\u00e4 sivulla on esitelty Syv\u00e4lahden koulun valinnaisaineet<br \/>\nlv 2026 &#8211; 2027.<\/h3>\n<h3>Valinnaisaineet 4. &#8211; 6. luokille<\/h3>\n<p><a href=\"https:\/\/blog.edu.turku.fi\/syvalahti\/files\/2026\/04\/alakoulun-valintatarjotin-26-27.pdf\">alakoulun valintatarjotin 26-27<\/a><\/p>\n<h3>Valinnaisaineet 8. &#8211; 9. luokille<\/h3>\n<p><a href=\"https:\/\/blog.edu.turku.fi\/syvalahti\/files\/2026\/04\/ylakoulun-valintatarjotin-26-27.pdf\">yl\u00e4koulun valintatarjotin 26-27<\/a><\/p>\n<p>&nbsp;<\/p>\n<p>&nbsp;<\/p>\n","protected":false},"excerpt":{"rendered":"<p>T\u00e4ll\u00e4 sivulla on esitelty Syv\u00e4lahden koulun valinnaisaineet lv 2026 &#8211; 2027. Valinnaisaineet 4. &#8211; 6. luokille alakoulun valintatarjotin 26-27 Valinnaisaineet 8. &#8211; 9. luokille yl\u00e4koulun valintatarjotin 26-27 &nbsp; &nbsp;<\/p>\n","protected":false},"author":3364,"featured_media":0,"parent":0,"menu_order":0,"comment_status":"closed","ping_status":"closed","template":"","meta":{"footnotes":""},"class_list":["post-402","page","type-page","status-publish","hentry"],"_links":{"self":[{"href":"https:\/\/blog.edu.turku.fi\/syvalahti\/wp-json\/wp\/v2\/pages\/402","targetHints":{"allow":["GET"]}}],"collection":[{"href":"https:\/\/blog.edu.turku.fi\/syvalahti\/wp-json\/wp\/v2\/pages"}],"about":[{"href":"https:\/\/blog.edu.turku.fi\/syvalahti\/wp-json\/wp\/v2\/types\/page"}],"author":[{"embeddable":true,"href":"https:\/\/blog.edu.turku.fi\/syvalahti\/wp-json\/wp\/v2\/users\/3364"}],"replies":[{"embeddable":true,"href":"https:\/\/blog.edu.turku.fi\/syvalahti\/wp-json\/wp\/v2\/comments?post=402"}],"version-history":[{"count":10,"href":"https:\/\/blog.edu.turku.fi\/syvalahti\/wp-json\/wp\/v2\/pages\/402\/revisions"}],"predecessor-version":[{"id":506,"href":"https:\/\/blog.edu.turku.fi\/syvalahti\/wp-json\/wp\/v2\/pages\/402\/revisions\/506"}],"wp:attachment":[{"href":"https:\/\/blog.edu.turku.fi\/syvalahti\/wp-json\/wp\/v2\/media?parent=402"}],"curies":[{"name":"wp","href":"https:\/\/api.w.org\/{rel}","templated":true}]}}