{"id":21,"date":"2019-05-15T10:32:11","date_gmt":"2019-05-15T07:32:11","guid":{"rendered":"https:\/\/blog.edu.turku.fi\/syvalahdenphy\/?page_id=21"},"modified":"2025-08-26T11:31:17","modified_gmt":"2025-08-26T08:31:17","slug":"paivakodin-johtaja","status":"publish","type":"page","link":"https:\/\/blog.edu.turku.fi\/syvalahdenpk\/paivakodin-johtaja\/","title":{"rendered":"P\u00e4iv\u00e4koti"},"content":{"rendered":"<p>P\u00e4iv\u00e4kodinjohtaja<br \/>\nHanna Heikinmatti<br \/>\n<span data-olk-copy-source=\"MessageBody\">040 570 6825<\/span><br \/>\nhanna.heikinmatti@edu.turku.fi<\/p>\n<p>Vanha Kakskerrantie 8<br \/>\n20900 Turku<\/p>\n","protected":false},"excerpt":{"rendered":"<p>P\u00e4iv\u00e4kodinjohtaja Hanna Heikinmatti 040 570 6825 hanna.heikinmatti@edu.turku.fi Vanha Kakskerrantie 8 20900 Turku<\/p>\n","protected":false},"author":2686,"featured_media":0,"parent":0,"menu_order":0,"comment_status":"closed","ping_status":"closed","template":"","meta":{"footnotes":""},"class_list":["post-21","page","type-page","status-publish","hentry"],"_links":{"self":[{"href":"https:\/\/blog.edu.turku.fi\/syvalahdenpk\/wp-json\/wp\/v2\/pages\/21","targetHints":{"allow":["GET"]}}],"collection":[{"href":"https:\/\/blog.edu.turku.fi\/syvalahdenpk\/wp-json\/wp\/v2\/pages"}],"about":[{"href":"https:\/\/blog.edu.turku.fi\/syvalahdenpk\/wp-json\/wp\/v2\/types\/page"}],"author":[{"embeddable":true,"href":"https:\/\/blog.edu.turku.fi\/syvalahdenpk\/wp-json\/wp\/v2\/users\/2686"}],"replies":[{"embeddable":true,"href":"https:\/\/blog.edu.turku.fi\/syvalahdenpk\/wp-json\/wp\/v2\/comments?post=21"}],"version-history":[{"count":7,"href":"https:\/\/blog.edu.turku.fi\/syvalahdenpk\/wp-json\/wp\/v2\/pages\/21\/revisions"}],"predecessor-version":[{"id":205,"href":"https:\/\/blog.edu.turku.fi\/syvalahdenpk\/wp-json\/wp\/v2\/pages\/21\/revisions\/205"}],"wp:attachment":[{"href":"https:\/\/blog.edu.turku.fi\/syvalahdenpk\/wp-json\/wp\/v2\/media?parent=21"}],"curies":[{"name":"wp","href":"https:\/\/api.w.org\/{rel}","templated":true}]}}