{"id":91,"date":"2015-06-25T12:38:17","date_gmt":"2015-06-25T09:38:17","guid":{"rendered":"https:\/\/blog.edu.turku.fi\/suotorpankujanphy\/?page_id=91"},"modified":"2022-09-22T07:23:03","modified_gmt":"2022-09-22T04:23:03","slug":"mayrat","status":"publish","type":"page","link":"https:\/\/blog.edu.turku.fi\/suotorpankujanphy\/mayrat\/","title":{"rendered":"M\u00e4yr\u00e4t"},"content":{"rendered":"<p>&nbsp;<\/p>\n<p>Toimintakaudella 2022- 2023 ryhm\u00e4ss\u00e4 ty\u00f6skentelev\u00e4t\u00a0 Katja Alitalo (vo), Laura Sepp\u00e4(lh) ja Henna Kauhanen (lh).<\/p>\n<p><a href=\"https:\/\/blog.edu.turku.fi\/mayrat\">M\u00e4yrien oma blogi<\/a><\/p>\n<p><a href=\"https:\/\/blog.edu.turku.fi\/suotorpankujanphy\/files\/2019\/09\/badger-2030975_1280.jpg\"><img loading=\"lazy\" decoding=\"async\" class=\"alignnone size-medium wp-image-463\" src=\"https:\/\/blog.edu.turku.fi\/suotorpankujanphy\/files\/2019\/09\/badger-2030975_1280-300x200.jpg\" alt=\"\" width=\"300\" height=\"200\" srcset=\"https:\/\/blog.edu.turku.fi\/suotorpankujanphy\/files\/2019\/09\/badger-2030975_1280-300x200.jpg 300w, https:\/\/blog.edu.turku.fi\/suotorpankujanphy\/files\/2019\/09\/badger-2030975_1280-1024x682.jpg 1024w, https:\/\/blog.edu.turku.fi\/suotorpankujanphy\/files\/2019\/09\/badger-2030975_1280.jpg 1280w\" sizes=\"auto, (max-width: 300px) 85vw, 300px\" \/><\/a><\/p>\n","protected":false},"excerpt":{"rendered":"<p>&nbsp; Toimintakaudella 2022- 2023 ryhm\u00e4ss\u00e4 ty\u00f6skentelev\u00e4t\u00a0 Katja Alitalo (vo), Laura Sepp\u00e4(lh) ja Henna Kauhanen (lh). M\u00e4yrien oma blogi<\/p>\n","protected":false},"author":2708,"featured_media":0,"parent":0,"menu_order":0,"comment_status":"closed","ping_status":"closed","template":"","meta":{"footnotes":""},"class_list":["post-91","page","type-page","status-publish","hentry"],"_links":{"self":[{"href":"https:\/\/blog.edu.turku.fi\/suotorpankujanphy\/wp-json\/wp\/v2\/pages\/91","targetHints":{"allow":["GET"]}}],"collection":[{"href":"https:\/\/blog.edu.turku.fi\/suotorpankujanphy\/wp-json\/wp\/v2\/pages"}],"about":[{"href":"https:\/\/blog.edu.turku.fi\/suotorpankujanphy\/wp-json\/wp\/v2\/types\/page"}],"author":[{"embeddable":true,"href":"https:\/\/blog.edu.turku.fi\/suotorpankujanphy\/wp-json\/wp\/v2\/users\/2708"}],"replies":[{"embeddable":true,"href":"https:\/\/blog.edu.turku.fi\/suotorpankujanphy\/wp-json\/wp\/v2\/comments?post=91"}],"version-history":[{"count":15,"href":"https:\/\/blog.edu.turku.fi\/suotorpankujanphy\/wp-json\/wp\/v2\/pages\/91\/revisions"}],"predecessor-version":[{"id":502,"href":"https:\/\/blog.edu.turku.fi\/suotorpankujanphy\/wp-json\/wp\/v2\/pages\/91\/revisions\/502"}],"wp:attachment":[{"href":"https:\/\/blog.edu.turku.fi\/suotorpankujanphy\/wp-json\/wp\/v2\/media?parent=91"}],"curies":[{"name":"wp","href":"https:\/\/api.w.org\/{rel}","templated":true}]}}