{"id":92,"date":"2014-03-21T15:56:53","date_gmt":"2014-03-21T15:56:53","guid":{"rendered":"http:\/\/demo.themegrill.com\/spacious\/?page_id=92"},"modified":"2026-04-07T07:45:06","modified_gmt":"2026-04-07T04:45:06","slug":"layout-2","status":"publish","type":"page","link":"https:\/\/blog.edu.turku.fi\/strapetsi\/layout-2\/","title":{"rendered":"Tapahtumat"},"content":{"rendered":"\n<p>t\u00e4lt\u00e4 sivulta l\u00f6yd\u00e4t hankkeen tapahtumat ja koulutukset<\/p>\n\n\n\n<p>Tapaamisissa pid\u00e4mme alustuksia ja keskusteluja osallistujien kesken. Porinat ovat vapaamuotoisia keskusteluhetki\u00e4, joissa p\u00e4\u00e4see reflektoimaan ja keskustelemaan aiheista vapaammin. Linkit ja sis\u00e4lt\u00f6 p\u00e4ivittyv\u00e4t l\u00e4hemp\u00e4n\u00e4 tapaamista.<\/p>\n\n\n\n<p><strong>Huom:<\/strong>&nbsp;Tilaisuuksiin osallistuneiden tiedot arkistoidaan osana hankkeen seurantaa ja arviointia ministeri\u00f6n ohjeiden mukaisesti. \/ Deltagarlistor fr\u00e5n evenemang inom Strapetsi II-projektet arkiveras f\u00f6r eventuell granskning och uppf\u00f6ljning enligt undervisnings- och kulturministeriets riktlinjer.<\/p>\n\n\n\n<p class=\"has-medium-font-size\"><strong>Tulevat tapaamiset:<\/strong><\/p>\n\n\n\n<p><\/p>\n\n\n\n<ul class=\"wp-block-list\">\n<li class=\"has-medium-font-size\"><strong>ti 14.4. klo 9-11 Oivalluksia tiedolla johtamiseen <\/strong><a href=\"https:\/\/teams.microsoft.com\/l\/meetup-join\/19%3ameeting_N2M1NmU1ZTgtMjExOC00ODdhLWE0ODktMTBkNmFjYzY2YWYy%40thread.v2\/0?context=%7b%22Tid%22%3a%226c5e2c8a-d3f0-4a0b-9658-42502c73e17b%22%2c%22Oid%22%3a%22e311497d-d34d-4d85-b55a-ff3725f6a191%22%7d\" data-type=\"link\" data-id=\"https:\/\/teams.microsoft.com\/l\/meetup-join\/19%3ameeting_N2M1NmU1ZTgtMjExOC00ODdhLWE0ODktMTBkNmFjYzY2YWYy%40thread.v2\/0?context=%7b%22Tid%22%3a%226c5e2c8a-d3f0-4a0b-9658-42502c73e17b%22%2c%22Oid%22%3a%22e311497d-d34d-4d85-b55a-ff3725f6a191%22%7d\">t\u00e4st\u00e4 mukaan<\/a><\/li>\n\n\n\n<li>Ohjelma:<\/li>\n\n\n\n<li><strong>Verkostojen hy\u00f6dynt\u00e4minen tiedolla johtamisessa ja ennakoinnissa<\/strong> &nbsp;&#8211; <em>rehtori Juha Ojaj\u00e4rvi, Perho Liiketalousopisto<\/em><\/li>\n\n\n\n<li><strong>Rahoitusty\u00f6p\u00f6yt\u00e4 pedagogisessa johtamisessa<\/strong>&#8211; l<em>aatup\u00e4\u00e4llikk\u00f6 Juha Kuokkanen, Perho Liiketalousopisto&nbsp;<\/em><\/li>\n\n\n\n<li><em>apulaisrehtori Katriina Salmikuukka, Perho Liiketalousopisto&nbsp;<\/em><\/li>\n\n\n\n<li><em>koulutusjohtaja Anu Rantanen, Perho Liiketalousopisto&nbsp;<\/em><\/li>\n\n\n\n<li><em>toimitusjohtaja\u00a0Arto P\u00e4rn\u00e4nen,\u00a0TCD\u00a0consulting\u00a0Oy\u00a0<\/em><strong><br>Ammatillisen koulutuksen muutos ja tulevaisuus<\/strong>\u00a0<br><em>Emeritusrehtori Jari\u00a0Laukia<\/em>\u00a0<\/li>\n\n\n\n<li><strong>Data, digi ja&nbsp;arjen \u00e4ly &#8211; miten teemme tiedolla johtamisesta jokap\u00e4iv\u00e4ist\u00e4?<\/strong>&nbsp;&#8211;<em> kehitysjohtaja Tiina Halmevuo, Keski-Uudenmaan Koulutuskuntayhtym\u00e4&nbsp;<\/em>\n<ul class=\"wp-block-list\">\n<li><strong>porina to 16.4. klo 13-13:45<\/strong><a href=\"https:\/\/teams.microsoft.com\/l\/meetup-join\/19%3ameeting_OGUyOWJiZmMtOTQxZC00NjZkLWE0ODEtNWZiNTBhZjcxN2M1%40thread.v2\/0?context=%7b%22Tid%22%3a%226c5e2c8a-d3f0-4a0b-9658-42502c73e17b%22%2c%22Oid%22%3a%22e311497d-d34d-4d85-b55a-ff3725f6a191%22%7d\"><strong> <\/strong>liity mukaan t\u00e4st\u00e4<\/a><\/li>\n\n\n\n<li><\/li>\n<\/ul>\n<\/li>\n\n\n\n<li>to 28.5. klo 14\u201316 eHOKS &#8211; Johannes Peltola ja Paula Borkowski\n<ul class=\"wp-block-list\">\n<li>porina pe 29.5. klo 13-13:45<\/li>\n<\/ul>\n<\/li>\n<\/ul>\n\n\n\n<figure class=\"wp-block-image alignleft size-medium\"><img loading=\"lazy\" decoding=\"async\" width=\"300\" height=\"261\" src=\"https:\/\/blog.edu.turku.fi\/strapetsi\/files\/2025\/12\/Stapetsi_KELLO_ilman_taustaa_RGB-300x261.png\" alt=\"\" class=\"wp-image-1325\" srcset=\"https:\/\/blog.edu.turku.fi\/strapetsi\/files\/2025\/12\/Stapetsi_KELLO_ilman_taustaa_RGB-300x261.png 300w, https:\/\/blog.edu.turku.fi\/strapetsi\/files\/2025\/12\/Stapetsi_KELLO_ilman_taustaa_RGB-768x668.png 768w, https:\/\/blog.edu.turku.fi\/strapetsi\/files\/2025\/12\/Stapetsi_KELLO_ilman_taustaa_RGB.png 1024w\" sizes=\"auto, (max-width: 300px) 100vw, 300px\" \/><\/figure>\n\n\n\n<p><\/p>\n\n\n\n<p class=\"has-text-align-left has-medium-font-size\"><strong>Menneet tapaamiset<\/strong><\/p>\n\n\n\n<p class=\"has-text-align-left\">Materiaalit l\u00f6ytyv\u00e4t hankkeeseen osallistujille teams kanavalta.<\/p>\n\n\n\n<p>porina to 19.3. klo 13-13:45<\/p>\n\n\n\n<p>to 12.3. L\u00e4hitapaaminen V\u00e4liseminaari<\/p>\n\n\n\n<p class=\"has-text-align-left\">ke 11.2. klo 14-16 Kest\u00e4vyysindikaattorit johtamisessa<\/p>\n\n\n\n<p class=\"has-text-align-left\">Ammatillisen koulutuksen j\u00e4rjest\u00e4j\u00e4t toimivat yh\u00e4 nopeammin muuttuvassa ja haasteellisessa ymp\u00e4rist\u00f6ss\u00e4. Kest\u00e4vyysindikaattorit johtamisessa \u2013tapaamisessa tutustutaan Sitran uusien megatrendien kautta&nbsp;kest\u00e4vyysjohtamisen kokonaisuuteen ja siihen, miten kest\u00e4vyyden johtamisella rakennetaan tulevaisuutta turvaavaa oppilaitosta<\/p>\n\n\n\n<p class=\"has-text-align-left\">to 22.1. klo 14\u201316 Laatu <ul><li>Sis\u00e4lt\u00f6 mm:<ul><li>EFQM-malli \u2013 Juha Yl\u00e4-Autio, Excellence Finland<\/li><\/ul><\/li><\/ul><\/p>\n\n\n\n<p><ul><li><ul><li>Case Taitotalo \u2013 Teija Karjalainen<\/li><\/ul>porina pe 23.1. klo 13-13:45<\/li><\/ul><\/p>\n\n\n\n<p><\/p>\n\n\n\n<p class=\"has-text-align-left\">porina to 12.2. klo 13-13:45 <strong>16.12.2025 klo 14-16<\/strong> STRATEGIAHANKKEET JA OPPILAITOSYHTEISTY\u00d6<br>\u2014 TY\u00d6LLISYYSALUE- JA HYVINVOINTIALUE-KIERROKSEN KESKEISET HAVAINNOT<\/p>\n\n\n\n<p class=\"has-text-align-left\">Opetus- ja kulttuuriministeri\u00f6n rahoittamat<br>VIERKO 2 ja STRAPETSI- II strategiahankkeet ovat tavanneet ty\u00f6llisyysalueita vuoden 2025 aikana. Syksyst\u00e4 2025 kierroksella on ollut mukana my\u00f6s SIVISTAn ETEKA-hanke.&nbsp; VIERKO 2 on tavannut<br>lis\u00e4ksi hyvinvointialueita.<\/p>\n\n\n\n<p class=\"has-text-align-center\"><strong>Kierroksen tuloksia esiteltiin&nbsp;<\/strong>kaikill<a href=\"https:\/\/www.youtube.com\/watch?v=vMqIDtSPoEQ\">e avoimessa webinaarissa<\/a> tiistaina&nbsp;<strong>16.12.2025 klo 14:00-16:00<\/strong>.<br>Materiaalit l\u00f6yd\u00e4tte<a href=\"https:\/\/blog.edu.turku.fi\/strapetsi\/2025\/12\/16\/yhdessa-uudistuen-strapetsi-ii-hankkeen-vuosi-2025\/\"> t\u00e4\u00e4lt\u00e4<\/a>.<\/p>\n\n\n\n<p class=\"has-text-align-center\">Tilaisuudessa kuullaan kommenttipuheenvuoroja<br>eri puolilta Suomea.<br>Keynotepuhuja on Laura Koivisto-Khazaal (MDI).<\/p>\n\n\n\n<p class=\"has-text-align-center\">Ohjelma:<\/p>\n\n\n\n<p class=\"has-text-align-center\"><strong>14.00 Tervetuloa!<\/strong><\/p>\n\n\n\n<p class=\"has-text-align-center\"><strong>Teema 1 Ajatuksia ammatillisesta koulutuksesta<\/strong><strong><\/strong><\/p>\n\n\n\n<p class=\"has-text-align-center\"><strong><\/strong>Kommenttipuheenvuorot<\/p>\n\n\n\n<p class=\"has-text-align-center\">Mari P\u00f6ysti, Hyria<\/p>\n\n\n\n<p class=\"has-text-align-center\">J-P Suoraniemi, Vamia<\/p>\n\n\n\n<p class=\"has-text-align-center\"><strong>Teema 2 Terveiset hyvinvointialueilta<\/strong><\/p>\n\n\n\n<p class=\"has-text-align-center\"><strong><\/strong> Kommenttipuheenvuoro<\/p>\n\n\n\n<p class=\"has-text-align-center\">Maija Kujala, Keski-Suomen hyvinvointialue<\/p>\n\n\n\n<p class=\"has-text-align-center\"><strong>Teema 3 Vieraskieliset ja kielitaito<\/strong><\/p>\n\n\n\n<p class=\"has-text-align-center\"><strong><\/strong> Kommenttipuheenvuoro<\/p>\n\n\n\n<p class=\"has-text-align-center\">Elina Ker\u00e4nen, Kajaani<\/p>\n\n\n\n<p class=\"has-text-align-center\"><strong>Teema 4 Alueellinen yhteisty\u00f6<\/strong><\/p>\n\n\n\n<p class=\"has-text-align-center\"><strong><\/strong>Kommenttipuheenvuoro<\/p>\n\n\n\n<p class=\"has-text-align-center\">Karoliina Ahola,<\/p>\n\n\n\n<p class=\"has-text-align-center\">Pohjois-Karjalan ty\u00f6llisyysalue<\/p>\n\n\n\n<p class=\"has-text-align-center\"><strong>N\u00e4kymi\u00e4 toimintaymp\u00e4rist\u00f6\u00f6n<\/strong><\/p>\n\n\n\n<p class=\"has-text-align-center\"><strong><\/strong>Laura Koivisto-Khazaal, MDI<\/p>\n\n\n\n<p class=\"has-text-align-center\"><strong>16.00 Tilaisuus p\u00e4\u00e4ttyy<\/strong><br>Tervetuloa!<\/p>\n\n\n\n<p class=\"has-medium-font-size\"><\/p>\n\n\n\n<p><\/p>\n\n\n\n<!--nextpage-->\n\n\n\n<p class=\"has-medium-font-size\"><\/p>\n\n\n\n<p><strong>Tiistai 9.12.2025 klo 9-11 Ty\u00f6llistyminen<\/strong><\/p>\n\n\n\n<p>Sis\u00e4lt\u00f6<br>Webinaari sis\u00e4lt\u00e4\u00e4 kolme alustusta ja niiden pohjalta k\u00e4yt\u00e4v\u00e4n keskustelun:<\/p>\n\n\n\n<p><strong>Ty\u00f6llisyytt\u00e4 vahvistava toiminta vaativan erityisen&nbsp;tuen ammatillisessa koulutuksessa:<\/strong> Ammattiopisto Live (kehitysp\u00e4\u00e4llikk\u00f6 Petra Morbin), Ammattiopisto Luovi (ty\u00f6el\u00e4m\u00e4koordinaattori Elina Kemppainen) ja Ammattiopisto Spesia (pedagoginen asiantuntija P\u00e4ivi Pietil\u00e4inen)<\/p>\n\n\n\n<p><strong>Ty\u00f6llisyysalueen ja ammatillisen koulutuksen yhteisty\u00f6 <\/strong>\u2013 esimerkkej\u00e4 Tunturi-Lapin ja Pellon alueelta Tero Hyttinen, ty\u00f6llisyysalueen johtaja \/ Tunturi-Lapin ja Pellon ty\u00f6llisyysalue<\/p>\n\n\n\n<p><strong>Kehitt\u00e4misyhti\u00f6n yhteisty\u00f6 toisen asteen ammatillisen koulutuksen kanssa<\/strong> \u2013 esimerkkej\u00e4 Concordiasta Fredrik Sandelin, aluekehitt\u00e4j\u00e4, Concordia, Pietarsaaren seudun kehitt\u00e4misyhti\u00f6<\/p>\n\n\n\n<p><br>porina pe 12.12. klo 13-13:45.<strong><strong>Tiistai 11.11.2025 klo 14-16 Laatu ja Strategia<\/strong>  <\/strong><\/p>\n\n\n\n<p>porina pe 14.11. klo 13-13:45 keskustellaan strategiasta.<strong><br><\/strong><\/p>\n\n\n\n<p><strong>Perjantai 10.10.2025 Ennakointi ja strateginen suunnittelu<\/strong> <br>Sis\u00e4lt\u00f6:Ennakoinnista tulevaisuusty\u00f6h\u00f6n &#8211; Marita Huhtaniemi Metropolia AMK<\/p>\n\n\n\n<ul class=\"wp-block-list\">\n<li>Case esimerkit Stadin AO ja LHKK<\/li>\n<\/ul>\n\n\n\n<p>porina pe 24.10. klo 13-13:45.\u200b<br><\/p>\n\n\n\n<p><strong>Torstai 25.9.2025 Tiedolla johtaminen ja datan hy\u00f6dynt\u00e4minen<\/strong><\/p>\n\n\n\n<p>Sis\u00e4lt\u00f6:<\/p>\n\n\n\n<ul class=\"wp-block-list\">\n<li>Uusi n\u00e4k\u00f6kulmia datan hy\u00f6dynt\u00e4miseen &#8211; Katja Virta Step&nbsp;-koulutus \u200b<\/li>\n<\/ul>\n\n\n\n<ul class=\"wp-block-list\">\n<li>Informationsledning&nbsp;i liten skala&nbsp;\u2013 hur g\u00f6r&nbsp;vi p\u00e5&nbsp;YA &#8211; Camilla K\u00e4llberg Ykersakademin&nbsp;i \u00d6sterbotten\u200b<\/li>\n<\/ul>\n\n\n\n<ul class=\"wp-block-list\">\n<li>Tiedolla johtamisen kehityspolun lyhyt esittely &#8211; Piret Kinnunen<\/li>\n<\/ul>\n\n\n\n<p><br>porina pe 26.9. klo 13-13:45.\u200b <\/p>\n\n\n\n<p><strong>Keskiviikko 27.8.2025: Keskustelua OKM:n edustajan kanssa<\/strong> <br>porina pe 29.8. klo 13-13:45. \u200bMateriaalit l\u00f6ytyv\u00e4t hankkeeseen osallistujille teams kanavalta.<\/p>\n\n\n\n<p class=\"has-medium-font-size\">Strapetsi II &#8211; hanke tapaaminen: Uudistava johtaminen 22.5.2025 klo 9 -11<\/p>\n\n\n\n<p>Tule mukaan inspiroivaan tilaisuuteen uudistavasta johtamisesta!<\/p>\n\n\n\n<p>&nbsp;Ammatillinen koulutus el\u00e4\u00e4 jatkuvassa murroksessa, ja nykyisess\u00e4 tilanteessa, jossa rahoitusta on leikattu, korostuu entisest\u00e4\u00e4n tarve ajatella asioita uudella tavalla. Siksi OKM:n rahoittama Strategisen ja pedagogisen johtamisen hanke tarjoaa ainutlaatuisen tilaisuuden tutustua uudistavaan johtamiseen ammatillisen koulutuksen johtajille.<\/p>\n\n\n\n<p>Puhuja: Michaela Ramm-Schmidt, muutoksen edist\u00e4j\u00e4, jolla on 25 vuoden kokemus monenlaisista johto- ja asiantuntijateht\u00e4vist\u00e4 eri toimialoilla ja organisaatioissa. Valmentajana h\u00e4nt\u00e4 on kuvattu mm. n\u00e4in &#8221; Vahvaa her\u00e4ttely\u00e4 ja haastamista, kuitenkin positiivisesti ja inspiroivasti&#8221;.<\/p>\n\n\n\n<figure class=\"wp-block-image alignright size-medium\"><img loading=\"lazy\" decoding=\"async\" width=\"300\" height=\"261\" src=\"https:\/\/blog.edu.turku.fi\/strapetsi\/files\/2025\/04\/Stapetsi_NUOTIO_ilman_taustaa_RGB-300x261.png\" alt=\"\" class=\"wp-image-1253\" srcset=\"https:\/\/blog.edu.turku.fi\/strapetsi\/files\/2025\/04\/Stapetsi_NUOTIO_ilman_taustaa_RGB-300x261.png 300w, https:\/\/blog.edu.turku.fi\/strapetsi\/files\/2025\/04\/Stapetsi_NUOTIO_ilman_taustaa_RGB-768x668.png 768w, https:\/\/blog.edu.turku.fi\/strapetsi\/files\/2025\/04\/Stapetsi_NUOTIO_ilman_taustaa_RGB.png 1024w\" sizes=\"auto, (max-width: 300px) 100vw, 300px\" \/><\/figure>\n\n\n\n<p>Mit\u00e4 tilaisuus tarjoaa?<\/p>\n\n\n\n<p>Inspiroiva esitys: Johdanto uudistavaan ajatteluun ja sen p\u00e4\u00e4periaatteisiin. Tutustuminen uudistavan johtamisen ty\u00f6kaluihin ja k\u00e4yt\u00e4nt\u00f6ihin.<\/p>\n\n\n\n<p>Ryhm\u00e4keskustelu: Osallistujat jaetaan pienempiin ryhmiin, joissa pohditaan ensimm\u00e4isi\u00e4 askeleita uudistavaan johtamiseen ammatillisissa oppilaitoksissa. Ryhmien havainnot esitet\u00e4\u00e4n tilaisuuden lopuksi kaikille.<\/p>\n\n\n\n<p>Yst\u00e4v\u00e4llisesti<\/p>\n\n\n\n<p>Strapetsi II projektiryhm\u00e4<\/p>\n\n\n\n<p><strong>Kaikille avoin p\u00e4\u00e4t\u00f6swebinaari keskiviikkona 27.11.2024.<\/strong><\/p>\n\n\n\n<p>P\u00e4\u00e4t\u00f6stilaisuus j\u00e4rjestettiin klo 9:00- 11.30 et\u00e4n\u00e4.<\/p>\n\n\n\n<p>Voit palata esitysmateriaaliin t\u00e4st\u00e4:<\/p>\n\n\n\n<div data-wp-interactive=\"core\/file\" class=\"wp-block-file\"><object data-wp-bind--hidden=\"!state.hasPdfPreview\" hidden class=\"wp-block-file__embed\" data=\"https:\/\/blog.edu.turku.fi\/strapetsi\/files\/2024\/11\/27.11.2024-Strapetsi-paatoswebinaari.pdf\" type=\"application\/pdf\" style=\"width:100%;height:600px\" aria-label=\"Tiedoston 27.11.2024 Strapetsi p\u00e4\u00e4t\u00f6swebinaari upotus.\"><\/object><a id=\"wp-block-file--media-c16ce0ad-1db2-4ef2-9257-88833ebdd685\" href=\"https:\/\/blog.edu.turku.fi\/strapetsi\/files\/2024\/11\/27.11.2024-Strapetsi-paatoswebinaari.pdf\">27.11.2024 Strapetsi p\u00e4\u00e4t\u00f6swebinaari<\/a><a href=\"https:\/\/blog.edu.turku.fi\/strapetsi\/files\/2024\/11\/27.11.2024-Strapetsi-paatoswebinaari.pdf\" class=\"wp-block-file__button wp-element-button\" download aria-describedby=\"wp-block-file--media-c16ce0ad-1db2-4ef2-9257-88833ebdd685\">Lataa<\/a><\/div>\n\n\n\n<!--nextpage-->\n\n\n\n<p><strong>Fortbildning som arrangeras p\u00e5 svenska inom projektet:<br><\/strong><\/p>\n\n\n\n<p><strong>AI F\u00d6R LEDARE<\/strong><br><strong>f\u00f6r alla intresserade av ledarskapsfr\u00e5gor i anslutning till andra stadiets yrkesutbildning<\/strong><br><strong>7.10.2024&nbsp; kl. 13-16<\/strong><br>Webinarium med Mia Liljeberg med syfte att ge ledare en djupare f\u00f6rst\u00e5else f\u00f6r hur AI kan appliceras i ledarskap, verksamhetsutveckling och organisationsutveckling. Vi g\u00e5r igenom hur AI kan anv\u00e4ndas f\u00f6r att f\u00f6rb\u00e4ttra beslutsfattande, driva innovation och skapa mer effektiva organisationer. Genom praktiska \u00f6vningar f\u00e5r deltagarna insikt i hur AI kan integreras i deras dagliga arbete och strategiska planering.<\/p>\n\n\n\n<p>Fokus ligger p\u00e5 att utveckla ledarskapskompetenser som \u00e4r n\u00f6dv\u00e4ndiga f\u00f6r att navigera i en AI-driven v\u00e4rld.<br><br>Inneh\u00e5ll:<\/p>\n\n\n\n<p>Introduktion<\/p>\n\n\n\n<p>AI i verksamhetsutveckling<\/p>\n\n\n\n<p>AI och jobben<\/p>\n\n\n\n<p>AI-verktyg och teknologier<\/p>\n\n\n\n<p>Ledarskap i en tid av AI<\/p>\n\n\n\n<p>AI-kompetens f\u00f6r chefer<\/p>\n\n\n\n<p>F\u00f6r\u00e4ndringsledning<\/p>\n\n\n\n<p>Ansvarsfull AI<\/p>\n\n\n\n<p>Etiska \u00f6verv\u00e4ganden<\/p>\n\n\n\n<p>Datamanagement<\/p>\n\n\n\n<p>Hos teamet<\/p>\n\n\n\n<p>I verksamheten<\/p>\n\n\n\n<p>Jobbroller och arbetsf\u00f6rdelning<\/p>\n\n\n\n<p>Kompetensbehov<\/p>\n\n\n\n<p>Handlingsplan<\/p>\n\n\n\n<p>Framtidstrender inom AI<\/p>\n\n\n\n<p>Ledarskap och AI Ansvar och etik<br>Hur inf\u00f6r vi AI<br>AI och organisationen<br>Vad \u00e4r n\u00e4sta steg<\/p>\n\n\n\n<p><a href=\"https:\/\/se.mialiljeberg.com\">https:\/\/se.mialiljeberg.com<\/a><\/p>\n\n\n\n<p><strong>Max 40 deltagare!<br><\/strong>L\u00e4nk f\u00f6r anm\u00e4lan: &nbsp;<a href=\"https:\/\/eur02.safelinks.protection.outlook.com\/?url=https%3A%2F%2Flink.webropolsurveys.com%2FS%2F7FE7A2E5D0670C20&amp;data=05%7C02%7CAnn-Maj.Bjorkell-Holm%40yrkesakademin.fi%7Ce74c651af3204652f24608dcb8674ca0%7Cfdc828366f09443b9be5903406f92fb0%7C0%7C0%7C638588001040367537%7CUnknown%7CTWFpbGZsb3d8eyJWIjoiMC4wLjAwMDAiLCJQIjoiV2luMzIiLCJBTiI6Ik1haWwiLCJXVCI6Mn0%3D%7C0%7C%7C%7C&amp;sdata=XNS4doqHweguYmkOhpL%2FHVLqMIrjhivJp9jCiaI%2Bq0A%3D&amp;reserved=0\">https:\/\/link.webropolsurveys.com\/S\/7FE7A2E5D0670C20<\/a><br>L\u00e4nk f\u00f6r deltagande s\u00e4nds till de anm\u00e4lda.<\/p>\n\n\n\n<p>* * * * * * * * * * ** ** * * * * * * * * * * * * ** ** ** * * * *<\/p>\n\n\n\n<p>Kvalitetssystem och cirkul\u00e4r ekonomi&nbsp;<br>Under planering.<\/p>\n\n\n\n<p>* * * * * * * * * * ** ** * * * * * * * * * * * * ** ** ** * * * *<\/p>\n\n\n\n<p>Alla fortbildningar \u00e4r avgiftsfria och finansieras av Undervisnings- och kulturministeriet genom projekt Strapets.<\/p>\n\n\n\n<p>Information om alla utbildningar och l\u00e4nkar f\u00f6r deltagande finns p\u00e5 Strapets-projektets hemsida<br><a href=\"https:\/\/blog.edu.turku.fi\/strapetsi\/\">https:\/\/blog.edu.turku.fi\/strapetsi\/<\/a>&nbsp; V\u00e4lj den svenska sidan Strapets \u2013 ledning av strategisk och pedagogisk verksamhet.<\/p>\n\n\n\n<p>Fr\u00e5gor kan riktas till Ann-Maj Bj\u00f6rkell-Holm, <a href=\"mailto:ann-maj.bjorkell-holm@yrkesakademin.fi\">ann-maj.bjorkell-holm@yrkesakademin.fi<\/a>&nbsp;&nbsp;<\/p>\n\n\n\n<p>* * * * * * * * * * ** ** * * * * * * * * * * * * ** ** ** * * * *<br><br>Strapets-projektet medverkar med program till seminariet <strong>Social h\u00e5llbarhet \u2013 Finlandssvensk yrkesutbildning i fokus<\/strong> som arrangeras av Regionf\u00f6rvaltningsverket den 12.11.2024 i Tammerfors f\u00f6r personal inom yrkesutbildningen p\u00e5 andra stadiet.<br>Information och anm\u00e4lan:&nbsp;<br><a href=\"https:\/\/eventilla.avi.fi\/event\/bJNNd\/SV#main-content\">Social h\u00e5llbarhet &#8211; Finlandssvensk yrkesutbildning i fokus (avi.fi)<\/a><\/p>\n\n\n\n<p>Strapets-projektet medverkar ocks\u00e5 med program f\u00f6r Rektorsseminarium i Tammerfors 19-20.9 med en workshop med f\u00f6retaget Bestme omkring ledarskap. M\u00e5lgruppen \u00e4r rektorerna inom svenska andra stadiets yrkesutbildning.<\/p>\n\n\n\n<!--nextpage-->\n\n\n\n<p><\/p>\n\n\n\n<p><\/p>\n","protected":false},"excerpt":{"rendered":"<p>t\u00e4lt\u00e4 sivulta l\u00f6yd\u00e4t hankkeen tapahtumat ja koulutukset Tapaamisissa pid\u00e4mme alustuksia ja keskusteluja osallistujien kesken. Porinat ovat vapaamuotoisia keskusteluhetki\u00e4, joissa p\u00e4\u00e4see reflektoimaan ja keskustelemaan aiheista vapaammin. Linkit ja sis\u00e4lt\u00f6 p\u00e4ivittyv\u00e4t l\u00e4hemp\u00e4n\u00e4 tapaamista. Huom:&nbsp;Tilaisuuksiin osallistuneiden tiedot arkistoidaan osana hankkeen seurantaa ja arviointia<\/p>\n","protected":false},"author":3393,"featured_media":0,"parent":0,"menu_order":0,"comment_status":"closed","ping_status":"closed","template":"","meta":{"footnotes":""},"class_list":["post-92","page","type-page","status-publish","hentry"],"_links":{"self":[{"href":"https:\/\/blog.edu.turku.fi\/strapetsi\/wp-json\/wp\/v2\/pages\/92","targetHints":{"allow":["GET"]}}],"collection":[{"href":"https:\/\/blog.edu.turku.fi\/strapetsi\/wp-json\/wp\/v2\/pages"}],"about":[{"href":"https:\/\/blog.edu.turku.fi\/strapetsi\/wp-json\/wp\/v2\/types\/page"}],"author":[{"embeddable":true,"href":"https:\/\/blog.edu.turku.fi\/strapetsi\/wp-json\/wp\/v2\/users\/3393"}],"replies":[{"embeddable":true,"href":"https:\/\/blog.edu.turku.fi\/strapetsi\/wp-json\/wp\/v2\/comments?post=92"}],"version-history":[{"count":51,"href":"https:\/\/blog.edu.turku.fi\/strapetsi\/wp-json\/wp\/v2\/pages\/92\/revisions"}],"predecessor-version":[{"id":1374,"href":"https:\/\/blog.edu.turku.fi\/strapetsi\/wp-json\/wp\/v2\/pages\/92\/revisions\/1374"}],"wp:attachment":[{"href":"https:\/\/blog.edu.turku.fi\/strapetsi\/wp-json\/wp\/v2\/media?parent=92"}],"curies":[{"name":"wp","href":"https:\/\/api.w.org\/{rel}","templated":true}]}}