{"id":37,"date":"2014-03-18T11:48:55","date_gmt":"2014-03-18T11:48:55","guid":{"rendered":"http:\/\/demo.themegrill.com\/spacious\/?page_id=37"},"modified":"2026-04-29T10:55:05","modified_gmt":"2026-04-29T07:55:05","slug":"blogi","status":"publish","type":"page","link":"https:\/\/blog.edu.turku.fi\/strapetsi\/blogi\/","title":{"rendered":"Blogi"},"content":{"rendered":"\n<h2 class=\"wp-block-heading\">Tervetuloa Strapetsi II\u2013 hankkeen blogiin!<figure><img loading=\"lazy\" decoding=\"async\" class=\"size-medium wp-image-1225 alignright\" src=\"https:\/\/blog.edu.turku.fi\/strapetsi\/files\/2025\/01\/Stapetsi_TAHDET_valkoinen_tausta_RGB-300x261.png\" alt=\"\" width=\"300\" height=\"261\" srcset=\"https:\/\/blog.edu.turku.fi\/strapetsi\/files\/2025\/01\/Stapetsi_TAHDET_valkoinen_tausta_RGB-300x261.png 300w, https:\/\/blog.edu.turku.fi\/strapetsi\/files\/2025\/01\/Stapetsi_TAHDET_valkoinen_tausta_RGB.png 1024w\" sizes=\"auto, (max-width: 300px) 100vw, 300px\" \/><\/figure><\/h2>\n\n\n\n<p>Lue t\u00e4\u00e4lt\u00e4 hankkeen kuulumiset sek\u00e4 selaile Strapetsi 2023-2024 hankkeen aikana kirjoitetut tekstit.<\/p>\n\n\n\n<p>&nbsp;<\/p>\n\n\n\n<figure class=\"wp-block-embed is-type-wp-embed is-provider-strapetsi wp-block-embed-strapetsi\"><div class=\"wp-block-embed__wrapper\">\n<blockquote class=\"wp-embedded-content\" data-secret=\"9Zgq9TLslX\"><a href=\"https:\/\/blog.edu.turku.fi\/strapetsi\/2026\/04\/28\/oivalluksia-tiedolla-johtamiseen-strapetsi-ii-hankkeen-huhtikuun-tapaaminen\/\">Oivalluksia tiedolla johtamiseen \u2013 Strapetsi II -hankkeen huhtikuun tapaaminen<\/a><\/blockquote><iframe loading=\"lazy\" class=\"wp-embedded-content\" sandbox=\"allow-scripts\" security=\"restricted\" style=\"position: absolute; visibility: hidden;\" title=\"&#8221;Oivalluksia tiedolla johtamiseen \u2013 Strapetsi II -hankkeen huhtikuun tapaaminen&#8221; &#8212; Strapetsi\" src=\"https:\/\/blog.edu.turku.fi\/strapetsi\/2026\/04\/28\/oivalluksia-tiedolla-johtamiseen-strapetsi-ii-hankkeen-huhtikuun-tapaaminen\/embed\/#?secret=fNpVtfKWao#?secret=9Zgq9TLslX\" data-secret=\"9Zgq9TLslX\" width=\"600\" height=\"338\" frameborder=\"0\" marginwidth=\"0\" marginheight=\"0\" scrolling=\"no\"><\/iframe>\n<\/div><\/figure>\n\n\n\n<figure class=\"wp-block-embed aligncenter is-type-wp-embed is-provider-strapetsi wp-block-embed-strapetsi\"><div class=\"wp-block-embed__wrapper\">\n<blockquote class=\"wp-embedded-content\" data-secret=\"LuBfQoZbha\"><a href=\"https:\/\/blog.edu.turku.fi\/strapetsi\/2026\/02\/12\/kestavyysindikaattorit-johtamisessa\/\">Kest\u00e4vyysindikaattorit johtamisessa<\/a><\/blockquote><iframe loading=\"lazy\" class=\"wp-embedded-content\" sandbox=\"allow-scripts\" security=\"restricted\" style=\"position: absolute; visibility: hidden;\" title=\"&#8221;Kest\u00e4vyysindikaattorit johtamisessa&#8221; &#8212; Strapetsi\" src=\"https:\/\/blog.edu.turku.fi\/strapetsi\/2026\/02\/12\/kestavyysindikaattorit-johtamisessa\/embed\/#?secret=5LQsmuYHBV#?secret=LuBfQoZbha\" data-secret=\"LuBfQoZbha\" width=\"600\" height=\"338\" frameborder=\"0\" marginwidth=\"0\" marginheight=\"0\" scrolling=\"no\"><\/iframe>\n<\/div><\/figure>\n\n\n\n<figure class=\"wp-block-embed aligncenter is-type-wp-embed is-provider-strapetsi wp-block-embed-strapetsi\"><div class=\"wp-block-embed__wrapper\">\n<blockquote class=\"wp-embedded-content\" data-secret=\"Rp9BDlEW2m\"><a href=\"https:\/\/blog.edu.turku.fi\/strapetsi\/2025\/12\/16\/yhdessa-uudistuen-strapetsi-ii-hankkeen-vuosi-2025\/\">Yhdess\u00e4 uudistuen \u2013 Strapetsi II -hankkeen vuosi 2025<\/a><\/blockquote><iframe loading=\"lazy\" class=\"wp-embedded-content\" sandbox=\"allow-scripts\" security=\"restricted\" style=\"position: absolute; visibility: hidden;\" title=\"&#8221;Yhdess\u00e4 uudistuen \u2013 Strapetsi II -hankkeen vuosi 2025&#8221; &#8212; Strapetsi\" src=\"https:\/\/blog.edu.turku.fi\/strapetsi\/2025\/12\/16\/yhdessa-uudistuen-strapetsi-ii-hankkeen-vuosi-2025\/embed\/#?secret=26GKjEIUxY#?secret=Rp9BDlEW2m\" data-secret=\"Rp9BDlEW2m\" width=\"600\" height=\"338\" frameborder=\"0\" marginwidth=\"0\" marginheight=\"0\" scrolling=\"no\"><\/iframe>\n<\/div><\/figure>\n\n\n\n<figure class=\"wp-block-embed is-type-wp-embed is-provider-strapetsi wp-block-embed-strapetsi\"><div class=\"wp-block-embed__wrapper\">\n<blockquote class=\"wp-embedded-content\" data-secret=\"hkEVKBwHZU\"><a href=\"https:\/\/blog.edu.turku.fi\/strapetsi\/2025\/09\/05\/alkukartoituksesta-kehittamiseen-strapetsi-ii-hankkeen-matka-jatkuu\/\">Alkukartoituksesta kehitt\u00e4miseen \u2013 Strapetsi II -hankkeen matka jatkuu<\/a><\/blockquote><iframe loading=\"lazy\" class=\"wp-embedded-content\" sandbox=\"allow-scripts\" security=\"restricted\" style=\"position: absolute; visibility: hidden;\" title=\"&#8221;Alkukartoituksesta kehitt\u00e4miseen \u2013 Strapetsi II -hankkeen matka jatkuu&#8221; &#8212; Strapetsi\" src=\"https:\/\/blog.edu.turku.fi\/strapetsi\/2025\/09\/05\/alkukartoituksesta-kehittamiseen-strapetsi-ii-hankkeen-matka-jatkuu\/embed\/#?secret=WpSEgU0IZG#?secret=hkEVKBwHZU\" data-secret=\"hkEVKBwHZU\" width=\"600\" height=\"338\" frameborder=\"0\" marginwidth=\"0\" marginheight=\"0\" scrolling=\"no\"><\/iframe>\n<\/div><\/figure>\n\n\n\n<p><\/p>\n\n\n\n<figure class=\"wp-block-embed aligncenter is-type-wp-embed is-provider-strapetsi wp-block-embed-strapetsi\"><div class=\"wp-block-embed__wrapper\">\n<blockquote class=\"wp-embedded-content\" data-secret=\"sUfwbqORlg\"><a href=\"https:\/\/blog.edu.turku.fi\/strapetsi\/2025\/05\/28\/uudistava-johtaminen-pysahdy-nae-ja-uudistu\/\">Uudistava johtaminen \u2013 pys\u00e4hdy, n\u00e4e ja uudistu<\/a><\/blockquote><iframe loading=\"lazy\" class=\"wp-embedded-content\" sandbox=\"allow-scripts\" security=\"restricted\" style=\"position: absolute; visibility: hidden;\" title=\"&#8221;Uudistava johtaminen \u2013 pys\u00e4hdy, n\u00e4e ja uudistu&#8221; &#8212; Strapetsi\" src=\"https:\/\/blog.edu.turku.fi\/strapetsi\/2025\/05\/28\/uudistava-johtaminen-pysahdy-nae-ja-uudistu\/embed\/#?secret=zLdX9DBcFk#?secret=sUfwbqORlg\" data-secret=\"sUfwbqORlg\" width=\"600\" height=\"338\" frameborder=\"0\" marginwidth=\"0\" marginheight=\"0\" scrolling=\"no\"><\/iframe>\n<\/div><\/figure>\n\n\n\n<figure class=\"wp-block-embed aligncenter is-type-wp-embed is-provider-strapetsi wp-block-embed-strapetsi\"><div class=\"wp-block-embed__wrapper\">\n<blockquote class=\"wp-embedded-content\" data-secret=\"b3btzEi2gT\"><a href=\"https:\/\/blog.edu.turku.fi\/strapetsi\/2025\/01\/15\/vieraskynana-kartalla-pa-kartan-hanke\/\">Vieraskyn\u00e4n\u00e4 Kartalla &#8211; P\u00e5 Kartan hanke<\/a><\/blockquote><iframe loading=\"lazy\" class=\"wp-embedded-content\" sandbox=\"allow-scripts\" security=\"restricted\" style=\"position: absolute; visibility: hidden;\" title=\"&#8221;Vieraskyn\u00e4n\u00e4 Kartalla &#8211; P\u00e5 Kartan hanke&#8221; &#8212; Strapetsi\" src=\"https:\/\/blog.edu.turku.fi\/strapetsi\/2025\/01\/15\/vieraskynana-kartalla-pa-kartan-hanke\/embed\/#?secret=qJzM8rj6Zt#?secret=b3btzEi2gT\" data-secret=\"b3btzEi2gT\" width=\"600\" height=\"338\" frameborder=\"0\" marginwidth=\"0\" marginheight=\"0\" scrolling=\"no\"><\/iframe>\n<\/div><\/figure>\n\n\n\n<!--nextpage-->\n\n\n\n<figure class=\"wp-block-embed is-type-wp-embed is-provider-strapetsi wp-block-embed-strapetsi\"><div class=\"wp-block-embed__wrapper\">\n<blockquote class=\"wp-embedded-content\" data-secret=\"RGHur3efkT\"><a href=\"https:\/\/blog.edu.turku.fi\/strapetsi\/2025\/01\/02\/kiitos-osallisuudestanne\/\">Kiitos osallisuudestanne<\/a><\/blockquote><iframe loading=\"lazy\" class=\"wp-embedded-content\" sandbox=\"allow-scripts\" security=\"restricted\" style=\"position: absolute; visibility: hidden;\" title=\"&#8221;Kiitos osallisuudestanne&#8221; &#8212; Strapetsi\" src=\"https:\/\/blog.edu.turku.fi\/strapetsi\/2025\/01\/02\/kiitos-osallisuudestanne\/embed\/#?secret=tzczySwVnz#?secret=RGHur3efkT\" data-secret=\"RGHur3efkT\" width=\"600\" height=\"338\" frameborder=\"0\" marginwidth=\"0\" marginheight=\"0\" scrolling=\"no\"><\/iframe>\n<\/div><\/figure>\n\n\n\n<figure class=\"wp-block-embed is-type-wp-embed is-provider-strapetsi wp-block-embed-strapetsi\"><div class=\"wp-block-embed__wrapper\">\n<blockquote class=\"wp-embedded-content\" data-secret=\"NJ1UgdSAQv\"><a href=\"https:\/\/blog.edu.turku.fi\/strapetsi\/2024\/12\/23\/strategisen-ja-pedagogisen-johtamisen-toimintamalli\/\">Strategisen ja pedagogisen johtamisen toimintamalli<\/a><\/blockquote><iframe loading=\"lazy\" class=\"wp-embedded-content\" sandbox=\"allow-scripts\" security=\"restricted\" style=\"position: absolute; visibility: hidden;\" title=\"&#8221;Strategisen ja pedagogisen johtamisen toimintamalli&#8221; &#8212; Strapetsi\" src=\"https:\/\/blog.edu.turku.fi\/strapetsi\/2024\/12\/23\/strategisen-ja-pedagogisen-johtamisen-toimintamalli\/embed\/#?secret=2MMfgUbpB7#?secret=NJ1UgdSAQv\" data-secret=\"NJ1UgdSAQv\" width=\"600\" height=\"338\" frameborder=\"0\" marginwidth=\"0\" marginheight=\"0\" scrolling=\"no\"><\/iframe>\n<\/div><\/figure>\n\n\n\n<figure class=\"wp-block-embed is-type-wp-embed is-provider-strapetsi wp-block-embed-strapetsi\"><div class=\"wp-block-embed__wrapper\">\n<blockquote class=\"wp-embedded-content\" data-secret=\"y60t40HByr\"><a href=\"https:\/\/blog.edu.turku.fi\/strapetsi\/2024\/12\/09\/ammatillisten-oppilaitosten-kokemuksia-ja-palautteita-tyoelamajaksoista\/\">Ammatillisten oppilaitosten kokemuksia ja palautteita ty\u00f6el\u00e4m\u00e4jaksoista<\/a><\/blockquote><iframe loading=\"lazy\" class=\"wp-embedded-content\" sandbox=\"allow-scripts\" security=\"restricted\" style=\"position: absolute; visibility: hidden;\" title=\"&#8221;Ammatillisten oppilaitosten kokemuksia ja palautteita ty\u00f6el\u00e4m\u00e4jaksoista&#8221; &#8212; Strapetsi\" src=\"https:\/\/blog.edu.turku.fi\/strapetsi\/2024\/12\/09\/ammatillisten-oppilaitosten-kokemuksia-ja-palautteita-tyoelamajaksoista\/embed\/#?secret=frHtZAraJ5#?secret=y60t40HByr\" data-secret=\"y60t40HByr\" width=\"600\" height=\"338\" frameborder=\"0\" marginwidth=\"0\" marginheight=\"0\" scrolling=\"no\"><\/iframe>\n<\/div><\/figure>\n\n\n\n<figure class=\"wp-block-embed is-type-wp-embed is-provider-strapetsi wp-block-embed-strapetsi\"><div class=\"wp-block-embed__wrapper\">\n<blockquote class=\"wp-embedded-content\" data-secret=\"ix1rSa79uS\"><a href=\"https:\/\/blog.edu.turku.fi\/strapetsi\/2024\/11\/28\/strapetsi-hankkeen-paatoswebinaari-27-11-2024\/\">Strapetsi &#8211; hankkeen p\u00e4\u00e4t\u00f6swebinaari 27.11.2024<\/a><\/blockquote><iframe loading=\"lazy\" class=\"wp-embedded-content\" sandbox=\"allow-scripts\" security=\"restricted\" style=\"position: absolute; visibility: hidden;\" title=\"&#8221;Strapetsi &#8211; hankkeen p\u00e4\u00e4t\u00f6swebinaari 27.11.2024&#8221; &#8212; Strapetsi\" src=\"https:\/\/blog.edu.turku.fi\/strapetsi\/2024\/11\/28\/strapetsi-hankkeen-paatoswebinaari-27-11-2024\/embed\/#?secret=rXUuIHFWMD#?secret=ix1rSa79uS\" data-secret=\"ix1rSa79uS\" width=\"600\" height=\"338\" frameborder=\"0\" marginwidth=\"0\" marginheight=\"0\" scrolling=\"no\"><\/iframe>\n<\/div><\/figure>\n\n\n\n<figure class=\"wp-block-embed is-type-wp-embed is-provider-strapetsi wp-block-embed-strapetsi\"><div class=\"wp-block-embed__wrapper\">\n<blockquote class=\"wp-embedded-content\" data-secret=\"20P7Lb6RM8\"><a href=\"https:\/\/blog.edu.turku.fi\/strapetsi\/2024\/10\/21\/medarbetarsamtal-pa-hogre-niva\/\">Medarbetarsamtal p\u00e5 h\u00f6gre niv\u00e5<\/a><\/blockquote><iframe loading=\"lazy\" class=\"wp-embedded-content\" sandbox=\"allow-scripts\" security=\"restricted\" style=\"position: absolute; visibility: hidden;\" title=\"&#8221;Medarbetarsamtal p\u00e5 h\u00f6gre niv\u00e5&#8221; &#8212; Strapetsi\" src=\"https:\/\/blog.edu.turku.fi\/strapetsi\/2024\/10\/21\/medarbetarsamtal-pa-hogre-niva\/embed\/#?secret=k3ujSbtQAz#?secret=20P7Lb6RM8\" data-secret=\"20P7Lb6RM8\" width=\"600\" height=\"338\" frameborder=\"0\" marginwidth=\"0\" marginheight=\"0\" scrolling=\"no\"><\/iframe>\n<\/div><\/figure>\n\n\n\n<figure class=\"wp-block-embed is-type-wp-embed is-provider-strapetsi wp-block-embed-strapetsi\"><div class=\"wp-block-embed__wrapper\">\n<blockquote class=\"wp-embedded-content\" data-secret=\"cndN1dyrFN\"><a href=\"https:\/\/blog.edu.turku.fi\/strapetsi\/2024\/06\/20\/tunnelmia-valiseminaarista-turun-messukeskuksessa-11-6-2024\/\">Tunnelmia V\u00e4liseminaarista Turun Messukeskuksessa 11.6.2024\u00a0<\/a><\/blockquote><iframe loading=\"lazy\" class=\"wp-embedded-content\" sandbox=\"allow-scripts\" security=\"restricted\" style=\"position: absolute; visibility: hidden;\" title=\"&#8221;Tunnelmia V\u00e4liseminaarista Turun Messukeskuksessa 11.6.2024\u00a0&#8221; &#8212; Strapetsi\" src=\"https:\/\/blog.edu.turku.fi\/strapetsi\/2024\/06\/20\/tunnelmia-valiseminaarista-turun-messukeskuksessa-11-6-2024\/embed\/#?secret=yxJqAGiMTH#?secret=cndN1dyrFN\" data-secret=\"cndN1dyrFN\" width=\"600\" height=\"338\" frameborder=\"0\" marginwidth=\"0\" marginheight=\"0\" scrolling=\"no\"><\/iframe>\n<\/div><\/figure>\n\n\n\n<figure class=\"wp-block-embed is-type-wp-embed is-provider-strapetsi wp-block-embed-strapetsi\"><div class=\"wp-block-embed__wrapper\">\n<blockquote class=\"wp-embedded-content\" data-secret=\"QxJS94rHij\"><a href=\"https:\/\/blog.edu.turku.fi\/strapetsi\/2024\/05\/31\/aurinkoinen-paiva-lahdessa\/\">Aurinkoinen p\u00e4iv\u00e4 Lahdessa\u00a0<\/a><\/blockquote><iframe loading=\"lazy\" class=\"wp-embedded-content\" sandbox=\"allow-scripts\" security=\"restricted\" style=\"position: absolute; visibility: hidden;\" title=\"&#8221;Aurinkoinen p\u00e4iv\u00e4 Lahdessa\u00a0&#8221; &#8212; Strapetsi\" src=\"https:\/\/blog.edu.turku.fi\/strapetsi\/2024\/05\/31\/aurinkoinen-paiva-lahdessa\/embed\/#?secret=Iymp3oBv54#?secret=QxJS94rHij\" data-secret=\"QxJS94rHij\" width=\"600\" height=\"338\" frameborder=\"0\" marginwidth=\"0\" marginheight=\"0\" scrolling=\"no\"><\/iframe>\n<\/div><\/figure>\n\n\n\n<figure class=\"wp-block-embed is-type-wp-embed is-provider-strapetsi wp-block-embed-strapetsi\"><div class=\"wp-block-embed__wrapper\">\n<blockquote class=\"wp-embedded-content\" data-secret=\"nr4x3bYboz\"><a href=\"https:\/\/blog.edu.turku.fi\/strapetsi\/2024\/05\/03\/kartoitusmatka-ammatilliseen-koulutukseen-tiedonkeruusta-yhteistyohon-osa-2\/\">Kartoitusmatka ammatilliseen koulutukseen: Tiedonkeruusta yhteisty\u00f6h\u00f6n, Osa 2<\/a><\/blockquote><iframe loading=\"lazy\" class=\"wp-embedded-content\" sandbox=\"allow-scripts\" security=\"restricted\" style=\"position: absolute; visibility: hidden;\" title=\"&#8221;Kartoitusmatka ammatilliseen koulutukseen: Tiedonkeruusta yhteisty\u00f6h\u00f6n, Osa 2&#8221; &#8212; Strapetsi\" src=\"https:\/\/blog.edu.turku.fi\/strapetsi\/2024\/05\/03\/kartoitusmatka-ammatilliseen-koulutukseen-tiedonkeruusta-yhteistyohon-osa-2\/embed\/#?secret=o1r5UQEp4y#?secret=nr4x3bYboz\" data-secret=\"nr4x3bYboz\" width=\"600\" height=\"338\" frameborder=\"0\" marginwidth=\"0\" marginheight=\"0\" scrolling=\"no\"><\/iframe>\n<\/div><\/figure>\n\n\n\n<figure class=\"wp-block-embed is-type-wp-embed is-provider-strapetsi wp-block-embed-strapetsi\"><div class=\"wp-block-embed__wrapper\">\n<blockquote class=\"wp-embedded-content\" data-secret=\"aVjky1gdn4\"><a href=\"https:\/\/blog.edu.turku.fi\/strapetsi\/2024\/04\/30\/kartoitusmatka-ammatilliseen-koulutukseen-tiedonkeruusta-yhteistyohon-osa-1\/\">Kartoitusmatka ammatilliseen koulutukseen: Tiedonkeruusta yhteisty\u00f6h\u00f6n, Osa 1<\/a><\/blockquote><iframe loading=\"lazy\" class=\"wp-embedded-content\" sandbox=\"allow-scripts\" security=\"restricted\" style=\"position: absolute; visibility: hidden;\" title=\"&#8221;Kartoitusmatka ammatilliseen koulutukseen: Tiedonkeruusta yhteisty\u00f6h\u00f6n, Osa 1&#8221; &#8212; Strapetsi\" src=\"https:\/\/blog.edu.turku.fi\/strapetsi\/2024\/04\/30\/kartoitusmatka-ammatilliseen-koulutukseen-tiedonkeruusta-yhteistyohon-osa-1\/embed\/#?secret=RT1mCllVrX#?secret=aVjky1gdn4\" data-secret=\"aVjky1gdn4\" width=\"600\" height=\"338\" frameborder=\"0\" marginwidth=\"0\" marginheight=\"0\" scrolling=\"no\"><\/iframe>\n<\/div><\/figure>\n\n\n\n<figure class=\"wp-block-embed is-type-wp-embed is-provider-strapetsi wp-block-embed-strapetsi\"><div class=\"wp-block-embed__wrapper\">\n<blockquote class=\"wp-embedded-content\" data-secret=\"GHJKyVq43s\"><a href=\"https:\/\/blog.edu.turku.fi\/strapetsi\/2024\/04\/29\/muistammeko-katsoa-oman-laatukuplan-ulkopuolelle\/\">Muistammeko katsoa oman laatukuplan ulkopuolelle?<\/a><\/blockquote><iframe loading=\"lazy\" class=\"wp-embedded-content\" sandbox=\"allow-scripts\" security=\"restricted\" style=\"position: absolute; visibility: hidden;\" title=\"&#8221;Muistammeko katsoa oman laatukuplan ulkopuolelle?&#8221; &#8212; Strapetsi\" src=\"https:\/\/blog.edu.turku.fi\/strapetsi\/2024\/04\/29\/muistammeko-katsoa-oman-laatukuplan-ulkopuolelle\/embed\/#?secret=RdJGlEGVCu#?secret=GHJKyVq43s\" data-secret=\"GHJKyVq43s\" width=\"600\" height=\"338\" frameborder=\"0\" marginwidth=\"0\" marginheight=\"0\" scrolling=\"no\"><\/iframe>\n<\/div><\/figure>\n\n\n\n<figure class=\"wp-block-embed is-type-wp-embed is-provider-strapetsi wp-block-embed-strapetsi\"><div class=\"wp-block-embed__wrapper\">\n<blockquote class=\"wp-embedded-content\" data-secret=\"hUeJzyJhMR\"><a href=\"https:\/\/blog.edu.turku.fi\/strapetsi\/2024\/03\/19\/nauhakaikuja-menneilta-vuosilta\/\">Nauhakaikuja menneilt\u00e4 vuosilta<\/a><\/blockquote><iframe loading=\"lazy\" class=\"wp-embedded-content\" sandbox=\"allow-scripts\" security=\"restricted\" style=\"position: absolute; visibility: hidden;\" title=\"&#8221;Nauhakaikuja menneilt\u00e4 vuosilta&#8221; &#8212; Strapetsi\" src=\"https:\/\/blog.edu.turku.fi\/strapetsi\/2024\/03\/19\/nauhakaikuja-menneilta-vuosilta\/embed\/#?secret=kEZmvQizy5#?secret=hUeJzyJhMR\" data-secret=\"hUeJzyJhMR\" width=\"600\" height=\"338\" frameborder=\"0\" marginwidth=\"0\" marginheight=\"0\" scrolling=\"no\"><\/iframe>\n<\/div><\/figure>\n\n\n\n<figure class=\"wp-block-embed is-type-wp-embed is-provider-strapetsi wp-block-embed-strapetsi\"><div class=\"wp-block-embed__wrapper\">\n<blockquote class=\"wp-embedded-content\" data-secret=\"qWbqGyNHMe\"><a href=\"https:\/\/blog.edu.turku.fi\/strapetsi\/2024\/01\/19\/strapetsi-kick-off-18-1-2024\/\">Strapetsi Kick off 18.1.2024<\/a><\/blockquote><iframe loading=\"lazy\" class=\"wp-embedded-content\" sandbox=\"allow-scripts\" security=\"restricted\" style=\"position: absolute; visibility: hidden;\" title=\"&#8221;Strapetsi Kick off 18.1.2024&#8221; &#8212; Strapetsi\" src=\"https:\/\/blog.edu.turku.fi\/strapetsi\/2024\/01\/19\/strapetsi-kick-off-18-1-2024\/embed\/#?secret=ZpVQup2xKJ#?secret=qWbqGyNHMe\" data-secret=\"qWbqGyNHMe\" width=\"600\" height=\"338\" frameborder=\"0\" marginwidth=\"0\" marginheight=\"0\" scrolling=\"no\"><\/iframe>\n<\/div><\/figure>\n\n\n\n<figure class=\"wp-block-embed is-type-wp-embed is-provider-strapetsi wp-block-embed-strapetsi\"><div class=\"wp-block-embed__wrapper\">\n<blockquote class=\"wp-embedded-content\" data-secret=\"deEqx5br6n\"><a href=\"https:\/\/blog.edu.turku.fi\/strapetsi\/2024\/01\/10\/strapetsi-alkaa\/\">Strapetsi- hanke alkaa<\/a><\/blockquote><iframe loading=\"lazy\" class=\"wp-embedded-content\" sandbox=\"allow-scripts\" security=\"restricted\" style=\"position: absolute; visibility: hidden;\" title=\"&#8221;Strapetsi- hanke alkaa&#8221; &#8212; Strapetsi\" src=\"https:\/\/blog.edu.turku.fi\/strapetsi\/2024\/01\/10\/strapetsi-alkaa\/embed\/#?secret=oWJxalb1I4#?secret=deEqx5br6n\" data-secret=\"deEqx5br6n\" width=\"600\" height=\"338\" frameborder=\"0\" marginwidth=\"0\" marginheight=\"0\" scrolling=\"no\"><\/iframe>\n<\/div><\/figure>\n","protected":false},"excerpt":{"rendered":"<p>Tervetuloa Strapetsi II\u2013 hankkeen blogiin! Lue t\u00e4\u00e4lt\u00e4 hankkeen kuulumiset sek\u00e4 selaile Strapetsi 2023-2024 hankkeen aikana kirjoitetut tekstit. &nbsp;<\/p>\n","protected":false},"author":3393,"featured_media":0,"parent":0,"menu_order":0,"comment_status":"closed","ping_status":"closed","template":"","meta":{"footnotes":""},"class_list":["post-37","page","type-page","status-publish","hentry"],"_links":{"self":[{"href":"https:\/\/blog.edu.turku.fi\/strapetsi\/wp-json\/wp\/v2\/pages\/37","targetHints":{"allow":["GET"]}}],"collection":[{"href":"https:\/\/blog.edu.turku.fi\/strapetsi\/wp-json\/wp\/v2\/pages"}],"about":[{"href":"https:\/\/blog.edu.turku.fi\/strapetsi\/wp-json\/wp\/v2\/types\/page"}],"author":[{"embeddable":true,"href":"https:\/\/blog.edu.turku.fi\/strapetsi\/wp-json\/wp\/v2\/users\/3393"}],"replies":[{"embeddable":true,"href":"https:\/\/blog.edu.turku.fi\/strapetsi\/wp-json\/wp\/v2\/comments?post=37"}],"version-history":[{"count":29,"href":"https:\/\/blog.edu.turku.fi\/strapetsi\/wp-json\/wp\/v2\/pages\/37\/revisions"}],"predecessor-version":[{"id":1384,"href":"https:\/\/blog.edu.turku.fi\/strapetsi\/wp-json\/wp\/v2\/pages\/37\/revisions\/1384"}],"wp:attachment":[{"href":"https:\/\/blog.edu.turku.fi\/strapetsi\/wp-json\/wp\/v2\/media?parent=37"}],"curies":[{"name":"wp","href":"https:\/\/api.w.org\/{rel}","templated":true}]}}