{"id":305,"date":"2016-10-18T19:20:46","date_gmt":"2016-10-18T16:20:46","guid":{"rendered":"https:\/\/blog.edu.turku.fi\/stolofsskolan\/?page_id=305"},"modified":"2025-10-08T14:01:24","modified_gmt":"2025-10-08T11:01:24","slug":"klubbar","status":"publish","type":"page","link":"https:\/\/blog.edu.turku.fi\/stolofsskolan\/klubbar\/","title":{"rendered":"Klubbar"},"content":{"rendered":"<p><strong>Klubbarna ordnas i huvudsak i skolans egna utrymmen och efter ordinarie skoltid. Klubbutbudet har utarbetats utg\u00e5ende fr\u00e5n elevers och f\u00f6r\u00e4ldrars \u00f6nskem\u00e5l. Ett stort tack g\u00e5r till Elevk\u00e5rsstyrelsen som gett flera fina f\u00f6rslag p\u00e5 klubbar som skulle kunna ordnas.<\/strong><\/p>\n<p><em>Kontaktperson f\u00f6r klubbverksamheten \u00e4r Joan Keih\u00e4s.<\/em><\/p>\n<p><strong>Klubbar 2025-2026:<\/strong><\/p>\n<p>M\u00e5ndagar kl. 15.15-16.15, klassrum 130, <strong>Konstklubben<\/strong>.<br \/>\n\u00c4r du intresserad av konst? Gillar du att m\u00e5la, rita, formge med olika material? D\u00e5 \u00e4r detta en perfekt klubb f\u00f6r dig! Konstl\u00e4rare Senni Hernej\u00e4rvi (hon talar svenska).<br \/>\nF\u00f6rsta klubben \u00e4r redan m\u00e5ndagen efter h\u00f6stlovet, dvs. 20.10.<\/p>\n<p>Tisdagar kl. 15-16 klassrum 130 <strong>Hejarklacken<\/strong>. Klubbledare Joan Keih\u00e4s.<\/p>\n<p>Onsdagar kl. 15.15-16.15 <strong>Darts<\/strong>. Utrymmet \u00e4r utanf\u00f6r gymmet. Klubbledare Emil Gullblom.<\/p>\n<p>Torsdagar kl. 15-16 <strong>Tidningsklubben\/Skoltidningen<\/strong> , klassrum 132. Klubbledare Victoria Kotkamaa.<\/p>\n","protected":false},"excerpt":{"rendered":"<p>Klubbarna ordnas i huvudsak i skolans egna utrymmen och efter ordinarie skoltid. Klubbutbudet har utarbetats utg\u00e5ende fr\u00e5n elevers och f\u00f6r\u00e4ldrars \u00f6nskem\u00e5l. Ett stort tack g\u00e5r till Elevk\u00e5rsstyrelsen som gett flera fina f\u00f6rslag p\u00e5 klubbar som skulle kunna ordnas. Kontaktperson f\u00f6r klubbverksamheten \u00e4r Joan Keih\u00e4s. Klubbar 2025-2026: M\u00e5ndagar kl. 15.15-16.15, klassrum 130, Konstklubben. \u00c4r du intresserad &hellip; <a href=\"https:\/\/blog.edu.turku.fi\/stolofsskolan\/klubbar\/\" class=\"more-link\">Forts\u00e4tt l\u00e4sa<span class=\"screen-reader-text\"> \u201dKlubbar\u201d<\/span><\/a><\/p>\n","protected":false},"author":53,"featured_media":0,"parent":0,"menu_order":0,"comment_status":"closed","ping_status":"closed","template":"","meta":{"footnotes":""},"class_list":["post-305","page","type-page","status-publish","hentry"],"_links":{"self":[{"href":"https:\/\/blog.edu.turku.fi\/stolofsskolan\/wp-json\/wp\/v2\/pages\/305","targetHints":{"allow":["GET"]}}],"collection":[{"href":"https:\/\/blog.edu.turku.fi\/stolofsskolan\/wp-json\/wp\/v2\/pages"}],"about":[{"href":"https:\/\/blog.edu.turku.fi\/stolofsskolan\/wp-json\/wp\/v2\/types\/page"}],"author":[{"embeddable":true,"href":"https:\/\/blog.edu.turku.fi\/stolofsskolan\/wp-json\/wp\/v2\/users\/53"}],"replies":[{"embeddable":true,"href":"https:\/\/blog.edu.turku.fi\/stolofsskolan\/wp-json\/wp\/v2\/comments?post=305"}],"version-history":[{"count":46,"href":"https:\/\/blog.edu.turku.fi\/stolofsskolan\/wp-json\/wp\/v2\/pages\/305\/revisions"}],"predecessor-version":[{"id":3368,"href":"https:\/\/blog.edu.turku.fi\/stolofsskolan\/wp-json\/wp\/v2\/pages\/305\/revisions\/3368"}],"wp:attachment":[{"href":"https:\/\/blog.edu.turku.fi\/stolofsskolan\/wp-json\/wp\/v2\/media?parent=305"}],"curies":[{"name":"wp","href":"https:\/\/api.w.org\/{rel}","templated":true}]}}