{"id":144,"date":"2016-10-04T21:40:26","date_gmt":"2016-10-04T18:40:26","guid":{"rendered":"https:\/\/blog.edu.turku.fi\/stolofsskolan\/?page_id=144"},"modified":"2025-08-26T11:05:43","modified_gmt":"2025-08-26T08:05:43","slug":"provsystemet","status":"publish","type":"page","link":"https:\/\/blog.edu.turku.fi\/stolofsskolan\/provsystemet\/","title":{"rendered":"Provsystemet"},"content":{"rendered":"<p class=\"style23\">En g\u00e5ng i veckan, fredagar kl. 8.00-8.45, har vi ett gemensamt provtillf\u00e4lle f\u00f6r hela skolan. Provtillf\u00e4llena inleds i oktober och information har delats ut till eleverna. Om en elev \u00e4r sjuk och inte kan delta i provskrivningen \u00e4r det viktigt att detta meddelas till skolan f\u00f6re kl. 12.00 samma dag som provet skrivs, provet kan d\u00e5 ist\u00e4llet skrivas inkommande tisdag.<\/p>\n<p>Den fasta provtiden har inf\u00f6rts f\u00f6r att underl\u00e4tta elevernas (och familjernas) arbetsplanering och f\u00f6r att f\u00f6rhindra stress i samband med flera prov per vecka.<\/p>\n<p><strong>Provlista f\u00f6r l\u00e4s\u00e5ret 2025-2026:<\/strong><br \/>\n(Klicka p\u00e5 l\u00e4nken f\u00f6r respektive \u00e5rskurs f\u00f6r att \u00f6ppna provlistan i pdf format.)<\/p>\n<p><a href=\"https:\/\/blog.edu.turku.fi\/stolofsskolan\/files\/2025\/08\/Provlista-2025-2026-ak-7.pdf\">\u00c5k 7<\/a><\/p>\n<p><a href=\"https:\/\/blog.edu.turku.fi\/stolofsskolan\/files\/2025\/08\/Provlista-2025-2026-ak-8.pdf\">\u00c5k 8<\/a><\/p>\n<p><a href=\"https:\/\/blog.edu.turku.fi\/stolofsskolan\/files\/2025\/08\/Provlista-2025-2026-ak-9.pdf\">\u00c5k 9<\/a><\/p>\n<p><a href=\"https:\/\/blog.edu.turku.fi\/stolofsskolan\/files\/2025\/08\/Kompensationsledighet-2025-2026.pdf\">Kompensationsledigheter<\/a><\/p>\n<p><a href=\"https:\/\/blog.edu.turku.fi\/stolofsskolan\/files\/2025\/08\/Provlista-2025-2026-hela-listan.pdf\">(Alla \u00e5rskurser)<\/a><\/p>\n","protected":false},"excerpt":{"rendered":"<p>En g\u00e5ng i veckan, fredagar kl. 8.00-8.45, har vi ett gemensamt provtillf\u00e4lle f\u00f6r hela skolan. Provtillf\u00e4llena inleds i oktober och information har delats ut till eleverna. Om en elev \u00e4r sjuk och inte kan delta i provskrivningen \u00e4r det viktigt att detta meddelas till skolan f\u00f6re kl. 12.00 samma dag som provet skrivs, provet kan &hellip; <a href=\"https:\/\/blog.edu.turku.fi\/stolofsskolan\/provsystemet\/\" class=\"more-link\">Forts\u00e4tt l\u00e4sa<span class=\"screen-reader-text\"> \u201dProvsystemet\u201d<\/span><\/a><\/p>\n","protected":false},"author":53,"featured_media":0,"parent":0,"menu_order":0,"comment_status":"closed","ping_status":"closed","template":"","meta":{"footnotes":""},"class_list":["post-144","page","type-page","status-publish","hentry"],"_links":{"self":[{"href":"https:\/\/blog.edu.turku.fi\/stolofsskolan\/wp-json\/wp\/v2\/pages\/144","targetHints":{"allow":["GET"]}}],"collection":[{"href":"https:\/\/blog.edu.turku.fi\/stolofsskolan\/wp-json\/wp\/v2\/pages"}],"about":[{"href":"https:\/\/blog.edu.turku.fi\/stolofsskolan\/wp-json\/wp\/v2\/types\/page"}],"author":[{"embeddable":true,"href":"https:\/\/blog.edu.turku.fi\/stolofsskolan\/wp-json\/wp\/v2\/users\/53"}],"replies":[{"embeddable":true,"href":"https:\/\/blog.edu.turku.fi\/stolofsskolan\/wp-json\/wp\/v2\/comments?post=144"}],"version-history":[{"count":79,"href":"https:\/\/blog.edu.turku.fi\/stolofsskolan\/wp-json\/wp\/v2\/pages\/144\/revisions"}],"predecessor-version":[{"id":3345,"href":"https:\/\/blog.edu.turku.fi\/stolofsskolan\/wp-json\/wp\/v2\/pages\/144\/revisions\/3345"}],"wp:attachment":[{"href":"https:\/\/blog.edu.turku.fi\/stolofsskolan\/wp-json\/wp\/v2\/media?parent=144"}],"curies":[{"name":"wp","href":"https:\/\/api.w.org\/{rel}","templated":true}]}}