{"id":5408,"date":"2025-10-16T12:23:28","date_gmt":"2025-10-16T09:23:28","guid":{"rendered":"https:\/\/blog.edu.turku.fi\/stod-for-larande\/?page_id=5408"},"modified":"2026-05-15T10:11:01","modified_gmt":"2026-05-15T07:11:01","slug":"nuorisotyo","status":"publish","type":"page","link":"https:\/\/blog.edu.turku.fi\/stod-for-larande\/koulutusasteet\/lukiokoulutus\/toimijat\/nuorisotyo\/","title":{"rendered":"Ungdomsarbete"},"content":{"rendered":"\n<p>I \u00c5bo erbjuds unga m\u00e5ngsidiga ungdomstj\u00e4nster, b\u00e5de f\u00f6r fritidsaktiviteter och som st\u00f6d samt f\u00f6r att f\u00f6rebygga marginalisering.<\/p>\n\n\n\n<p class=\"has-text-color has-link-color has-medium-font-size wp-elements-4a1f82dd5f69aa3d4df17aa80bd5362e\" style=\"color:#4e56b1\"><strong>Ungdomstj\u00e4nster:<\/strong><\/p>\n\n\n\n<p><strong>I \u00c5bo finns ett brett utbud av ungdomstj\u00e4nster, s\u00e5som:<\/strong><\/p>\n\n\n\n<ul class=\"wp-block-list\">\n<li>Ungdomsg\u00e5rdar<\/li>\n\n\n\n<li>Caf\u00e9 och nattcaf\u00e9 i Vimma<\/li>\n\n\n\n<li>Konstverkst\u00e4der i Vimma<\/li>\n\n\n\n<li>Turku Game Academy<\/li>\n\n\n\n<li>Turku Rock Academy och \u00f6vrig musikverksamhet<\/li>\n\n\n\n<li>Skatehall<\/li>\n\n\n\n<li>Bibliotek<\/li>\n<\/ul>\n\n\n\n<p>K\u00e4lla och l\u00e4s mer: <a href=\"https:\/\/www.turku.fi\/sv\/unga\">https:\/\/www.turku.fi\/sv\/unga<\/a><\/p>\n\n\n\n<p class=\"has-text-color has-link-color has-medium-font-size wp-elements-4a6cecbecd8992460dfe239e613e6a0e\" style=\"color:#4e56b1\"><strong><a href=\"https:\/\/www.turku.fi\/sv\/unga\/navigatorn-abo\">Navigatorn (Ohjaamo):<\/a><\/strong><\/p>\n\n\n\n<p>Till ungdomarnas r\u00e5dgivningscenter Hjelt \u00e4r alla 16\u201329-\u00e5ringar v\u00e4lkomna med olika fr\u00e5gor som de funderar \u00f6ver. Man kan be om r\u00e5d g\u00e4llande till exempel:<\/p>\n\n\n\n<ul class=\"wp-block-list\">\n<li>ekonomi,<\/li>\n\n\n\n<li>boende,<\/li>\n\n\n\n<li>utbildning,<\/li>\n\n\n\n<li>jobbs\u00f6kning,<\/li>\n\n\n\n<li>fritid<\/li>\n\n\n\n<li>v\u00e4lbefinnande.<\/li>\n<\/ul>\n\n\n\n<p>Alla tj\u00e4nster \u00e4r avgiftsfria, frivilliga och konfidentiella.<\/p>\n\n\n\n<p>K\u00e4lla och med information: <a href=\"https:\/\/ohjaamot.fi\/sv\/web\/ohjaamo-turku\/\">https:\/\/ohjaamot.fi\/sv\/web\/ohjaamo-turku\/<\/a> &amp; <a href=\"https:\/\/www.turku.fi\/sv\/unga\/navigatorn-abo\">https:\/\/www.turku.fi\/sv\/unga\/navigatorn-abo<\/a><\/p>\n\n\n\n<p><\/p>\n\n\n\n<p class=\"has-text-color has-link-color has-medium-font-size wp-elements-4b35a1a13dc4f4762026b47b793f75f0\" style=\"color:#4e56b1\"><a href=\"https:\/\/www.turku.fi\/sv\/unga\/uppsokande-ungdomsarbete\"><strong>Upps\u00f6kande ugdomsarbete:<\/strong> <\/a><\/p>\n\n\n\n<p>Inom det upps\u00f6kande ungdomsarbetet m\u00f6ter man unga under 29 \u00e5r som beh\u00f6ver st\u00f6d i sin vardag samt framtidsperspektiv. Det upps\u00f6kande ungdomsarbetet n\u00e5r ut till unga i behov av st\u00f6d och hj\u00e4lper dem att hitta tj\u00e4nster och annat st\u00f6d som fr\u00e4mjar deras tillv\u00e4xt, sj\u00e4lvst\u00e4ndighet, delaktighet i samh\u00e4llet och \u00f6vriga livshantering samt deras m\u00f6jligheter att f\u00e5 utbildning och komma in p\u00e5 arbetsmarknaden (Ungdomslagen 1285\/2016).<\/p>\n\n\n\n<p>L\u00e4roanstalter har anm\u00e4lningsskyldighet till det upps\u00f6kande ungdomsarbetet g\u00e4llande unga som avbryter sina studier. En upps\u00f6kande ungdomsarbetare kan \u00e4ven bjudas in till skolan proaktivt, till exempel n\u00e4r en studerandes studier riskerar att avbrytas.<\/p>\n\n\n\n<p>K\u00e4lla och l\u00e4s mer: <a href=\"https:\/\/www.intory.fi\/kort-pa-svenska\/\">https:\/\/www.intory.fi\/kort-pa-svenska\/<\/a> &amp; <a href=\"https:\/\/www.turku.fi\/sv\/unga\/uppsokande-ungdomsarbete\">https:\/\/www.turku.fi\/sv\/unga\/uppsokande-ungdomsarbete<\/a><\/p>\n\n\n\n<p><\/p>\n","protected":false},"excerpt":{"rendered":"<p>I \u00c5bo erbjuds unga m\u00e5ngsidiga ungdomstj\u00e4nster, b\u00e5de f\u00f6r fritidsaktiviteter och som st\u00f6d samt f\u00f6r att f\u00f6rebygga marginalisering. Ungdomstj\u00e4nster: I \u00c5bo finns ett brett utbud av ungdomstj\u00e4nster, s\u00e5som: K\u00e4lla och l\u00e4s mer: https:\/\/www.turku.fi\/sv\/unga Navigatorn (Ohjaamo): Till ungdomarnas r\u00e5dgivningscenter Hjelt \u00e4r alla<\/p>\n","protected":false},"author":3429,"featured_media":0,"parent":4620,"menu_order":0,"comment_status":"closed","ping_status":"closed","template":"","meta":{"footnotes":""},"class_list":["post-5408","page","type-page","status-publish","hentry"],"_links":{"self":[{"href":"https:\/\/blog.edu.turku.fi\/stod-for-larande\/wp-json\/wp\/v2\/pages\/5408","targetHints":{"allow":["GET"]}}],"collection":[{"href":"https:\/\/blog.edu.turku.fi\/stod-for-larande\/wp-json\/wp\/v2\/pages"}],"about":[{"href":"https:\/\/blog.edu.turku.fi\/stod-for-larande\/wp-json\/wp\/v2\/types\/page"}],"author":[{"embeddable":true,"href":"https:\/\/blog.edu.turku.fi\/stod-for-larande\/wp-json\/wp\/v2\/users\/3429"}],"replies":[{"embeddable":true,"href":"https:\/\/blog.edu.turku.fi\/stod-for-larande\/wp-json\/wp\/v2\/comments?post=5408"}],"version-history":[{"count":16,"href":"https:\/\/blog.edu.turku.fi\/stod-for-larande\/wp-json\/wp\/v2\/pages\/5408\/revisions"}],"predecessor-version":[{"id":6147,"href":"https:\/\/blog.edu.turku.fi\/stod-for-larande\/wp-json\/wp\/v2\/pages\/5408\/revisions\/6147"}],"up":[{"embeddable":true,"href":"https:\/\/blog.edu.turku.fi\/stod-for-larande\/wp-json\/wp\/v2\/pages\/4620"}],"wp:attachment":[{"href":"https:\/\/blog.edu.turku.fi\/stod-for-larande\/wp-json\/wp\/v2\/media?parent=5408"}],"curies":[{"name":"wp","href":"https:\/\/api.w.org\/{rel}","templated":true}]}}