{"id":5378,"date":"2025-10-13T10:11:43","date_gmt":"2025-10-13T07:11:43","guid":{"rendered":"https:\/\/blog.edu.turku.fi\/stod-for-larande\/?page_id=5378"},"modified":"2026-03-31T12:23:13","modified_gmt":"2026-03-31T09:23:13","slug":"lumo","status":"publish","type":"page","link":"https:\/\/blog.edu.turku.fi\/stod-for-larande\/koulutusasteet\/lukiokoulutus\/toimijat\/lumo\/","title":{"rendered":"Den gemensamma gymnasiespecifika studerandev\u00e5rdsgruppen"},"content":{"rendered":"\n<p>De gemensamma, gymnasiespecifika studerandev\u00e5rdsgrupperna i \u00c5bo stads daggymnasier ansvarar f\u00f6r planeringen, genomf\u00f6randet, utv\u00e4rderingen och utvecklingen av den gemensamma studerandev\u00e5rden. Gruppen sammantr\u00e4der minst en g\u00e5ng per l\u00e4s\u00e5r. I den \u00e5rliga arbetsplanen antecknas gruppens sammans\u00e4ttning, uppgifter och f\u00f6rfaringss\u00e4tt.<\/p>\n\n\n\n<p>Gymnasiets gemensamma studerandev\u00e5rdsgrupp representeras antingen av rektorn eller den bitr\u00e4dande rektorn enligt utbildningsanordnarens beslut. I gruppen deltar: den utsedda l\u00e4rarmedlemmen\/-medlemmarna, studiehandledaren\/studiehandledarna, speciall\u00e4raren\/speciall\u00e4rarna, studiepsykologen\/studiepsykologerna, h\u00e4lsov\u00e5rdaren, kuratorn, representanter f\u00f6r v\u00e5rdnadshavarna och de studerande samt enligt m\u00f6jlighet \u00e4ven en skoll\u00e4kare.<\/p>\n\n\n\n<p>Till studerandev\u00e5rdsgruppen kallas vid behov andra representanter f\u00f6r l\u00e4roanstaltens personal, myndigheter och akt\u00f6rer som fr\u00e4mjar barns och ungas v\u00e4lbefinnande. Samarbetsparter \u00e4r bl.a. ungdomsledarna vid servicehelheten f\u00f6r barn och unga, akt\u00f6rer inom det upps\u00f6kande ungdomsarbetet, polisen och olika organisationer.<\/p>\n\n\n\n<details class=\"wp-block-details is-layout-flow wp-block-details-is-layout-flow\"><summary>K\u00e4llor:<\/summary>\n<p><em>GLP2021\u00a0stycke\u00a04.3.2.\u00a0<\/em><\/p>\n<\/details>\n\n\n\n<p><\/p>\n","protected":false},"excerpt":{"rendered":"<p>De gemensamma, gymnasiespecifika studerandev\u00e5rdsgrupperna i \u00c5bo stads daggymnasier ansvarar f\u00f6r planeringen, genomf\u00f6randet, utv\u00e4rderingen och utvecklingen av den gemensamma studerandev\u00e5rden. Gruppen sammantr\u00e4der minst en g\u00e5ng per l\u00e4s\u00e5r. I den \u00e5rliga arbetsplanen antecknas gruppens sammans\u00e4ttning, uppgifter och f\u00f6rfaringss\u00e4tt. Gymnasiets gemensamma studerandev\u00e5rdsgrupp representeras<\/p>\n","protected":false},"author":3429,"featured_media":0,"parent":4620,"menu_order":0,"comment_status":"closed","ping_status":"closed","template":"","meta":{"footnotes":""},"class_list":["post-5378","page","type-page","status-publish","hentry"],"_links":{"self":[{"href":"https:\/\/blog.edu.turku.fi\/stod-for-larande\/wp-json\/wp\/v2\/pages\/5378","targetHints":{"allow":["GET"]}}],"collection":[{"href":"https:\/\/blog.edu.turku.fi\/stod-for-larande\/wp-json\/wp\/v2\/pages"}],"about":[{"href":"https:\/\/blog.edu.turku.fi\/stod-for-larande\/wp-json\/wp\/v2\/types\/page"}],"author":[{"embeddable":true,"href":"https:\/\/blog.edu.turku.fi\/stod-for-larande\/wp-json\/wp\/v2\/users\/3429"}],"replies":[{"embeddable":true,"href":"https:\/\/blog.edu.turku.fi\/stod-for-larande\/wp-json\/wp\/v2\/comments?post=5378"}],"version-history":[{"count":3,"href":"https:\/\/blog.edu.turku.fi\/stod-for-larande\/wp-json\/wp\/v2\/pages\/5378\/revisions"}],"predecessor-version":[{"id":5978,"href":"https:\/\/blog.edu.turku.fi\/stod-for-larande\/wp-json\/wp\/v2\/pages\/5378\/revisions\/5978"}],"up":[{"embeddable":true,"href":"https:\/\/blog.edu.turku.fi\/stod-for-larande\/wp-json\/wp\/v2\/pages\/4620"}],"wp:attachment":[{"href":"https:\/\/blog.edu.turku.fi\/stod-for-larande\/wp-json\/wp\/v2\/media?parent=5378"}],"curies":[{"name":"wp","href":"https:\/\/api.w.org\/{rel}","templated":true}]}}