{"id":4879,"date":"2025-08-11T12:34:39","date_gmt":"2025-08-11T09:34:39","guid":{"rendered":"https:\/\/blog.edu.turku.fi\/stod-for-larande\/?page_id=4879"},"modified":"2026-03-31T12:17:09","modified_gmt":"2026-03-31T09:17:09","slug":"psykiatrinen-sairaanhoitaja","status":"publish","type":"page","link":"https:\/\/blog.edu.turku.fi\/stod-for-larande\/koulutusasteet\/lukiokoulutus\/toimijat\/psykiatrinen-sairaanhoitaja\/","title":{"rendered":"Psykiatrisk sjuksk\u00f6tare"},"content":{"rendered":"\n<p>Den psykiatriska sjuksk\u00f6taren hj\u00e4lper g\u00e4rna i v\u00e5rden av mentala problem. H\u00e4lsov\u00e5rdaren eller studiepsykologen h\u00e4nvisar den studerande till den psykiatriska sjuksk\u00f6taren. Den psykiatriska sjuksk\u00f6taren hj\u00e4lper t.ex. d\u00e5 den studerande beh\u00f6ver experthj\u00e4lp eller psykiskt krisst\u00f6d i sin psykiska utveckling eller studief\u00f6rm\u00e5ga.<\/p>\n\n\n\n<details class=\"wp-block-details is-layout-flow wp-block-details-is-layout-flow\"><summary>K\u00e4llor:<\/summary>\n<p><a href=\"https:\/\/blog.edu.turku.fi\/ohjaus-ja-tuki-lukioissa\/fi\/\" target=\"_blank\" rel=\"noreferrer noopener\"><em>Ohjaus ja tuki Turun lukioissa<\/em><\/a>&nbsp;<\/p>\n<\/details>\n","protected":false},"excerpt":{"rendered":"<p>Den psykiatriska sjuksk\u00f6taren hj\u00e4lper g\u00e4rna i v\u00e5rden av mentala problem. H\u00e4lsov\u00e5rdaren eller studiepsykologen h\u00e4nvisar den studerande till den psykiatriska sjuksk\u00f6taren. Den psykiatriska sjuksk\u00f6taren hj\u00e4lper t.ex. d\u00e5 den studerande beh\u00f6ver experthj\u00e4lp eller psykiskt krisst\u00f6d i sin psykiska utveckling eller studief\u00f6rm\u00e5ga.<\/p>\n","protected":false},"author":3429,"featured_media":0,"parent":4620,"menu_order":0,"comment_status":"closed","ping_status":"closed","template":"","meta":{"footnotes":""},"class_list":["post-4879","page","type-page","status-publish","hentry"],"_links":{"self":[{"href":"https:\/\/blog.edu.turku.fi\/stod-for-larande\/wp-json\/wp\/v2\/pages\/4879","targetHints":{"allow":["GET"]}}],"collection":[{"href":"https:\/\/blog.edu.turku.fi\/stod-for-larande\/wp-json\/wp\/v2\/pages"}],"about":[{"href":"https:\/\/blog.edu.turku.fi\/stod-for-larande\/wp-json\/wp\/v2\/types\/page"}],"author":[{"embeddable":true,"href":"https:\/\/blog.edu.turku.fi\/stod-for-larande\/wp-json\/wp\/v2\/users\/3429"}],"replies":[{"embeddable":true,"href":"https:\/\/blog.edu.turku.fi\/stod-for-larande\/wp-json\/wp\/v2\/comments?post=4879"}],"version-history":[{"count":4,"href":"https:\/\/blog.edu.turku.fi\/stod-for-larande\/wp-json\/wp\/v2\/pages\/4879\/revisions"}],"predecessor-version":[{"id":5972,"href":"https:\/\/blog.edu.turku.fi\/stod-for-larande\/wp-json\/wp\/v2\/pages\/4879\/revisions\/5972"}],"up":[{"embeddable":true,"href":"https:\/\/blog.edu.turku.fi\/stod-for-larande\/wp-json\/wp\/v2\/pages\/4620"}],"wp:attachment":[{"href":"https:\/\/blog.edu.turku.fi\/stod-for-larande\/wp-json\/wp\/v2\/media?parent=4879"}],"curies":[{"name":"wp","href":"https:\/\/api.w.org\/{rel}","templated":true}]}}