{"id":4845,"date":"2025-08-06T14:34:48","date_gmt":"2025-08-06T11:34:48","guid":{"rendered":"https:\/\/blog.edu.turku.fi\/stod-for-larande\/?page_id=4845"},"modified":"2026-05-15T15:11:42","modified_gmt":"2026-05-15T12:11:42","slug":"opiskeluhuolto","status":"publish","type":"page","link":"https:\/\/blog.edu.turku.fi\/stod-for-larande\/koulutusasteet\/lukiokoulutus\/toimijat\/opiskeluhuolto\/","title":{"rendered":"Studerandev\u00e5rd i gymnasiet"},"content":{"rendered":"\n<h2 class=\"wp-block-heading has-text-color has-link-color has-medium-font-size wp-elements-54a047b194161a68242aae5458988b6f\" style=\"color:#4e56b1\">Den gemensamma studerandev\u00e5rden i gymnasiet<\/h2>\n\n\n\n<p>Med gemensam studerandev\u00e5rd avses verksamhet som fr\u00e4mjar och uppr\u00e4tth\u00e5ller de studerandes l\u00e4rande, goda psykiska och fysiska h\u00e4lsa samt sociala v\u00e4lbefinnande, och som f\u00f6rb\u00e4ttrar f\u00f6ruts\u00e4ttningarna f\u00f6r dessa i l\u00e4roanstaltens gemenskap. Den gemensamma studerandev\u00e5rden genomf\u00f6rs i f\u00f6rsta hand som gemenskapsinriktat och f\u00f6rebyggande arbete.<\/p>\n\n\n\n<p>I varje gymnasium finns en gymnasiespecifik <a href=\"https:\/\/blog.edu.turku.fi\/stod-for-larande\/koulutusasteet\/lukiokoulutus\/toimijat\/lumo\/\" data-type=\"page\" data-id=\"5378\">gemensam studerandev\u00e5rsgrupp<\/a> som utvecklar den gemensamma studerandev\u00e5rden. Gruppens verksamhet leds av gymnasiets rektor eller bitr\u00e4dande rektor. Ut\u00f6ver den gemensamma studerandev\u00e5rdsgruppen utvecklas det gemenskapsinriktade arbetet genom samarbete mellan hela gymnasiets personal och studerandev\u00e5rdspersonal. Olika team inom gymnasiet samt grupphandledningen har ocks\u00e5 en central roll.<\/p>\n\n\n\n<p>Genom det gemenskapsinriktade arbetet bygger man upp och st\u00f6der de studerandes v\u00e4lbefinnande samt studie- och l\u00e4randef\u00f6rm\u00e5ga, och f\u00f6rebygger fr\u00e5nvaro. Det gemenskapsinriktade arbetet omfattar alla som arbetar i l\u00e4roanstalten, inklusive undervisningspersonalen och studerandev\u00e5rdspersonalen.<\/p>\n\n\n\n<p>Centralt i det gemenskapsinriktade arbetet \u00e4r att st\u00e4rka samh\u00f6righeten samt att skapa strukturer och arbetsmetoder som fr\u00e4mjar de studerandes f\u00f6rankring i gemenskapen och gruppbildning. Till den gemensamma studerandev\u00e5rden h\u00f6r \u00e4ven skolm\u00e5ltider, raster samt rytm och pausering av lektionerna. Gymnasierna str\u00e4var efter att planera studietidtabellerna s\u00e5 att de ger m\u00f6jligheter till \u00e5terh\u00e4mtning under skoldagen..<\/p>\n\n\n\n<p><\/p>\n\n\n\n<h2 class=\"wp-block-heading has-text-color has-link-color has-medium-font-size wp-elements-03c72701de631b326f23a086a88b225b\" style=\"color:#4e56b1\"><strong>Individuell&nbsp;studerandev\u00e5rd<\/strong>&nbsp;<\/h2>\n\n\n\n<p>Ut\u00f6ver den gemensamma studerandev\u00e5rden har studerande r\u00e4tt till individuella studerandev\u00e5rdstj\u00e4nster. Dessa omfattar studerandeh\u00e4lsov\u00e5rden samt kuratorns och studiepsykologens tj\u00e4nster.<\/p>\n\n\n\n<p>Individuell studerandev\u00e5rd genomf\u00f6rs som ett planerat samarbete mellan undervisningsv\u00e4sendet och v\u00e4lf\u00e4rdsomr\u00e5det, tillsammans med studerande och deras v\u00e5rdnadshavare samt vid behov andra samarbetsparter. Inom studerandev\u00e5rden beaktas principen om barnets b\u00e4sta i f\u00f6rsta hand. Den studerande har r\u00e4tt att kostnadsfritt f\u00e5 s\u00e5dan studerandev\u00e5rd som \u00e4r n\u00f6dv\u00e4ndig f\u00f6r deltagande i utbildningen, med undantag f\u00f6r sjukv\u00e5rdstj\u00e4nster f\u00f6r studerande som fyllt 18 \u00e5r.<\/p>\n\n\n\n<p>Studerandev\u00e5rdstj\u00e4nsterna ordnas i f\u00f6rsta hand som n\u00e4rservice gymnasiernas lokaler. I alla \u00c5bogymnasier arbetar kurator, psykolog, h\u00e4lsov\u00e5rdare och psykiatrisk sjuksk\u00f6tare.<\/p>\n\n\n\n<p>L\u00e4s mer: <a href=\"https:\/\/www.varha.fi\/sv\/tjanster\/tjanster-barn-unga-och-familjer\/elevhalsotjanster\">https:\/\/www.varha.fi\/sv\/tjanster\/tjanster-barn-unga-och-familjer\/elevhalsotjanster<\/a><br><br><\/p>\n\n\n<div class=\"lightweight-accordion has-text-color\"><details><summary class=\"lightweight-accordion-title\" style=\"color:#4e56b1;\"><span><strong>Studief\u00f6rm\u00e5nga<\/strong><\/span><\/summary><div class=\"lightweight-accordion-body\">\n\n<p>Studief\u00f6rm\u00e5gan p\u00e5verkas av m\u00e5nga faktorer. Det \u00e4r viktigt att de studerande f\u00e5r helhetsinriktat st\u00f6d. D\u00e4rf\u00f6r finns det m\u00e5nga akt\u00f6rer i gymnasierna som alla kan st\u00f6da de studerande.<br><br>L\u00e4s mer och bildk\u00e4lla: <a href=\"https:\/\/syl.fi\/sv\/kyky-projektet\/\">https:\/\/syl.fi\/sv\/kyky-projektet\/<\/a><\/p>\n\n\n\n<figure class=\"wp-block-image size-full\"><img loading=\"lazy\" decoding=\"async\" width=\"1024\" height=\"726\" src=\"https:\/\/blog.edu.turku.fi\/stod-for-larande\/files\/2026\/05\/studieformaga-opiskelukyky-fi.jpg\" alt=\"\" class=\"wp-image-6085\" srcset=\"https:\/\/blog.edu.turku.fi\/stod-for-larande\/files\/2026\/05\/studieformaga-opiskelukyky-fi.jpg 1024w, https:\/\/blog.edu.turku.fi\/stod-for-larande\/files\/2026\/05\/studieformaga-opiskelukyky-fi-300x213.jpg 300w, https:\/\/blog.edu.turku.fi\/stod-for-larande\/files\/2026\/05\/studieformaga-opiskelukyky-fi-768x545.jpg 768w\" sizes=\"auto, (max-width: 1024px) 100vw, 1024px\" \/><\/figure>\n\n<\/div><\/details><\/div>\n\n\n<p><br><\/p>\n\n\n\n<details class=\"wp-block-details is-layout-flow wp-block-details-is-layout-flow\"><summary>K\u00e4llor:<\/summary>\n<p><em>Lukion opetussuunnitelman perusteet 2019 luku 4.3.<\/em>&nbsp;<\/p>\n\n\n\n<p><em>Terveydenhuoltolaki 378\/2022<\/em><\/p>\n\n\n\n<p><em>Oppilas- ja opiskeluhuoltolaki 1287\/2013<\/em><\/p>\n<\/details>\n\n\n\n<p><br><\/p>\n\n\n\n<h2 class=\"wp-block-heading has-text-color has-link-color has-medium-font-size wp-elements-fb402061872022b515248008607fa99d\" style=\"color:#4e56b1\"><strong>Studerandev\u00e5rds roller:<\/strong><\/h2>\n\n\n\n<ul class=\"wp-block-list\">\n<li><a href=\"https:\/\/blog.edu.turku.fi\/stod-for-larande\/koulutusasteet\/lukiokoulutus\/toimijat\/kuraattori\/\" data-type=\"page\" data-id=\"4875\">Gymnasiekuratorns<\/a><\/li>\n\n\n\n<li><a href=\"https:\/\/blog.edu.turku.fi\/stod-for-larande\/koulutusasteet\/lukiokoulutus\/toimijat\/terveydenhoitaja\/\" data-type=\"page\" data-id=\"4877\">H\u00e4lsov\u00e5rdare<\/a><\/li>\n\n\n\n<li><a href=\"https:\/\/blog.edu.turku.fi\/stod-for-larande\/koulutusasteet\/lukiokoulutus\/toimijat\/psykiatrinen-sairaanhoitaja\/\" data-type=\"page\" data-id=\"4879\">Psykiatrisk sjuksk\u00f6tare<\/a><\/li>\n\n\n\n<li><a href=\"https:\/\/blog.edu.turku.fi\/stod-for-larande\/koulutusasteet\/lukiokoulutus\/toimijat\/psykologi\/\" data-type=\"page\" data-id=\"4881\">Studiepsykologen<\/a><\/li>\n<\/ul>\n\n\n\n<p><\/p>\n","protected":false},"excerpt":{"rendered":"<p>Den gemensamma studerandev\u00e5rden i gymnasiet Med gemensam studerandev\u00e5rd avses verksamhet som fr\u00e4mjar och uppr\u00e4tth\u00e5ller de studerandes l\u00e4rande, goda psykiska och fysiska h\u00e4lsa samt sociala v\u00e4lbefinnande, och som f\u00f6rb\u00e4ttrar f\u00f6ruts\u00e4ttningarna f\u00f6r dessa i l\u00e4roanstaltens gemenskap. Den gemensamma studerandev\u00e5rden genomf\u00f6rs i f\u00f6rsta<\/p>\n","protected":false},"author":3429,"featured_media":0,"parent":4620,"menu_order":0,"comment_status":"closed","ping_status":"closed","template":"","meta":{"footnotes":""},"class_list":["post-4845","page","type-page","status-publish","hentry"],"_links":{"self":[{"href":"https:\/\/blog.edu.turku.fi\/stod-for-larande\/wp-json\/wp\/v2\/pages\/4845","targetHints":{"allow":["GET"]}}],"collection":[{"href":"https:\/\/blog.edu.turku.fi\/stod-for-larande\/wp-json\/wp\/v2\/pages"}],"about":[{"href":"https:\/\/blog.edu.turku.fi\/stod-for-larande\/wp-json\/wp\/v2\/types\/page"}],"author":[{"embeddable":true,"href":"https:\/\/blog.edu.turku.fi\/stod-for-larande\/wp-json\/wp\/v2\/users\/3429"}],"replies":[{"embeddable":true,"href":"https:\/\/blog.edu.turku.fi\/stod-for-larande\/wp-json\/wp\/v2\/comments?post=4845"}],"version-history":[{"count":35,"href":"https:\/\/blog.edu.turku.fi\/stod-for-larande\/wp-json\/wp\/v2\/pages\/4845\/revisions"}],"predecessor-version":[{"id":6161,"href":"https:\/\/blog.edu.turku.fi\/stod-for-larande\/wp-json\/wp\/v2\/pages\/4845\/revisions\/6161"}],"up":[{"embeddable":true,"href":"https:\/\/blog.edu.turku.fi\/stod-for-larande\/wp-json\/wp\/v2\/pages\/4620"}],"wp:attachment":[{"href":"https:\/\/blog.edu.turku.fi\/stod-for-larande\/wp-json\/wp\/v2\/media?parent=4845"}],"curies":[{"name":"wp","href":"https:\/\/api.w.org\/{rel}","templated":true}]}}