{"id":4828,"date":"2025-08-06T14:14:31","date_gmt":"2025-08-06T11:14:31","guid":{"rendered":"https:\/\/blog.edu.turku.fi\/stod-for-larande\/?page_id=4828"},"modified":"2026-03-31T11:08:30","modified_gmt":"2026-03-31T08:08:30","slug":"opiskelija","status":"publish","type":"page","link":"https:\/\/blog.edu.turku.fi\/stod-for-larande\/koulutusasteet\/lukiokoulutus\/toimijat\/opiskelija\/","title":{"rendered":"Den studerande och v\u00e5rdnadshavaren"},"content":{"rendered":"\n<h2 class=\"wp-block-heading has-text-color has-link-color wp-elements-e17b317100a7315a0e1d2dde451025da\" style=\"color:#4e56b1\">Den studerande<\/h2>\n\n\n\n<p>Genomf\u00f6randet av gymnasieutbildningen grundar sig p\u00e5 den studerandes aktivitet, initiativf\u00f6rm\u00e5ga och ansvarighet. De som beviljas studieplats i gymnasiet b\u00f6r ha tillr\u00e4ckliga f\u00f6ruts\u00e4ttningar att klara av studierna i gymnasiets l\u00e4rokurs. Den studerande har m\u00f6jlighet att sj\u00e4lvst\u00e4ndigt s\u00f6ka st\u00f6d ifall hen m\u00e4rker att det f\u00f6rekommer utmaningar i hens studier. Den studerande \u00e4r skyldig att delta i undervisningen om det inte finns motiverad orsak till hens fr\u00e5nvaro. Den studerande har inte r\u00e4tt till st\u00f6d f\u00f6r sitt l\u00e4rande om hen p\u00e5 grund av sj\u00e4lvvalda eller olovliga fr\u00e5nvaron blir efter i sina studier.<\/p>\n\n\n\n<p>Den&nbsp;studerande:&nbsp;<\/p>\n\n\n\n<ul class=\"wp-block-list\">\n<li>har under studieperioden r\u00e4tt till st\u00f6d f\u00f6r l\u00e4rande som ges av \u00e4mnesl\u00e4raren.<\/li>\n\n\n\n<li>har r\u00e4tt till st\u00f6dundervisning, dvs. undervisning och handledning som ges av \u00e4mnesl\u00e4raren f\u00f6r att svara p\u00e5 behovet av st\u00f6d som h\u00e4nger ihop med l\u00e4rande.<\/li>\n\n\n\n<li>har r\u00e4tt att besluta om uppgiften om st\u00f6det antecknas i den personliga studieplanen.<\/li>\n\n\n\n<li>har r\u00e4tt till specialundervisning som grundar sig p\u00e5 f\u00f6rvaltningsbeslut, om st\u00f6det f\u00f6r l\u00e4rande inte \u00e4r tillr\u00e4ckligt och hen har grundade orsaker att ans\u00f6ka om det.<\/li>\n\n\n\n<li>har av grundad orsak r\u00e4tt att ans\u00f6ka om avvikande arrangemang f\u00f6r studierna. Inom gymnasieutbildningen \u00e4r det inte m\u00f6jligt att avvika fr\u00e5n m\u00e5len i enlighet med l\u00e4rokursen.<\/li>\n<\/ul>\n\n\n\n<p><br><\/p>\n\n\n\n<h2 class=\"wp-block-heading has-text-color has-link-color wp-elements-d9ad2dfe6b69ed086a47a078a23f4321\" style=\"color:#4e56b1\">V\u00e5rdnadshavaren&nbsp;<\/h2>\n\n\n\n<p>V\u00e5rdnadshavaren<strong>&nbsp;<\/strong>ansvarar f\u00f6r att en minder\u00e5rig fullg\u00f6r sin l\u00e4roplikt genom att st\u00f6dja den studerandes vardag och regelbundna deltagande i undervisningen,&nbsp;samt vid behov delta i bed\u00f6mningen av&nbsp;den studerandes&nbsp;st\u00f6dbehov.<\/p>\n\n\n\n<details class=\"wp-block-details is-layout-flow wp-block-details-is-layout-flow\"><summary>K\u00e4llor:<\/summary>\n<p>GLP2021&nbsp;stycke&nbsp;4.2.&nbsp;<\/p>\n\n\n\n<p><em>Gymnasielag&nbsp;714\/2018<\/em><\/p>\n\n\n\n<p><em>L\u00e4ropliktslag 1214\/2020<\/em><\/p>\n<\/details>\n\n\n\n<p><\/p>\n","protected":false},"excerpt":{"rendered":"<p>Den studerande Genomf\u00f6randet av gymnasieutbildningen grundar sig p\u00e5 den studerandes aktivitet, initiativf\u00f6rm\u00e5ga och ansvarighet. De som beviljas studieplats i gymnasiet b\u00f6r ha tillr\u00e4ckliga f\u00f6ruts\u00e4ttningar att klara av studierna i gymnasiets l\u00e4rokurs. Den studerande har m\u00f6jlighet att sj\u00e4lvst\u00e4ndigt s\u00f6ka st\u00f6d ifall<\/p>\n","protected":false},"author":3429,"featured_media":0,"parent":4620,"menu_order":0,"comment_status":"closed","ping_status":"closed","template":"","meta":{"footnotes":""},"class_list":["post-4828","page","type-page","status-publish","hentry"],"_links":{"self":[{"href":"https:\/\/blog.edu.turku.fi\/stod-for-larande\/wp-json\/wp\/v2\/pages\/4828","targetHints":{"allow":["GET"]}}],"collection":[{"href":"https:\/\/blog.edu.turku.fi\/stod-for-larande\/wp-json\/wp\/v2\/pages"}],"about":[{"href":"https:\/\/blog.edu.turku.fi\/stod-for-larande\/wp-json\/wp\/v2\/types\/page"}],"author":[{"embeddable":true,"href":"https:\/\/blog.edu.turku.fi\/stod-for-larande\/wp-json\/wp\/v2\/users\/3429"}],"replies":[{"embeddable":true,"href":"https:\/\/blog.edu.turku.fi\/stod-for-larande\/wp-json\/wp\/v2\/comments?post=4828"}],"version-history":[{"count":16,"href":"https:\/\/blog.edu.turku.fi\/stod-for-larande\/wp-json\/wp\/v2\/pages\/4828\/revisions"}],"predecessor-version":[{"id":5966,"href":"https:\/\/blog.edu.turku.fi\/stod-for-larande\/wp-json\/wp\/v2\/pages\/4828\/revisions\/5966"}],"up":[{"embeddable":true,"href":"https:\/\/blog.edu.turku.fi\/stod-for-larande\/wp-json\/wp\/v2\/pages\/4620"}],"wp:attachment":[{"href":"https:\/\/blog.edu.turku.fi\/stod-for-larande\/wp-json\/wp\/v2\/media?parent=4828"}],"curies":[{"name":"wp","href":"https:\/\/api.w.org\/{rel}","templated":true}]}}