{"id":16,"date":"2025-01-21T14:24:50","date_gmt":"2025-01-21T12:24:50","guid":{"rendered":"https:\/\/blog.edu.turku.fi\/steam\/?page_id=16"},"modified":"2025-02-20T12:48:34","modified_gmt":"2025-02-20T10:48:34","slug":"steamit","status":"publish","type":"page","link":"https:\/\/blog.edu.turku.fi\/steam\/steamit\/","title":{"rendered":"STEAMit!"},"content":{"rendered":"\n<figure class=\"wp-block-image size-large\"><img decoding=\"async\" src=\"https:\/\/www.turku.fi\/sites\/default\/files\/styles\/width_1676\/public\/image\/steamit-kuvaaja-toni-puurtinen.jpg.webp?itok=dsk9de24\" alt=\"\" \/><\/figure>\n\n\n\n<p>STEAM Turku kannustaa kokeilemaan uutta ja innovatiivista oppimisen tapaa. STEAMit!-kokeilut on suunnattu Turun kaupungin yksik\u00f6ille ja niiden tarkoituksena edist\u00e4\u00e4 yhteisty\u00f6t\u00e4 eri luokka-asteiden, koulujen, varhaiskasvatuksen, perusopetuksen, ammatti-instituutin, lukioiden, korkeakoulujen ja yritysmaailman v\u00e4lill\u00e4.<\/p>\n\n\n\n<p>Tutustu uusiin STEAMit!-kokeiluihin ja vie idea omaan luokkaasi!<\/p>\n\n\n\n<p><strong>STEAMit!-kokeilut<\/strong><\/p>\n\n\n\n<p><strong>Kaikille<\/strong><\/p>\n\n\n\n<ul class=\"wp-block-list\">\n<li>Mahdollisuus vahvistaa matematiikan ja luonnontieteiden osaamista.<\/li>\n\n\n\n<li>Mahdollisuus oppia tieteit\u00e4 ja teknologiaa, kehitt\u00e4\u00e4 itse\u00e4\u00e4n ja olla mukana ratkaisemassa ihmiskunnan suurimpia haasteita.<\/li>\n\n\n\n<li>AMK- ja yliopisto-opiskelijoiden vet\u00e4m\u00e4t ty\u00f6pajat, harjoitukset ja laboratorioty\u00f6t<\/li>\n<\/ul>\n\n\n\n<p><strong>Varhaiskasvatus<\/strong><\/p>\n\n\n\n<ul class=\"wp-block-list\">\n<li>Toiminnallisuuden lis\u00e4\u00e4minen, matematiikan ja luonnontieteiden innostuksen her\u00e4tt\u00e4minen.<\/li>\n\n\n\n<li>Monipuolista pedagogista toimintaa tukevien ratkaisujen kehitt\u00e4minen vanhojen p\u00e4iv\u00e4kotiymp\u00e4rist\u00f6jen uudistamiseksi.<\/li>\n\n\n\n<li>Yhteisty\u00f6 muiden koulutusasteiden kanssa.<\/li>\n<\/ul>\n\n\n\n<p><strong>Perusopetus<\/strong><\/p>\n\n\n\n<ul class=\"wp-block-list\">\n<li>Kehitt\u00e4miseen erikoistuvat ala- ja yl\u00e4asteen koulut<\/li>\n\n\n\n<li>Matematiikka- ja teknologialuokat<\/li>\n\n\n\n<li>Uudet digitaaliset ratkaisut, opetussis\u00e4ll\u00f6t, oppimateriaalit ja oppimisymp\u00e4rist\u00f6t\u00a0<\/li>\n\n\n\n<li>\u00e5ppi-sovellus\u00a0<\/li>\n<\/ul>\n\n\n\n<p><strong>Lukiokoulutus<\/strong><\/p>\n\n\n\n<ul class=\"wp-block-list\">\n<li>Turun lukioiden STEAM-opintojaksot<\/li>\n\n\n\n<li>Luonnontiedelukio, merilukio ja ICT-lukio<\/li>\n\n\n\n<li>Yrityksille teht\u00e4v\u00e4t projektit <\/li>\n\n\n\n<li>Uudet digitaaliset ratkaisut, opetussis\u00e4ll\u00f6t, oppimateriaalit ja oppimisymp\u00e4rist\u00f6t<\/li>\n\n\n\n<li>Matemaattisten taitojen vahvistaminen<\/li>\n\n\n\n<li>Mahdollisuus yliopisto- ja amk-tasoisten kurssien suorittamiseen<\/li>\n\n\n\n<li>Suoria v\u00e4yli\u00e4 AMK- ja yliopisto-opintoihin<\/li>\n<\/ul>\n\n\n\n<p><strong>Ammatillinen koulutus<\/strong><\/p>\n\n\n\n<ul class=\"wp-block-list\">\n<li>Yrityksille teht\u00e4v\u00e4t projektit<\/li>\n\n\n\n<li>Yritysten ja oppilaitosten yhteiset uuden teknologian oppimisymp\u00e4rist\u00f6t<\/li>\n\n\n\n<li>Uudet digitaaliset ratkaisut, opetussis\u00e4ll\u00f6t,<\/li>\n\n\n\n<li>Oppimateriaalit ja oppimisymp\u00e4rist\u00f6t, mahdollisuus amk-tasoisten kurssien suorittamiseen<\/li>\n\n\n\n<li>Suoria v\u00e4yli\u00e4 AMK-opintoihin<\/li>\n<\/ul>\n","protected":false},"excerpt":{"rendered":"<p>STEAM Turku kannustaa kokeilemaan uutta ja innovatiivista oppimisen tapaa. STEAMit!-kokeilut on suunnattu Turun kaupungin yksik\u00f6ille ja niiden tarkoituksena edist\u00e4\u00e4 yhteisty\u00f6t\u00e4 eri luokka-asteiden, koulujen, varhaiskasvatuksen, perusopetuksen, ammatti-instituutin, lukioiden, korkeakoulujen ja yritysmaailman v\u00e4lill\u00e4. Tutustu uusiin STEAMit!-kokeiluihin ja vie idea omaan luokkaasi! STEAMit!-kokeilut Kaikille Varhaiskasvatus Perusopetus Lukiokoulutus Ammatillinen koulutus<\/p>\n","protected":false},"author":56,"featured_media":0,"parent":0,"menu_order":2,"comment_status":"closed","ping_status":"closed","template":"","meta":{"footnotes":""},"class_list":["post-16","page","type-page","status-publish","hentry"],"_links":{"self":[{"href":"https:\/\/blog.edu.turku.fi\/steam\/wp-json\/wp\/v2\/pages\/16","targetHints":{"allow":["GET"]}}],"collection":[{"href":"https:\/\/blog.edu.turku.fi\/steam\/wp-json\/wp\/v2\/pages"}],"about":[{"href":"https:\/\/blog.edu.turku.fi\/steam\/wp-json\/wp\/v2\/types\/page"}],"author":[{"embeddable":true,"href":"https:\/\/blog.edu.turku.fi\/steam\/wp-json\/wp\/v2\/users\/56"}],"replies":[{"embeddable":true,"href":"https:\/\/blog.edu.turku.fi\/steam\/wp-json\/wp\/v2\/comments?post=16"}],"version-history":[{"count":3,"href":"https:\/\/blog.edu.turku.fi\/steam\/wp-json\/wp\/v2\/pages\/16\/revisions"}],"predecessor-version":[{"id":48,"href":"https:\/\/blog.edu.turku.fi\/steam\/wp-json\/wp\/v2\/pages\/16\/revisions\/48"}],"wp:attachment":[{"href":"https:\/\/blog.edu.turku.fi\/steam\/wp-json\/wp\/v2\/media?parent=16"}],"curies":[{"name":"wp","href":"https:\/\/api.w.org\/{rel}","templated":true}]}}