{"id":173,"date":"2015-11-04T17:45:44","date_gmt":"2015-11-04T15:45:44","guid":{"rendered":"https:\/\/blog.edu.turku.fi\/urheilupuistonphy\/?page_id=173"},"modified":"2026-02-19T14:57:27","modified_gmt":"2026-02-19T12:57:27","slug":"toiminnan-perusta","status":"publish","type":"page","link":"https:\/\/blog.edu.turku.fi\/stalarminkadunphy\/toiminnan-perusta\/","title":{"rendered":"Toiminnan perusta"},"content":{"rendered":"<h2>Varhaiskasvatussuunnitelmat<\/h2>\n<p><a href=\"https:\/\/www.oph.fi\/sites\/default\/files\/documents\/9-11.2.2026%20Turun%20paikallinen%20varhaiskasvatussuunnitelma.pdf\">Turun kaupungin varhaiskasvatussuunnitelma 2026<\/a><\/p>\n<p><a href=\"https:\/\/www.oph.fi\/sites\/default\/files\/documents\/Varhaiskasvatussuunnitelman_perusteet_2022_2.pdf\">Valtakunnalliset varhaiskasvatussuunnitelman perusteet 2022<\/a><\/p>\n<h2>Esiopetussuunnitelmat<\/h2>\n<p><a href=\"https:\/\/paatokset.turku.fi\/doc\/2388742\/Turun%20kaupungin%20esiopetussuunnitelma%201-8-2025%20alkaen.pdf\">Turun kaupungin esiopetussuunnitelma 2025<\/a><\/p>\n<p><a href=\"https:\/\/eperusteet.opintopolku.fi\/eperusteet-service\/api\/dokumentit\/9168518\">Valtakunnalliset esiopetuksen opetussuunnitelman perusteet 2014 (p\u00e4ivitetty 2023)<\/a><\/p>\n<h2>Yksik\u00f6n toimintakulttuuri<\/h2>\n<p><a href=\"https:\/\/blog.edu.turku.fi\/stalarminkadunphy\/files\/2024\/08\/Otetaan-kaikki-mukaan.pdf\">&#8221;Otetaan kaikki mukaan!&#8221; &#8211; Suunnitelma kiusaamisen ja h\u00e4irinn\u00e4n ennaltaehk\u00e4isyyn sek\u00e4 niihin puuttumiseen Turun varhaiskasvatuksessa ja esiopetuksessa<\/a><\/p>\n<h2>Leikkiymp\u00e4rist\u00f6t<\/h2>\n<p>Olemme St\u00e5larminkadun p\u00e4iv\u00e4kodissa panostaneet leikkiin houkutteleviin ja kutsuviin leikkiymp\u00e4rist\u00f6ihin. Tarkoituksenamme on jatkaa t\u00e4t\u00e4 ty\u00f6t\u00e4 my\u00f6s tulevaisuudessa. Alla muutamia kuvia t\u00e4m\u00e4nhetkisist\u00e4 toimintaymp\u00e4rist\u00f6ist\u00e4mme.<\/p>\n<h3>P\u00e4iv\u00e4ns\u00e4teet<a href=\"https:\/\/blog.edu.turku.fi\/stalarminkadunphy\/files\/2024\/06\/paivansateet_kirjasto.jpg\"><img loading=\"lazy\" decoding=\"async\" class=\"alignnone size-medium wp-image-810\" src=\"https:\/\/blog.edu.turku.fi\/stalarminkadunphy\/files\/2024\/06\/paivansateet_kirjasto-225x300.jpg\" alt=\"\" width=\"225\" height=\"300\" srcset=\"https:\/\/blog.edu.turku.fi\/stalarminkadunphy\/files\/2024\/06\/paivansateet_kirjasto-225x300.jpg 225w, https:\/\/blog.edu.turku.fi\/stalarminkadunphy\/files\/2024\/06\/paivansateet_kirjasto.jpg 768w\" sizes=\"auto, (max-width: 225px) 85vw, 225px\" \/><\/a><a href=\"https:\/\/blog.edu.turku.fi\/stalarminkadunphy\/files\/2024\/06\/paivansateet_kauppa.jpg\"><img loading=\"lazy\" decoding=\"async\" class=\"alignnone size-medium wp-image-809\" src=\"https:\/\/blog.edu.turku.fi\/stalarminkadunphy\/files\/2024\/06\/paivansateet_kauppa-225x300.jpg\" alt=\"\" width=\"225\" height=\"300\" srcset=\"https:\/\/blog.edu.turku.fi\/stalarminkadunphy\/files\/2024\/06\/paivansateet_kauppa-225x300.jpg 225w, https:\/\/blog.edu.turku.fi\/stalarminkadunphy\/files\/2024\/06\/paivansateet_kauppa.jpg 768w\" sizes=\"auto, (max-width: 225px) 85vw, 225px\" \/><\/a><a href=\"https:\/\/blog.edu.turku.fi\/stalarminkadunphy\/files\/2024\/06\/paivansateet_koti.jpg\"><img loading=\"lazy\" decoding=\"async\" class=\"alignnone size-medium wp-image-811\" src=\"https:\/\/blog.edu.turku.fi\/stalarminkadunphy\/files\/2024\/06\/paivansateet_koti-225x300.jpg\" alt=\"\" width=\"225\" height=\"300\" srcset=\"https:\/\/blog.edu.turku.fi\/stalarminkadunphy\/files\/2024\/06\/paivansateet_koti-225x300.jpg 225w, https:\/\/blog.edu.turku.fi\/stalarminkadunphy\/files\/2024\/06\/paivansateet_koti.jpg 768w\" sizes=\"auto, (max-width: 225px) 85vw, 225px\" \/><\/a><\/h3>\n<h3>N\u00f6p\u00f6nen\u00e4t<a href=\"https:\/\/blog.edu.turku.fi\/stalarminkadunphy\/files\/2024\/06\/noponenat_legoateljee.jpg\"><img loading=\"lazy\" decoding=\"async\" class=\"alignnone size-medium wp-image-805\" src=\"https:\/\/blog.edu.turku.fi\/stalarminkadunphy\/files\/2024\/06\/noponenat_legoateljee-300x200.jpg\" alt=\"\" width=\"300\" height=\"200\" srcset=\"https:\/\/blog.edu.turku.fi\/stalarminkadunphy\/files\/2024\/06\/noponenat_legoateljee-300x200.jpg 300w, https:\/\/blog.edu.turku.fi\/stalarminkadunphy\/files\/2024\/06\/noponenat_legoateljee.jpg 1024w\" sizes=\"auto, (max-width: 300px) 85vw, 300px\" \/><\/a><a href=\"https:\/\/blog.edu.turku.fi\/stalarminkadunphy\/files\/2024\/06\/noponenat_autosatu.jpg\"><img loading=\"lazy\" decoding=\"async\" class=\"alignnone size-medium wp-image-804\" src=\"https:\/\/blog.edu.turku.fi\/stalarminkadunphy\/files\/2024\/06\/noponenat_autosatu-300x144.jpg\" alt=\"\" width=\"300\" height=\"144\" srcset=\"https:\/\/blog.edu.turku.fi\/stalarminkadunphy\/files\/2024\/06\/noponenat_autosatu-300x144.jpg 300w, https:\/\/blog.edu.turku.fi\/stalarminkadunphy\/files\/2024\/06\/noponenat_autosatu.jpg 1024w\" sizes=\"auto, (max-width: 300px) 85vw, 300px\" \/><\/a><\/h3>\n<h3>T\u00e4htisilm\u00e4t<a href=\"https:\/\/blog.edu.turku.fi\/stalarminkadunphy\/files\/2024\/06\/tahtisilmat_dinopalikat.jpg\"><img loading=\"lazy\" decoding=\"async\" class=\"alignnone size-medium wp-image-812\" src=\"https:\/\/blog.edu.turku.fi\/stalarminkadunphy\/files\/2024\/06\/tahtisilmat_dinopalikat-300x225.jpg\" alt=\"\" width=\"300\" height=\"225\" srcset=\"https:\/\/blog.edu.turku.fi\/stalarminkadunphy\/files\/2024\/06\/tahtisilmat_dinopalikat-300x225.jpg 300w, https:\/\/blog.edu.turku.fi\/stalarminkadunphy\/files\/2024\/06\/tahtisilmat_dinopalikat.jpg 1024w\" sizes=\"auto, (max-width: 300px) 85vw, 300px\" \/><\/a><\/h3>\n<h3>Helmivarpaat<a href=\"https:\/\/blog.edu.turku.fi\/stalarminkadunphy\/files\/2024\/06\/helmivarpaat_puu.jpg\"><img loading=\"lazy\" decoding=\"async\" class=\"alignnone size-medium wp-image-800\" src=\"https:\/\/blog.edu.turku.fi\/stalarminkadunphy\/files\/2024\/06\/helmivarpaat_puu-225x300.jpg\" alt=\"\" width=\"225\" height=\"300\" srcset=\"https:\/\/blog.edu.turku.fi\/stalarminkadunphy\/files\/2024\/06\/helmivarpaat_puu-225x300.jpg 225w, https:\/\/blog.edu.turku.fi\/stalarminkadunphy\/files\/2024\/06\/helmivarpaat_puu.jpg 768w\" sizes=\"auto, (max-width: 225px) 85vw, 225px\" \/><\/a><a href=\"https:\/\/blog.edu.turku.fi\/stalarminkadunphy\/files\/2024\/06\/helmivarpaat_koti.jpg\"><img loading=\"lazy\" decoding=\"async\" class=\"alignnone size-medium wp-image-799\" src=\"https:\/\/blog.edu.turku.fi\/stalarminkadunphy\/files\/2024\/06\/helmivarpaat_koti-225x300.jpg\" alt=\"\" width=\"225\" height=\"300\" srcset=\"https:\/\/blog.edu.turku.fi\/stalarminkadunphy\/files\/2024\/06\/helmivarpaat_koti-225x300.jpg 225w, https:\/\/blog.edu.turku.fi\/stalarminkadunphy\/files\/2024\/06\/helmivarpaat_koti.jpg 768w\" sizes=\"auto, (max-width: 225px) 85vw, 225px\" \/><\/a><a href=\"https:\/\/blog.edu.turku.fi\/stalarminkadunphy\/files\/2024\/06\/helmivarpaat_auto.jpg\"><img loading=\"lazy\" decoding=\"async\" class=\"alignnone size-medium wp-image-798\" src=\"https:\/\/blog.edu.turku.fi\/stalarminkadunphy\/files\/2024\/06\/helmivarpaat_auto-225x300.jpg\" alt=\"\" width=\"225\" height=\"300\" srcset=\"https:\/\/blog.edu.turku.fi\/stalarminkadunphy\/files\/2024\/06\/helmivarpaat_auto-225x300.jpg 225w, https:\/\/blog.edu.turku.fi\/stalarminkadunphy\/files\/2024\/06\/helmivarpaat_auto.jpg 768w\" sizes=\"auto, (max-width: 225px) 85vw, 225px\" \/><\/a><\/h3>\n<h3>Punaposket<a href=\"https:\/\/blog.edu.turku.fi\/stalarminkadunphy\/files\/2024\/06\/punaposket_kotileikki.jpg\"><img loading=\"lazy\" decoding=\"async\" class=\"alignnone size-medium wp-image-808\" src=\"https:\/\/blog.edu.turku.fi\/stalarminkadunphy\/files\/2024\/06\/punaposket_kotileikki-300x292.jpg\" alt=\"\" width=\"300\" height=\"292\" srcset=\"https:\/\/blog.edu.turku.fi\/stalarminkadunphy\/files\/2024\/06\/punaposket_kotileikki-300x292.jpg 300w, https:\/\/blog.edu.turku.fi\/stalarminkadunphy\/files\/2024\/06\/punaposket_kotileikki.jpg 1024w\" sizes=\"auto, (max-width: 300px) 85vw, 300px\" \/><\/a><\/h3>\n<h3>Hymyhuulet<a href=\"https:\/\/blog.edu.turku.fi\/stalarminkadunphy\/files\/2024\/06\/hymyhuulet_koti.jpg\"><img loading=\"lazy\" decoding=\"async\" class=\"alignnone size-medium wp-image-803\" src=\"https:\/\/blog.edu.turku.fi\/stalarminkadunphy\/files\/2024\/06\/hymyhuulet_koti-300x198.jpg\" alt=\"\" width=\"300\" height=\"198\" srcset=\"https:\/\/blog.edu.turku.fi\/stalarminkadunphy\/files\/2024\/06\/hymyhuulet_koti-300x198.jpg 300w, https:\/\/blog.edu.turku.fi\/stalarminkadunphy\/files\/2024\/06\/hymyhuulet_koti.jpg 1024w\" sizes=\"auto, (max-width: 300px) 85vw, 300px\" \/><\/a><a href=\"https:\/\/blog.edu.turku.fi\/stalarminkadunphy\/files\/2024\/06\/hymyhuulet_fori.jpg\"><img loading=\"lazy\" decoding=\"async\" class=\"alignnone size-medium wp-image-802\" src=\"https:\/\/blog.edu.turku.fi\/stalarminkadunphy\/files\/2024\/06\/hymyhuulet_fori-300x209.jpg\" alt=\"\" width=\"300\" height=\"209\" srcset=\"https:\/\/blog.edu.turku.fi\/stalarminkadunphy\/files\/2024\/06\/hymyhuulet_fori-300x209.jpg 300w, https:\/\/blog.edu.turku.fi\/stalarminkadunphy\/files\/2024\/06\/hymyhuulet_fori.jpg 1024w\" sizes=\"auto, (max-width: 300px) 85vw, 300px\" \/><\/a><a href=\"https:\/\/blog.edu.turku.fi\/stalarminkadunphy\/files\/2024\/06\/hymyhuulet_autoklinikka.jpg\"><img loading=\"lazy\" decoding=\"async\" class=\"alignnone size-medium wp-image-801\" src=\"https:\/\/blog.edu.turku.fi\/stalarminkadunphy\/files\/2024\/06\/hymyhuulet_autoklinikka-300x198.jpg\" alt=\"\" width=\"300\" height=\"198\" srcset=\"https:\/\/blog.edu.turku.fi\/stalarminkadunphy\/files\/2024\/06\/hymyhuulet_autoklinikka-300x198.jpg 300w, https:\/\/blog.edu.turku.fi\/stalarminkadunphy\/files\/2024\/06\/hymyhuulet_autoklinikka.jpg 1024w\" sizes=\"auto, (max-width: 300px) 85vw, 300px\" \/><\/a><\/h3>\n<h3>Oravat (esiopetus)<a href=\"https:\/\/blog.edu.turku.fi\/stalarminkadunphy\/files\/2024\/06\/oravat_legoauto.jpg\"><img loading=\"lazy\" decoding=\"async\" class=\"alignnone size-medium wp-image-807\" src=\"https:\/\/blog.edu.turku.fi\/stalarminkadunphy\/files\/2024\/06\/oravat_legoauto-169x300.jpg\" alt=\"\" width=\"169\" height=\"300\" srcset=\"https:\/\/blog.edu.turku.fi\/stalarminkadunphy\/files\/2024\/06\/oravat_legoauto-169x300.jpg 169w, https:\/\/blog.edu.turku.fi\/stalarminkadunphy\/files\/2024\/06\/oravat_legoauto.jpg 576w\" sizes=\"auto, (max-width: 169px) 85vw, 169px\" \/><\/a><a href=\"https:\/\/blog.edu.turku.fi\/stalarminkadunphy\/files\/2024\/06\/oravat_koti.jpg\"><img loading=\"lazy\" decoding=\"async\" class=\"alignnone size-medium wp-image-806\" src=\"https:\/\/blog.edu.turku.fi\/stalarminkadunphy\/files\/2024\/06\/oravat_koti-169x300.jpg\" alt=\"\" width=\"169\" height=\"300\" srcset=\"https:\/\/blog.edu.turku.fi\/stalarminkadunphy\/files\/2024\/06\/oravat_koti-169x300.jpg 169w, https:\/\/blog.edu.turku.fi\/stalarminkadunphy\/files\/2024\/06\/oravat_koti.jpg 576w\" sizes=\"auto, (max-width: 169px) 85vw, 169px\" \/><\/a><\/h3>\n<h3>Pihaleikit<a href=\"https:\/\/blog.edu.turku.fi\/stalarminkadunphy\/files\/2024\/06\/piha_kepparitalli.jpg\"><img loading=\"lazy\" decoding=\"async\" class=\"alignnone size-medium wp-image-813\" src=\"https:\/\/blog.edu.turku.fi\/stalarminkadunphy\/files\/2024\/06\/piha_kepparitalli-253x300.jpg\" alt=\"\" width=\"253\" height=\"300\" srcset=\"https:\/\/blog.edu.turku.fi\/stalarminkadunphy\/files\/2024\/06\/piha_kepparitalli-253x300.jpg 253w, https:\/\/blog.edu.turku.fi\/stalarminkadunphy\/files\/2024\/06\/piha_kepparitalli.jpg 862w\" sizes=\"auto, (max-width: 253px) 85vw, 253px\" \/><\/a><\/h3>\n","protected":false},"excerpt":{"rendered":"<p>Varhaiskasvatussuunnitelmat Turun kaupungin varhaiskasvatussuunnitelma 2026 Valtakunnalliset varhaiskasvatussuunnitelman perusteet 2022 Esiopetussuunnitelmat Turun kaupungin esiopetussuunnitelma 2025 Valtakunnalliset esiopetuksen opetussuunnitelman perusteet 2014 (p\u00e4ivitetty 2023) Yksik\u00f6n toimintakulttuuri &#8221;Otetaan kaikki mukaan!&#8221; &#8211; Suunnitelma kiusaamisen ja h\u00e4irinn\u00e4n ennaltaehk\u00e4isyyn sek\u00e4 niihin puuttumiseen Turun varhaiskasvatuksessa ja esiopetuksessa Leikkiymp\u00e4rist\u00f6t Olemme St\u00e5larminkadun p\u00e4iv\u00e4kodissa panostaneet leikkiin houkutteleviin ja kutsuviin leikkiymp\u00e4rist\u00f6ihin. Tarkoituksenamme on jatkaa t\u00e4t\u00e4 ty\u00f6t\u00e4 my\u00f6s &hellip; <a href=\"https:\/\/blog.edu.turku.fi\/stalarminkadunphy\/toiminnan-perusta\/\" class=\"more-link\">Jatka lukemista<span class=\"screen-reader-text\"> &#8221;Toiminnan perusta&#8221;<\/span><\/a><\/p>\n","protected":false},"author":1562,"featured_media":0,"parent":0,"menu_order":2,"comment_status":"closed","ping_status":"closed","template":"","meta":{"footnotes":""},"class_list":["post-173","page","type-page","status-publish","hentry"],"_links":{"self":[{"href":"https:\/\/blog.edu.turku.fi\/stalarminkadunphy\/wp-json\/wp\/v2\/pages\/173","targetHints":{"allow":["GET"]}}],"collection":[{"href":"https:\/\/blog.edu.turku.fi\/stalarminkadunphy\/wp-json\/wp\/v2\/pages"}],"about":[{"href":"https:\/\/blog.edu.turku.fi\/stalarminkadunphy\/wp-json\/wp\/v2\/types\/page"}],"author":[{"embeddable":true,"href":"https:\/\/blog.edu.turku.fi\/stalarminkadunphy\/wp-json\/wp\/v2\/users\/1562"}],"replies":[{"embeddable":true,"href":"https:\/\/blog.edu.turku.fi\/stalarminkadunphy\/wp-json\/wp\/v2\/comments?post=173"}],"version-history":[{"count":41,"href":"https:\/\/blog.edu.turku.fi\/stalarminkadunphy\/wp-json\/wp\/v2\/pages\/173\/revisions"}],"predecessor-version":[{"id":870,"href":"https:\/\/blog.edu.turku.fi\/stalarminkadunphy\/wp-json\/wp\/v2\/pages\/173\/revisions\/870"}],"wp:attachment":[{"href":"https:\/\/blog.edu.turku.fi\/stalarminkadunphy\/wp-json\/wp\/v2\/media?parent=173"}],"curies":[{"name":"wp","href":"https:\/\/api.w.org\/{rel}","templated":true}]}}