{"id":672,"date":"2020-01-14T15:18:54","date_gmt":"2020-01-14T13:18:54","guid":{"rendered":"https:\/\/blog.edu.turku.fi\/sirkkalaskola\/?page_id=672"},"modified":"2020-01-14T15:20:05","modified_gmt":"2020-01-14T13:20:05","slug":"elevvardslagen","status":"publish","type":"page","link":"https:\/\/blog.edu.turku.fi\/sirkkalaskola\/elevvardslagen\/","title":{"rendered":"Elevv\u00e5rdslagen"},"content":{"rendered":"<p>Den g\u00e4llande elevv\u00e5rdslagen tr\u00e4dde i kraft den 1 augusti 2014. M\u00e5ls\u00e4ttningarna f\u00f6r denna lag \u00e4r<\/p>\n<ul>\n<li>att fr\u00e4mja elevernas v\u00e4lf\u00e4rd, h\u00e4lsa och l\u00e4rande<\/li>\n<li>att erbjuda en l\u00e5g tr\u00f6skel till att st\u00f6da v\u00e4lm\u00e5ende<\/li>\n<li>att f\u00f6rebygga uppkomsten av problem<\/li>\n<li>att st\u00e4rka elevernas och v\u00e5rdnadshavarnas delaktighet<\/li>\n<\/ul>\n","protected":false},"excerpt":{"rendered":"<p>Den g\u00e4llande elevv\u00e5rdslagen tr\u00e4dde i kraft den 1 augusti 2014. M\u00e5ls\u00e4ttningarna f\u00f6r denna lag \u00e4r att fr\u00e4mja elevernas v\u00e4lf\u00e4rd, h\u00e4lsa och l\u00e4rande att erbjuda en l\u00e5g tr\u00f6skel till att st\u00f6da v\u00e4lm\u00e5ende att f\u00f6rebygga uppkomsten av problem att st\u00e4rka elevernas och v\u00e5rdnadshavarnas delaktighet<\/p>\n","protected":false},"author":1018,"featured_media":0,"parent":0,"menu_order":0,"comment_status":"closed","ping_status":"closed","template":"","meta":{"ngg_post_thumbnail":0,"footnotes":""},"class_list":["post-672","page","type-page","status-publish","hentry"],"_links":{"self":[{"href":"https:\/\/blog.edu.turku.fi\/sirkkalaskola\/wp-json\/wp\/v2\/pages\/672","targetHints":{"allow":["GET"]}}],"collection":[{"href":"https:\/\/blog.edu.turku.fi\/sirkkalaskola\/wp-json\/wp\/v2\/pages"}],"about":[{"href":"https:\/\/blog.edu.turku.fi\/sirkkalaskola\/wp-json\/wp\/v2\/types\/page"}],"author":[{"embeddable":true,"href":"https:\/\/blog.edu.turku.fi\/sirkkalaskola\/wp-json\/wp\/v2\/users\/1018"}],"replies":[{"embeddable":true,"href":"https:\/\/blog.edu.turku.fi\/sirkkalaskola\/wp-json\/wp\/v2\/comments?post=672"}],"version-history":[{"count":2,"href":"https:\/\/blog.edu.turku.fi\/sirkkalaskola\/wp-json\/wp\/v2\/pages\/672\/revisions"}],"predecessor-version":[{"id":675,"href":"https:\/\/blog.edu.turku.fi\/sirkkalaskola\/wp-json\/wp\/v2\/pages\/672\/revisions\/675"}],"wp:attachment":[{"href":"https:\/\/blog.edu.turku.fi\/sirkkalaskola\/wp-json\/wp\/v2\/media?parent=672"}],"curies":[{"name":"wp","href":"https:\/\/api.w.org\/{rel}","templated":true}]}}