{"id":279,"date":"2017-08-30T12:39:30","date_gmt":"2017-08-30T09:39:30","guid":{"rendered":"https:\/\/blog.edu.turku.fi\/sirkkalaskola\/?page_id=279"},"modified":"2025-09-03T14:08:00","modified_gmt":"2025-09-03T11:08:00","slug":"handelsekalender","status":"publish","type":"page","link":"https:\/\/blog.edu.turku.fi\/sirkkalaskola\/handelsekalender\/","title":{"rendered":"H\u00e4ndelsekalender"},"content":{"rendered":"<p style=\"text-align: left\"><strong><span id=\"page19R_mcid2\" class=\"markedContent\"><span dir=\"ltr\" role=\"presentation\">Plock u<\/span><span dir=\"ltr\" role=\"presentation\">r h\u00e4ndelsekalendern l\u00e4s\u00e5ret 20<\/span><span dir=\"ltr\" role=\"presentation\">2<\/span><span dir=\"ltr\" role=\"presentation\">5<\/span><span dir=\"ltr\" role=\"presentation\">&#8211;<\/span><span dir=\"ltr\" role=\"presentation\">202<\/span><span dir=\"ltr\" role=\"presentation\">6<\/span><\/span><\/strong><span id=\"page19R_mcid3\" class=\"markedContent\"><\/span><span id=\"page19R_mcid4\" class=\"markedContent\"><\/span><span id=\"page19R_mcid5\" class=\"markedContent\"><\/span><span id=\"page19R_mcid6\" class=\"markedContent\"><\/span><span id=\"page19R_mcid7\" class=\"markedContent\"><br role=\"presentation\"><\/span><span id=\"page19R_mcid47\" class=\"markedContent\"><\/span><\/p>\n<table class=\" alignleft\" border=\"0\">\n<tbody>\n<tr>\n<td>7.8<\/td>\n<td>Skolstart<\/td>\n<\/tr>\n<tr>\n<td>&nbsp;<\/td>\n<td>Frittis morris och eftis startar genast f\u00f6rsta dagen<\/td>\n<\/tr>\n<tr>\n<td>20.8<\/td>\n<td>F\u00f6r\u00e4ldram\u00f6te \u00e5k 5(Alla f\u00f6r\u00e4ldram\u00f6ten startar kl. 18.00 i matsalen)<\/td>\n<\/tr>\n<tr>\n<td>26.8<\/td>\n<td>F\u00f6r\u00e4ldram\u00f6te \u00e5k 4<\/td>\n<\/tr>\n<tr>\n<td>27.8<\/td>\n<td>Teater Taimine bes\u00f6ker skolan<\/td>\n<\/tr>\n<tr>\n<td>27.8<\/td>\n<td>F\u00f6r\u00e4ldram\u00f6te \u00e5k 1+1-6F<\/td>\n<\/tr>\n<tr>\n<td>2.9<\/td>\n<td>F\u00f6r\u00e4ldram\u00f6te \u00e5k 6<\/td>\n<\/tr>\n<tr>\n<td>3.9<\/td>\n<td>F\u00f6r\u00e4ldram\u00f6te \u00e5k 3<\/td>\n<\/tr>\n<tr>\n<td>9-12.9<\/td>\n<td>L\u00e4gerskola \u00e5k 5<\/td>\n<\/tr>\n<tr>\n<td>15+16.9<\/td>\n<td>Skolfotografering<\/td>\n<\/tr>\n<tr>\n<td>17.9<\/td>\n<td>F\u00f6r\u00e4ldram\u00f6te \u00e5k 2<\/td>\n<\/tr>\n<tr>\n<td>29.9-3.10<\/td>\n<td>Temavecka: Antirasism<\/td>\n<\/tr>\n<tr>\n<td>&nbsp;<\/td>\n<td>Fridrottst\u00e4vlingar \u00e5k 6+ \u00e5k 4<\/td>\n<\/tr>\n<tr>\n<td>&nbsp;<\/td>\n<td>Terr\u00e4ngl\u00f6pning<\/td>\n<\/tr>\n<tr>\n<td>13-17.10<\/td>\n<td>H\u00f6stlov<\/td>\n<\/tr>\n<tr>\n<td>&nbsp;<\/td>\n<td>Vi h\u00e5ller v\u00e5ra utvecklingssamtal i de flesta klasser i november.<\/td>\n<\/tr>\n<tr>\n<td>6.11<\/td>\n<td>Svenska dagen uppm\u00e4rksammas(\u00e5k 6)<\/td>\n<\/tr>\n<tr>\n<td>20.11<\/td>\n<td>Barnkonventionens dag, Elevr\u00e5det<\/td>\n<\/tr>\n<tr>\n<td>5.12<\/td>\n<td>Sj\u00e4lvst\u00e4ndighetsdag, \u00e5k 4<\/td>\n<\/tr>\n<tr>\n<td>12.12<\/td>\n<td>Luciafest (\u00e5k 3) kl. 9.30<\/td>\n<\/tr>\n<tr>\n<td>16.12<\/td>\n<td>Julkyrka<\/td>\n<\/tr>\n<tr>\n<td>17.12<\/td>\n<td>Julfest (\u00e5k 4-6) kl. 18.00<\/td>\n<\/tr>\n<tr>\n<td>18.12<\/td>\n<td>Julfest (\u00e5k 1-2) kl. 9.30<\/td>\n<\/tr>\n<tr>\n<td>20.12<\/td>\n<td>Sista skoldagen f\u00f6re jul<\/td>\n<\/tr>\n<tr>\n<td>&nbsp;<\/td>\n<td>Jullov<\/td>\n<\/tr>\n<tr>\n<td>&nbsp;<\/td>\n<td>Gott Nytt \u00c5r 2026!<\/td>\n<\/tr>\n<tr>\n<td>7.1<\/td>\n<td>V\u00e5rterminen inleds (enligt l\u00e4sordning)<\/td>\n<\/tr>\n<tr>\n<td>13.2<\/td>\n<td>Alla Hj\u00e4rtans dag uppm\u00e4rksammas (\u00e5k 2)<\/td>\n<\/tr>\n<tr>\n<td>16-20.2<\/td>\n<td>Sportlov<\/td>\n<\/tr>\n<tr>\n<td>21.3<\/td>\n<td>\u00d6PPET HUS och Rocka sockorna-dagen<\/td>\n<\/tr>\n<tr>\n<td>3.4-6.4<\/td>\n<td>P\u00e5sklov<\/td>\n<\/tr>\n<tr>\n<td>15.5<\/td>\n<td>LEDIG DAG (pga. \u00d6ppet Hus-dagen)<\/td>\n<\/tr>\n<tr>\n<td>30.5<\/td>\n<td>Skolavslutning<\/td>\n<\/tr>\n<\/tbody>\n<\/table>\n","protected":false},"excerpt":{"rendered":"<p>Plock ur h\u00e4ndelsekalendern l\u00e4s\u00e5ret 2025&#8211;2026 7.8 Skolstart &nbsp; Frittis morris och eftis startar genast f\u00f6rsta dagen 20.8 F\u00f6r\u00e4ldram\u00f6te \u00e5k 5(Alla f\u00f6r\u00e4ldram\u00f6ten startar kl. 18.00 i matsalen) 26.8 F\u00f6r\u00e4ldram\u00f6te \u00e5k 4 27.8 Teater Taimine bes\u00f6ker skolan 27.8 F\u00f6r\u00e4ldram\u00f6te \u00e5k 1+1-6F 2.9 F\u00f6r\u00e4ldram\u00f6te \u00e5k 6 3.9 F\u00f6r\u00e4ldram\u00f6te \u00e5k 3 9-12.9 L\u00e4gerskola \u00e5k 5 15+16.9 Skolfotografering 17.9 F\u00f6r\u00e4ldram\u00f6te &hellip; <a href=\"https:\/\/blog.edu.turku.fi\/sirkkalaskola\/handelsekalender\/\" class=\"more-link\">Forts\u00e4tt l\u00e4sa<span class=\"screen-reader-text\"> \u201dH\u00e4ndelsekalender\u201d<\/span><\/a><\/p>\n","protected":false},"author":1018,"featured_media":0,"parent":0,"menu_order":0,"comment_status":"closed","ping_status":"closed","template":"","meta":{"ngg_post_thumbnail":0,"footnotes":""},"class_list":["post-279","page","type-page","status-publish","hentry"],"_links":{"self":[{"href":"https:\/\/blog.edu.turku.fi\/sirkkalaskola\/wp-json\/wp\/v2\/pages\/279","targetHints":{"allow":["GET"]}}],"collection":[{"href":"https:\/\/blog.edu.turku.fi\/sirkkalaskola\/wp-json\/wp\/v2\/pages"}],"about":[{"href":"https:\/\/blog.edu.turku.fi\/sirkkalaskola\/wp-json\/wp\/v2\/types\/page"}],"author":[{"embeddable":true,"href":"https:\/\/blog.edu.turku.fi\/sirkkalaskola\/wp-json\/wp\/v2\/users\/1018"}],"replies":[{"embeddable":true,"href":"https:\/\/blog.edu.turku.fi\/sirkkalaskola\/wp-json\/wp\/v2\/comments?post=279"}],"version-history":[{"count":27,"href":"https:\/\/blog.edu.turku.fi\/sirkkalaskola\/wp-json\/wp\/v2\/pages\/279\/revisions"}],"predecessor-version":[{"id":1220,"href":"https:\/\/blog.edu.turku.fi\/sirkkalaskola\/wp-json\/wp\/v2\/pages\/279\/revisions\/1220"}],"wp:attachment":[{"href":"https:\/\/blog.edu.turku.fi\/sirkkalaskola\/wp-json\/wp\/v2\/media?parent=279"}],"curies":[{"name":"wp","href":"https:\/\/api.w.org\/{rel}","templated":true}]}}