{"id":161,"date":"2016-11-29T14:56:22","date_gmt":"2016-11-29T12:56:22","guid":{"rendered":"https:\/\/blog.edu.turku.fi\/sirkkalaskola\/?page_id=161"},"modified":"2024-05-02T13:58:12","modified_gmt":"2024-05-02T10:58:12","slug":"franvaroanmalan","status":"publish","type":"page","link":"https:\/\/blog.edu.turku.fi\/sirkkalaskola\/franvaroanmalan\/","title":{"rendered":"Fr\u00e5nvaroanm\u00e4lan"},"content":{"rendered":"<p>Meddela klassl\u00e4raren om ditt barn uteblir fr\u00e5n undervisningen. Vid fr\u00e5nvaro \u2013 kom ih\u00e5g att meddela ocks\u00e5 eventuell skolskjuts och eftis\/frittis om fr\u00e5nvaron.<\/p>\n<p>Klassl\u00e4raren kan bevilja fr\u00e5nvaro upp till tre dagar. Ifall fr\u00e5nvaron \u00e4r l\u00e4ngre anh\u00e5ller ni om r\u00e4tt till fr\u00e5nvaro av rektorn via Wilma. (Kom \u00e4ven d\u00e5 ih\u00e5g att diskutera med klassl\u00e4raren!)<\/p>\n<p>G\u00f6r s\u00e5h\u00e4r: Se till att spr\u00e5ket \u00e4r inst\u00e4llt p\u00e5 svenska. Uppe till h\u00f6ger under de tre strecken: G\u00e5 till Ans\u00f6kningar och beslut \u2013 Ny ans\u00f6kan. Fyll i, skicka!<\/p>\n<p>&nbsp;<\/p>\n","protected":false},"excerpt":{"rendered":"<p>Meddela klassl\u00e4raren om ditt barn uteblir fr\u00e5n undervisningen. Vid fr\u00e5nvaro \u2013 kom ih\u00e5g att meddela ocks\u00e5 eventuell skolskjuts och eftis\/frittis om fr\u00e5nvaron. Klassl\u00e4raren kan bevilja fr\u00e5nvaro upp till tre dagar. Ifall fr\u00e5nvaron \u00e4r l\u00e4ngre anh\u00e5ller ni om r\u00e4tt till fr\u00e5nvaro av rektorn via Wilma. (Kom \u00e4ven d\u00e5 ih\u00e5g att diskutera med klassl\u00e4raren!) G\u00f6r s\u00e5h\u00e4r: Se &hellip; <a href=\"https:\/\/blog.edu.turku.fi\/sirkkalaskola\/franvaroanmalan\/\" class=\"more-link\">Forts\u00e4tt l\u00e4sa<span class=\"screen-reader-text\"> \u201dFr\u00e5nvaroanm\u00e4lan\u201d<\/span><\/a><\/p>\n","protected":false},"author":2095,"featured_media":0,"parent":0,"menu_order":0,"comment_status":"closed","ping_status":"closed","template":"","meta":{"ngg_post_thumbnail":0,"footnotes":""},"class_list":["post-161","page","type-page","status-publish","hentry"],"_links":{"self":[{"href":"https:\/\/blog.edu.turku.fi\/sirkkalaskola\/wp-json\/wp\/v2\/pages\/161","targetHints":{"allow":["GET"]}}],"collection":[{"href":"https:\/\/blog.edu.turku.fi\/sirkkalaskola\/wp-json\/wp\/v2\/pages"}],"about":[{"href":"https:\/\/blog.edu.turku.fi\/sirkkalaskola\/wp-json\/wp\/v2\/types\/page"}],"author":[{"embeddable":true,"href":"https:\/\/blog.edu.turku.fi\/sirkkalaskola\/wp-json\/wp\/v2\/users\/2095"}],"replies":[{"embeddable":true,"href":"https:\/\/blog.edu.turku.fi\/sirkkalaskola\/wp-json\/wp\/v2\/comments?post=161"}],"version-history":[{"count":9,"href":"https:\/\/blog.edu.turku.fi\/sirkkalaskola\/wp-json\/wp\/v2\/pages\/161\/revisions"}],"predecessor-version":[{"id":1090,"href":"https:\/\/blog.edu.turku.fi\/sirkkalaskola\/wp-json\/wp\/v2\/pages\/161\/revisions\/1090"}],"wp:attachment":[{"href":"https:\/\/blog.edu.turku.fi\/sirkkalaskola\/wp-json\/wp\/v2\/media?parent=161"}],"curies":[{"name":"wp","href":"https:\/\/api.w.org\/{rel}","templated":true}]}}