{"id":154,"date":"2016-11-29T14:53:43","date_gmt":"2016-11-29T12:53:43","guid":{"rendered":"https:\/\/blog.edu.turku.fi\/sirkkalaskola\/?page_id=154"},"modified":"2025-05-16T14:12:08","modified_gmt":"2025-05-16T11:12:08","slug":"verksamhetside-2","status":"publish","type":"page","link":"https:\/\/blog.edu.turku.fi\/sirkkalaskola\/verksamhetside-2\/","title":{"rendered":"Verksamhetsid\u00e9"},"content":{"rendered":"<h2 style=\"text-align: center\">Vi vill skapa en god grund f\u00f6r all<br \/>\ninl\u00e4rning genom att m\u00e5na om en<br \/>\nvarm, \u00f6ppen och inkluderande atmosf\u00e4r;<br \/>\nen skola, d\u00e4r elever, personal och<br \/>\nv\u00e5rdnadshavare k\u00e4nner sig trygga <span class=\"TextRun SCXW226560765 BCX8\" lang=\"SV-SE\" xml:lang=\"SV-SE\" data-contrast=\"auto\"><span class=\"NormalTextRun SCXW226560765 BCX8\">och visar h\u00e4nsyn och respekt gentemot varandra<\/span><\/span>.<\/h2>\n<p style=\"text-align: left\">Inom nyb\u00f6rjarundervisningen l\u00e4ggs grunderna f\u00f6r en v\u00e4lfungerande klass med goda kamratskapsrelationer och god allm\u00e4n anda. V\u00e5r verksamhetsid\u00e9 b\u00f6r d\u00e4rf\u00f6r genomsyra all undervisning och verksamhet fr\u00e5n f\u00f6rsta skoldagen.<\/p>\n<p>Vi utg\u00e5r ifr\u00e5n en humanistisk m\u00e4nniskosyn, som inneb\u00e4r att varje m\u00e4nniska \u00e4r en unik varelse, som b\u00f6r f\u00e5 utveckla och frig\u00f6ra sina s\u00e4rpr\u00e4glade egenskaper. Detta inneb\u00e4r att varje elev i skolan bem\u00f6ts r\u00e4ttvist och med \u00f6ppenhet oberoende av k\u00f6n, ras, nationalitet eller religion. Eleven b\u00f6r f\u00e5 k\u00e4nna sig accepterad, som den han\/hon \u00e4r, k\u00e4nna tillit till l\u00e4rare och \u00f6vrig personal och trygghet i sin klass.<br \/>\nEn trygg skolmilj\u00f6 inneb\u00e4r att ifall sv\u00e5righeter uppst\u00e5r finns det alltid n\u00e5gon som st\u00e4ller upp och arbetar f\u00f6r en l\u00f6sning p\u00e5 problemen. Skolans elevv\u00e5rdsarbete i alla dess former \u00e4r mycket viktigt s\u00e5v\u00e4l som kontakten till hemmen. Att vistas i en varm och tolerant atmosf\u00e4r ger f\u00f6ruts\u00e4ttningar f\u00f6r god inl\u00e4rning och intressestimulerande arbete. Fr\u00e5nvaron av sp\u00e4nningar och os\u00e4kerhet f\u00f6rb\u00e4ttrar koncentrationsf\u00f6rm\u00e5ga och mottaglighet f\u00f6r intryck. Vi str\u00e4var efter att g\u00f6ra arbetet i m\u00f6jligaste m\u00e5n lustbetonat och po\u00e4ngterar n\u00f6dv\u00e4ndigheten av att eleverna l\u00e4r sig ta ansvar f\u00f6r sina uppgifter och arbeta m\u00e5lmedvetet. Vi \u00f6nskar att alla elever f\u00e5r k\u00e4nna l\u00e4randets gl\u00e4dje och att de kan utveckla sig och f\u00e5 den uppbackning de beh\u00f6ver.<\/p>\n<p>Vi erbjuder ocks\u00e5 sm\u00e5gruppsundervisning f\u00f6r elever i behov av s\u00e4rskilt st\u00f6d, olika funktionsvariationer och fysiska funktionsneds\u00e4ttningar. Vi erbjuder undervisning enligt elevernas individuella behov och f\u00f6ruts\u00e4ttningar. Vi erbjuder i m\u00e5n av m\u00f6jlighet integrering i allm\u00e4nundervisningen enligt elevernas egna f\u00f6ruts\u00e4ttningar. Vi har ocks\u00e5 elevgrupper som (tillsammans med sin specialklassl\u00e4rare) \u00e4r inkluderade i allm\u00e4nundervisningen i Sirkkala skola.&nbsp;<\/p>\n<p>&nbsp;<\/p>\n","protected":false},"excerpt":{"rendered":"<p>Vi vill skapa en god grund f\u00f6r all inl\u00e4rning genom att m\u00e5na om en varm, \u00f6ppen och inkluderande atmosf\u00e4r; en skola, d\u00e4r elever, personal och v\u00e5rdnadshavare k\u00e4nner sig trygga och visar h\u00e4nsyn och respekt gentemot varandra. Inom nyb\u00f6rjarundervisningen l\u00e4ggs grunderna f\u00f6r en v\u00e4lfungerande klass med goda kamratskapsrelationer och god allm\u00e4n anda. V\u00e5r verksamhetsid\u00e9 b\u00f6r d\u00e4rf\u00f6r &hellip; <a href=\"https:\/\/blog.edu.turku.fi\/sirkkalaskola\/verksamhetside-2\/\" class=\"more-link\">Forts\u00e4tt l\u00e4sa<span class=\"screen-reader-text\"> \u201dVerksamhetsid\u00e9\u201d<\/span><\/a><\/p>\n","protected":false},"author":1020,"featured_media":0,"parent":0,"menu_order":0,"comment_status":"closed","ping_status":"closed","template":"","meta":{"ngg_post_thumbnail":0,"footnotes":""},"class_list":["post-154","page","type-page","status-publish","hentry"],"_links":{"self":[{"href":"https:\/\/blog.edu.turku.fi\/sirkkalaskola\/wp-json\/wp\/v2\/pages\/154","targetHints":{"allow":["GET"]}}],"collection":[{"href":"https:\/\/blog.edu.turku.fi\/sirkkalaskola\/wp-json\/wp\/v2\/pages"}],"about":[{"href":"https:\/\/blog.edu.turku.fi\/sirkkalaskola\/wp-json\/wp\/v2\/types\/page"}],"author":[{"embeddable":true,"href":"https:\/\/blog.edu.turku.fi\/sirkkalaskola\/wp-json\/wp\/v2\/users\/1020"}],"replies":[{"embeddable":true,"href":"https:\/\/blog.edu.turku.fi\/sirkkalaskola\/wp-json\/wp\/v2\/comments?post=154"}],"version-history":[{"count":9,"href":"https:\/\/blog.edu.turku.fi\/sirkkalaskola\/wp-json\/wp\/v2\/pages\/154\/revisions"}],"predecessor-version":[{"id":1191,"href":"https:\/\/blog.edu.turku.fi\/sirkkalaskola\/wp-json\/wp\/v2\/pages\/154\/revisions\/1191"}],"wp:attachment":[{"href":"https:\/\/blog.edu.turku.fi\/sirkkalaskola\/wp-json\/wp\/v2\/media?parent=154"}],"curies":[{"name":"wp","href":"https:\/\/api.w.org\/{rel}","templated":true}]}}