{"id":147,"date":"2016-11-29T14:48:40","date_gmt":"2016-11-29T12:48:40","guid":{"rendered":"https:\/\/blog.edu.turku.fi\/sirkkalaskola\/?page_id=147"},"modified":"2020-01-14T15:07:27","modified_gmt":"2020-01-14T13:07:27","slug":"info","status":"publish","type":"page","link":"https:\/\/blog.edu.turku.fi\/sirkkalaskola\/info\/","title":{"rendered":"V\u00e5r v\u00e4rdegrund"},"content":{"rendered":"<h2 style=\"text-align: center\">Vi vill skapa en god grund f\u00f6r all<br \/>\ninl\u00e4rning genom att m\u00e5na om en<br \/>\nvarm, \u00f6ppen och tolerant atmosf\u00e4r;<br \/>\nen skola, d\u00e4r elever, personal och<br \/>\nv\u00e5rdnadshavare k\u00e4nner sig trygga.<\/h2>\n<p>&nbsp;<\/p>\n","protected":false},"excerpt":{"rendered":"<p>Vi vill skapa en god grund f\u00f6r all inl\u00e4rning genom att m\u00e5na om en varm, \u00f6ppen och tolerant atmosf\u00e4r; en skola, d\u00e4r elever, personal och v\u00e5rdnadshavare k\u00e4nner sig trygga. &nbsp;<\/p>\n","protected":false},"author":2095,"featured_media":0,"parent":0,"menu_order":0,"comment_status":"closed","ping_status":"closed","template":"","meta":{"ngg_post_thumbnail":0,"footnotes":""},"class_list":["post-147","page","type-page","status-publish","hentry"],"_links":{"self":[{"href":"https:\/\/blog.edu.turku.fi\/sirkkalaskola\/wp-json\/wp\/v2\/pages\/147","targetHints":{"allow":["GET"]}}],"collection":[{"href":"https:\/\/blog.edu.turku.fi\/sirkkalaskola\/wp-json\/wp\/v2\/pages"}],"about":[{"href":"https:\/\/blog.edu.turku.fi\/sirkkalaskola\/wp-json\/wp\/v2\/types\/page"}],"author":[{"embeddable":true,"href":"https:\/\/blog.edu.turku.fi\/sirkkalaskola\/wp-json\/wp\/v2\/users\/2095"}],"replies":[{"embeddable":true,"href":"https:\/\/blog.edu.turku.fi\/sirkkalaskola\/wp-json\/wp\/v2\/comments?post=147"}],"version-history":[{"count":9,"href":"https:\/\/blog.edu.turku.fi\/sirkkalaskola\/wp-json\/wp\/v2\/pages\/147\/revisions"}],"predecessor-version":[{"id":666,"href":"https:\/\/blog.edu.turku.fi\/sirkkalaskola\/wp-json\/wp\/v2\/pages\/147\/revisions\/666"}],"wp:attachment":[{"href":"https:\/\/blog.edu.turku.fi\/sirkkalaskola\/wp-json\/wp\/v2\/media?parent=147"}],"curies":[{"name":"wp","href":"https:\/\/api.w.org\/{rel}","templated":true}]}}