{"id":241,"date":"2019-03-05T11:08:29","date_gmt":"2019-03-05T09:08:29","guid":{"rendered":"https:\/\/blog.edu.turku.fi\/scienceed\/?page_id=241"},"modified":"2023-02-08T09:01:48","modified_gmt":"2023-02-08T07:01:48","slug":"tips","status":"publish","type":"page","link":"https:\/\/blog.edu.turku.fi\/scienceed\/tips\/","title":{"rendered":"Tips\/Feedback"},"content":{"rendered":"<ul>\n<li>Har du pr\u00f6vat p\u00e5 n\u00e5got bra experiment?<\/li>\n<li>Eller har du hittat n\u00e5gon resurs som skulle vara v\u00e4rd att inkludera h\u00e4r?<\/li>\n<\/ul>\n<p>Jag tar tacksamt emot tips och feedback. Mejla mig.<\/p>\n<p><img loading=\"lazy\" decoding=\"async\" class=\"alignleft wp-image-242 size-medium\" src=\"https:\/\/blog.edu.turku.fi\/scienceed\/files\/2019\/03\/Portratt-31-205x300.jpg\" alt=\"Bj\u00f6rn Bergvall, digimentor.\" width=\"205\" height=\"300\" srcset=\"https:\/\/blog.edu.turku.fi\/scienceed\/files\/2019\/03\/Portratt-31-205x300.jpg 205w, https:\/\/blog.edu.turku.fi\/scienceed\/files\/2019\/03\/Portratt-31.jpg 442w\" sizes=\"auto, (max-width: 205px) 85vw, 205px\" \/>Min address b\u00f6rjar med &#8221;bjorn.bergvall&#8221;, ett &#8221;@&#8221; i mitten, och slutar p\u00e5 &#8221;edu.turku.fi&#8221;<\/p>\n<p><em>(Skriver inte ut den som en l\u00e4nk f\u00f6r att inte bombarderas av spam)<\/em><\/p>\n<p><strong>Tack! P\u00e5 f\u00f6rhand.<\/strong><\/p>\n<p>&nbsp;<\/p>\n<ul>\n<li><span class=\"tlid-translation translation\"><span title=\"\">\u00a0Have you tried any interesting experiments?<\/span><\/span><\/li>\n<li><span class=\"tlid-translation translation\"><span title=\"\">Or have you found any resource that would be worth including here?<\/span><\/span><\/li>\n<\/ul>\n<p><span class=\"tlid-translation translation\"><span title=\"\">I am always happy to receive tips and feedback.<\/span> <span title=\"\">E-mail me.<\/span><\/span><\/p>\n<p><span class=\"tlid-translation translation\"><span title=\"\">My address starts with &#8221;bjorn.bergvall&#8221;, an &#8221;@&#8221; in the middle, and ends with &#8221;edu.turku.fi&#8221;<\/span><\/span><\/p>\n<div class=\"result-shield-container tlid-copy-target\">\n<p><em><span title=\"\">(Do not spell it out as a link not to be bombarded by spam)<\/span><\/em><\/p>\n<p><strong><span title=\"\">Thanks!<\/span> <span title=\"\">In advance.<\/span><\/strong><\/p>\n<\/div>\n","protected":false},"excerpt":{"rendered":"<p>Har du pr\u00f6vat p\u00e5 n\u00e5got bra experiment? Eller har du hittat n\u00e5gon resurs som skulle vara v\u00e4rd att inkludera h\u00e4r? Jag tar tacksamt emot tips och feedback. Mejla mig. Min address b\u00f6rjar med &#8221;bjorn.bergvall&#8221;, ett &#8221;@&#8221; i mitten, och slutar p\u00e5 &#8221;edu.turku.fi&#8221; (Skriver inte ut den som en l\u00e4nk f\u00f6r att inte bombarderas av spam) &hellip; <a href=\"https:\/\/blog.edu.turku.fi\/scienceed\/tips\/\" class=\"more-link\">Forts\u00e4tt l\u00e4sa<span class=\"screen-reader-text\"> \u201dTips\/Feedback\u201d<\/span><\/a><\/p>\n","protected":false},"author":2590,"featured_media":0,"parent":0,"menu_order":0,"comment_status":"closed","ping_status":"closed","template":"","meta":{"footnotes":""},"class_list":["post-241","page","type-page","status-publish","hentry"],"_links":{"self":[{"href":"https:\/\/blog.edu.turku.fi\/scienceed\/wp-json\/wp\/v2\/pages\/241","targetHints":{"allow":["GET"]}}],"collection":[{"href":"https:\/\/blog.edu.turku.fi\/scienceed\/wp-json\/wp\/v2\/pages"}],"about":[{"href":"https:\/\/blog.edu.turku.fi\/scienceed\/wp-json\/wp\/v2\/types\/page"}],"author":[{"embeddable":true,"href":"https:\/\/blog.edu.turku.fi\/scienceed\/wp-json\/wp\/v2\/users\/2590"}],"replies":[{"embeddable":true,"href":"https:\/\/blog.edu.turku.fi\/scienceed\/wp-json\/wp\/v2\/comments?post=241"}],"version-history":[{"count":7,"href":"https:\/\/blog.edu.turku.fi\/scienceed\/wp-json\/wp\/v2\/pages\/241\/revisions"}],"predecessor-version":[{"id":1215,"href":"https:\/\/blog.edu.turku.fi\/scienceed\/wp-json\/wp\/v2\/pages\/241\/revisions\/1215"}],"wp:attachment":[{"href":"https:\/\/blog.edu.turku.fi\/scienceed\/wp-json\/wp\/v2\/media?parent=241"}],"curies":[{"name":"wp","href":"https:\/\/api.w.org\/{rel}","templated":true}]}}