{"id":160,"date":"2025-02-18T12:23:37","date_gmt":"2025-02-18T10:23:37","guid":{"rendered":"https:\/\/blog.edu.turku.fi\/sairaalavaka\/?page_id=160"},"modified":"2025-06-18T12:24:47","modified_gmt":"2025-06-18T09:24:47","slug":"anvisningar-for-daghemmet","status":"publish","type":"page","link":"https:\/\/blog.edu.turku.fi\/sairaalavaka\/anvisningar-for-daghemmet\/","title":{"rendered":"Anvisningar f\u00f6r daghemmet"},"content":{"rendered":"\n<p><strong>Barnet har r\u00e4tt till sm\u00e5barnspedagogik \u00e4ven under sin sjukhusperiod.<\/strong><strong><\/strong><\/p>\n\n\n\n<p>Fr\u00e5n \u00c5bo universitetscentralsjukhus tar n\u00e5gon kontakt med de speciall\u00e4rare inom sm\u00e5barnspedagogiken som ansvarar f\u00f6r samarbetet mellan sjukhuset och sm\u00e5barnspedagogiken d\u00e5 barnet v\u00e5rdas p\u00e5 sjukhus.<\/p>\n\n\n\n<p>Efter att n\u00e5gon fr\u00e5n sjukhuset tagit kontakt, tar de speciall\u00e4rare inom sm\u00e5barnspedagogiken som ansvarar f\u00f6r samarbetet mellan sm\u00e5barnspedagogiken och sjukhuset kontakt med daghemsf\u00f6rest\u00e5ndaren och daghemmets speciall\u00e4rare.<\/p>\n\n\n\n<p>Efter detta tar sm\u00e5barnspedagogikens speciall\u00e4rare som ansvarar f\u00f6r samarbetet mellan sjukhuset och sm\u00e5barnspedagogiken kontakt med sjukhusets kontaktperson f\u00f6r att ordna ett samarbetsm\u00f6te. Till samarbetsm\u00f6tena kallas v\u00e5rdnadshavare samt sjukhusets f\u00f6retr\u00e4dare. P\u00e5 samarbetsm\u00f6tet kommer man \u00f6verens om individuell praxis f\u00f6r hur barnets sm\u00e5barnspedagogik genomf\u00f6rs under barnets period p\u00e5 sjukhuset p\u00e5 ett s\u00e4tt som beaktar barnets ork och m\u00e5ende.<\/p>\n\n\n\n<p>Distansf\u00f6rbindelsen kan genomf\u00f6ras antingen via f\u00e4rdiga inspelningar eller genom att delta i sm\u00e5barnspedagogikens verksamhet i realtid via Teams. Att se f\u00e4rdigt inspelade videor sker p\u00e5 det s\u00e4tt som man kommit \u00f6verens om p\u00e5 samarbetsm\u00f6tet.<br><br>Obs! Daghemsgruppens personal kan vid behov be om tekniskt st\u00f6d av den IKT-ansvariga fr\u00e5n det egna daghemmet eller fr\u00e5n DIU-centralen.<\/p>\n\n\n<div class=\"lightweight-accordion\"><details><summary class=\"lightweight-accordion-title\"><span><strong>Hur ansluter jag mig till m\u00f6tet i Teams?<\/strong><\/span><\/summary><div class=\"lightweight-accordion-body\">\n\n<p>\u00d6ppna sidan kontaktl\u00e4nkar och v\u00e4lj r\u00e4tt kontaktapparat (IPAD 1 eller motsvarande). Vi har kommit \u00f6verens om med v\u00e5rdnadshavarna\/sjukhuset p\u00e5 f\u00f6rhand om vad vi kommer att anv\u00e4nda. Anslut dig till m\u00f6tet genom att klicka p\u00e5 knappen och s\u00e4kerst\u00e4ll att videoanslutningen, audiokontakten och mikrofonen \u00e4r p\u00e5kopplade enligt \u00f6verenskommelse.<\/p>\n\n<\/div><\/details><\/div>\n\n\n<p><\/p>\n","protected":false},"excerpt":{"rendered":"<p>Barnet har r\u00e4tt till sm\u00e5barnspedagogik \u00e4ven under sin sjukhusperiod. Fr\u00e5n \u00c5bo universitetscentralsjukhus tar n\u00e5gon kontakt med de speciall\u00e4rare inom sm\u00e5barnspedagogiken som ansvarar f\u00f6r samarbetet mellan sjukhuset och sm\u00e5barnspedagogiken d\u00e5 barnet v\u00e5rdas p\u00e5 sjukhus. Efter att n\u00e5gon fr\u00e5n sjukhuset tagit kontakt, tar de speciall\u00e4rare inom sm\u00e5barnspedagogiken som ansvarar f\u00f6r samarbetet mellan sm\u00e5barnspedagogiken och sjukhuset kontakt med &hellip; <a href=\"https:\/\/blog.edu.turku.fi\/sairaalavaka\/anvisningar-for-daghemmet\/\" class=\"more-link\">Jatka lukemista<span class=\"screen-reader-text\"> &#8221;Anvisningar f\u00f6r daghemmet&#8221;<\/span><\/a><\/p>\n","protected":false},"author":9,"featured_media":0,"parent":0,"menu_order":0,"comment_status":"closed","ping_status":"closed","template":"","meta":{"footnotes":""},"class_list":["post-160","page","type-page","status-publish","hentry"],"_links":{"self":[{"href":"https:\/\/blog.edu.turku.fi\/sairaalavaka\/wp-json\/wp\/v2\/pages\/160","targetHints":{"allow":["GET"]}}],"collection":[{"href":"https:\/\/blog.edu.turku.fi\/sairaalavaka\/wp-json\/wp\/v2\/pages"}],"about":[{"href":"https:\/\/blog.edu.turku.fi\/sairaalavaka\/wp-json\/wp\/v2\/types\/page"}],"author":[{"embeddable":true,"href":"https:\/\/blog.edu.turku.fi\/sairaalavaka\/wp-json\/wp\/v2\/users\/9"}],"replies":[{"embeddable":true,"href":"https:\/\/blog.edu.turku.fi\/sairaalavaka\/wp-json\/wp\/v2\/comments?post=160"}],"version-history":[{"count":3,"href":"https:\/\/blog.edu.turku.fi\/sairaalavaka\/wp-json\/wp\/v2\/pages\/160\/revisions"}],"predecessor-version":[{"id":208,"href":"https:\/\/blog.edu.turku.fi\/sairaalavaka\/wp-json\/wp\/v2\/pages\/160\/revisions\/208"}],"wp:attachment":[{"href":"https:\/\/blog.edu.turku.fi\/sairaalavaka\/wp-json\/wp\/v2\/media?parent=160"}],"curies":[{"name":"wp","href":"https:\/\/api.w.org\/{rel}","templated":true}]}}