{"id":42,"date":"2015-11-25T14:01:50","date_gmt":"2015-11-25T12:01:50","guid":{"rendered":"https:\/\/blog.edu.turku.fi\/rieskalahderetkeily\/?page_id=42"},"modified":"2015-11-25T14:29:23","modified_gmt":"2015-11-25T12:29:23","slug":"retkeilyvarasto","status":"publish","type":"page","link":"https:\/\/blog.edu.turku.fi\/rieskalahderetkeily\/retkeilyvarasto\/","title":{"rendered":"Retkeilyvarasto"},"content":{"rendered":"<p><a href=\"https:\/\/blog.edu.turku.fi\/rieskalahderetkeily\/files\/2015\/11\/DSC_0594.jpg\"><img loading=\"lazy\" decoding=\"async\" class=\"alignnone  wp-image-45\" src=\"https:\/\/blog.edu.turku.fi\/rieskalahderetkeily\/files\/2015\/11\/DSC_0594-300x169.jpg\" alt=\"DSC_0594\" width=\"325\" height=\"183\" srcset=\"https:\/\/blog.edu.turku.fi\/rieskalahderetkeily\/files\/2015\/11\/DSC_0594-300x169.jpg 300w, https:\/\/blog.edu.turku.fi\/rieskalahderetkeily\/files\/2015\/11\/DSC_0594-1024x576.jpg 1024w\" sizes=\"auto, (max-width: 325px) 85vw, 325px\" \/><\/a><a href=\"https:\/\/blog.edu.turku.fi\/rieskalahderetkeily\/files\/2015\/11\/DSC_0592.jpg\"><img loading=\"lazy\" decoding=\"async\" class=\"alignnone  wp-image-48\" src=\"https:\/\/blog.edu.turku.fi\/rieskalahderetkeily\/files\/2015\/11\/DSC_0592-300x169.jpg\" alt=\"DSC_0592\" width=\"324\" height=\"183\" srcset=\"https:\/\/blog.edu.turku.fi\/rieskalahderetkeily\/files\/2015\/11\/DSC_0592-300x169.jpg 300w, https:\/\/blog.edu.turku.fi\/rieskalahderetkeily\/files\/2015\/11\/DSC_0592-1024x576.jpg 1024w\" sizes=\"auto, (max-width: 324px) 85vw, 324px\" \/><\/a><a href=\"https:\/\/blog.edu.turku.fi\/rieskalahderetkeily\/files\/2015\/11\/DSC_0592.jpg\"><br \/>\n<\/a><\/p>\n<p>Koulun retkeilyvarastosta oppilas saa lainattua kaikki retke\u00e4 varten v\u00e4ltt\u00e4m\u00e4tt\u00f6m\u00e4t tarvikkeet. Retkeilyvaraston varustukseen kuuluu:<\/p>\n<ul>\n<li>teltat<\/li>\n<li>makuupussit<\/li>\n<li>makuualustat<\/li>\n<li>rinkat<\/li>\n<li>sadeviitat<\/li>\n<li>saappaat<\/li>\n<li>retkikeittimet<\/li>\n<li>otsalamput<\/li>\n<li>ruokailuv\u00e4lineet<\/li>\n<\/ul>\n","protected":false},"excerpt":{"rendered":"<p>Koulun retkeilyvarastosta oppilas saa lainattua kaikki retke\u00e4 varten v\u00e4ltt\u00e4m\u00e4tt\u00f6m\u00e4t tarvikkeet. Retkeilyvaraston varustukseen kuuluu: teltat makuupussit makuualustat rinkat sadeviitat saappaat retkikeittimet otsalamput ruokailuv\u00e4lineet<\/p>\n","protected":false},"author":727,"featured_media":0,"parent":0,"menu_order":0,"comment_status":"closed","ping_status":"closed","template":"","meta":{"footnotes":""},"class_list":["post-42","page","type-page","status-publish","hentry"],"_links":{"self":[{"href":"https:\/\/blog.edu.turku.fi\/rieskalahderetkeily\/wp-json\/wp\/v2\/pages\/42","targetHints":{"allow":["GET"]}}],"collection":[{"href":"https:\/\/blog.edu.turku.fi\/rieskalahderetkeily\/wp-json\/wp\/v2\/pages"}],"about":[{"href":"https:\/\/blog.edu.turku.fi\/rieskalahderetkeily\/wp-json\/wp\/v2\/types\/page"}],"author":[{"embeddable":true,"href":"https:\/\/blog.edu.turku.fi\/rieskalahderetkeily\/wp-json\/wp\/v2\/users\/727"}],"replies":[{"embeddable":true,"href":"https:\/\/blog.edu.turku.fi\/rieskalahderetkeily\/wp-json\/wp\/v2\/comments?post=42"}],"version-history":[{"count":5,"href":"https:\/\/blog.edu.turku.fi\/rieskalahderetkeily\/wp-json\/wp\/v2\/pages\/42\/revisions"}],"predecessor-version":[{"id":50,"href":"https:\/\/blog.edu.turku.fi\/rieskalahderetkeily\/wp-json\/wp\/v2\/pages\/42\/revisions\/50"}],"wp:attachment":[{"href":"https:\/\/blog.edu.turku.fi\/rieskalahderetkeily\/wp-json\/wp\/v2\/media?parent=42"}],"curies":[{"name":"wp","href":"https:\/\/api.w.org\/{rel}","templated":true}]}}