{"id":2,"date":"2015-11-05T12:14:49","date_gmt":"2015-11-05T10:14:49","guid":{"rendered":"https:\/\/blog.edu.turku.fi\/rieskalahderetkeily\/?page_id=2"},"modified":"2016-10-20T14:50:24","modified_gmt":"2016-10-20T11:50:24","slug":"esimerkkisivu","status":"publish","type":"page","link":"https:\/\/blog.edu.turku.fi\/rieskalahderetkeily\/esimerkkisivu\/","title":{"rendered":"Kurssikuvaus"},"content":{"rendered":"<p>Valinnaisaine \u201dretkeilykurssi\u201d toteutetaan intensiiviopiskeluna. Ryhm\u00e4 kokoontuu ja retkeilee yhteens\u00e4 16 kertaa lukuvuoden aikana. Valinnaisaine arvostellaan kouluarvosanoin oppilaan l\u00e4sn\u00e4olon, aktiivisuuden, retkeilytaitojen ja lukuvuoden aikana tapahtuvan kehityksen mukaan. Keskeisess\u00e4 osassa koko valinnaisainetta ovat nelj\u00e4 y\u00f6n yli retke\u00e4. Koulun retkeilyvarastosta oppilas saa lainaan kaiken retkeilyyn tarvittavan v\u00e4lineist\u00f6n. Kotoa mukaan tarvitaan vain retkeilyyn sopivat henkil\u00f6kohtaiset vaatteet sek\u00e4 omia ev\u00e4it\u00e4!<\/p>\n<p>Rieskal\u00e4hteen koulun Retkeily-valinnaisaineessa on lukuvuonna 2016-2017 yhteens\u00e4 14 oppilasta. Valinnaisaineen vet\u00e4jin\u00e4 toimivat Tomas T\u00f6rn ja Hannu Lilja.<\/p>\n","protected":false},"excerpt":{"rendered":"<p>Valinnaisaine \u201dretkeilykurssi\u201d toteutetaan intensiiviopiskeluna. Ryhm\u00e4 kokoontuu ja retkeilee yhteens\u00e4 16 kertaa lukuvuoden aikana. Valinnaisaine arvostellaan kouluarvosanoin oppilaan l\u00e4sn\u00e4olon, aktiivisuuden, retkeilytaitojen ja lukuvuoden aikana tapahtuvan kehityksen mukaan. Keskeisess\u00e4 osassa koko valinnaisainetta ovat nelj\u00e4 y\u00f6n yli retke\u00e4. Koulun retkeilyvarastosta oppilas saa lainaan kaiken retkeilyyn tarvittavan v\u00e4lineist\u00f6n. Kotoa mukaan tarvitaan vain retkeilyyn sopivat henkil\u00f6kohtaiset vaatteet sek\u00e4 omia ev\u00e4it\u00e4! &hellip; <a href=\"https:\/\/blog.edu.turku.fi\/rieskalahderetkeily\/esimerkkisivu\/\" class=\"more-link\">Jatka lukemista<span class=\"screen-reader-text\"> &#8221;Kurssikuvaus&#8221;<\/span><\/a><\/p>\n","protected":false},"author":727,"featured_media":0,"parent":0,"menu_order":0,"comment_status":"closed","ping_status":"open","template":"","meta":{"footnotes":""},"class_list":["post-2","page","type-page","status-publish","hentry"],"_links":{"self":[{"href":"https:\/\/blog.edu.turku.fi\/rieskalahderetkeily\/wp-json\/wp\/v2\/pages\/2","targetHints":{"allow":["GET"]}}],"collection":[{"href":"https:\/\/blog.edu.turku.fi\/rieskalahderetkeily\/wp-json\/wp\/v2\/pages"}],"about":[{"href":"https:\/\/blog.edu.turku.fi\/rieskalahderetkeily\/wp-json\/wp\/v2\/types\/page"}],"author":[{"embeddable":true,"href":"https:\/\/blog.edu.turku.fi\/rieskalahderetkeily\/wp-json\/wp\/v2\/users\/727"}],"replies":[{"embeddable":true,"href":"https:\/\/blog.edu.turku.fi\/rieskalahderetkeily\/wp-json\/wp\/v2\/comments?post=2"}],"version-history":[{"count":5,"href":"https:\/\/blog.edu.turku.fi\/rieskalahderetkeily\/wp-json\/wp\/v2\/pages\/2\/revisions"}],"predecessor-version":[{"id":73,"href":"https:\/\/blog.edu.turku.fi\/rieskalahderetkeily\/wp-json\/wp\/v2\/pages\/2\/revisions\/73"}],"wp:attachment":[{"href":"https:\/\/blog.edu.turku.fi\/rieskalahderetkeily\/wp-json\/wp\/v2\/media?parent=2"}],"curies":[{"name":"wp","href":"https:\/\/api.w.org\/{rel}","templated":true}]}}